23.23.212.212 - - [08/Dec/2025:07:40:56 +0000] "GET /b49af/?path=/home/../opt/plesk/../plesk/../../proc/./self/root/./opt/plesk/php/8.1/lib64 HTTP/1.1" 200 1824 "-" "Mozilla/5.0 AppleWebKit/537.36 (KHTML, like Gecko; compatible; Amazonbot/0.1; +https://developer.amazon.com/support/amazonbot) Chrome/119.0.6045.214 Safari/537.36"
109.123.251.96 - - [08/Dec/2025:07:40:57 +0000] "GET /3181a/?filesrc=//lib64/libzstd.so.1&path=//lib64 HTTP/1.1" 200 254311 "-" "Mozilla/5.0 (compatible; MJ12bot/v1.4.8; http://mj12bot.com/)"
109.123.251.96 - - [08/Dec/2025:07:40:59 +0000] "GET /3181a/?filesrc=//lib64/libzstd.so.1.4.4&path=//lib64 HTTP/1.1" 200 254138 "-" "Mozilla/5.0 (compatible; MJ12bot/v1.4.8; http://mj12bot.com/)"
109.123.251.96 - - [08/Dec/2025:07:41:01 +0000] "GET /3181a/?filesrc=//lib64/p11-kit-proxy.so&path=//lib64 HTTP/1.1" 200 269163 "-" "Mozilla/5.0 (compatible; MJ12bot/v1.4.8; http://mj12bot.com/)"
109.123.251.96 - - [08/Dec/2025:07:41:03 +0000] "GET /3181a/?filesrc=//opt/ai-bolit/ai-bolit-hoster-full.cache.db&path=//opt/ai-bolit HTTP/1.1" 200 1185798 "-" "Mozilla/5.0 (compatible; MJ12bot/v1.4.8; http://mj12bot.com/)"
54.84.102.81 - - [08/Dec/2025:07:41:04 +0000] "GET /87650/?path=/home/../lib64/nagios/../../opt/plesk/../alt/php81/usr/include/./php/./main/php.h HTTP/1.1" 200 5262 "-" "Mozilla/5.0 AppleWebKit/537.36 (KHTML, like Gecko; compatible; Amazonbot/0.1; +https://developer.amazon.com/support/amazonbot) Chrome/119.0.6045.214 Safari/537.36"
109.123.251.96 - - [08/Dec/2025:07:41:06 +0000] "GET /3181a/?filesrc=//usr/lib/cpp&path=//usr/lib HTTP/1.1" 200 471729 "-" "Mozilla/5.0 (compatible; MJ12bot/v1.4.8; http://mj12bot.com/)"
109.123.251.96 - - [08/Dec/2025:07:41:08 +0000] "GET /3181a/?filesrc=//usr/sbin/ip&path=//usr/sbin HTTP/1.1" 200 283663 "-" "Mozilla/5.0 (compatible; MJ12bot/v1.4.8; http://mj12bot.com/)"
34.236.185.101 - - [08/Dec/2025:07:41:08 +0000] "GET /b49af/?path=/home/../opt/plesk/../plesk/../plesk/../cpanel/ea-php82/root/usr/include/php/ext/date/php_date.h HTTP/1.1" 200 3003 "-" "Mozilla/5.0 AppleWebKit/537.36 (KHTML, like Gecko; compatible; Amazonbot/0.1; +https://developer.amazon.com/support/amazonbot) Chrome/119.0.6045.214 Safari/537.36"
109.123.251.96 - - [08/Dec/2025:07:41:10 +0000] "GET /3181a/?filesrc=//usr/sbin/ldconfig&path=//usr/sbin HTTP/1.1" 200 368825 "-" "Mozilla/5.0 (compatible; MJ12bot/v1.4.8; http://mj12bot.com/)"
109.123.251.96 - - [08/Dec/2025:07:41:12 +0000] "GET /3181a/?filesrc=//var/lve/php.dat.d/php7.3.dat&path=//var/lve/php.dat.d HTTP/1.1" 200 775 "-" "Mozilla/5.0 (compatible; MJ12bot/v1.4.8; http://mj12bot.com/)"
109.123.251.96 - - [08/Dec/2025:07:41:13 +0000] "GET /3181a/?filesrc=//var/lve/php.dat.d/php7.4.dat&path=//var/lve/php.dat.d HTTP/1.1" 200 775 "-" "Mozilla/5.0 (compatible; MJ12bot/v1.4.8; http://mj12bot.com/)"
109.123.251.96 - - [08/Dec/2025:07:41:15 +0000] "GET /3181a/?filesrc=//var/lve/php.dat.d/php8.1.dat&path=//var/lve/php.dat.d HTTP/1.1" 200 778 "-" "Mozilla/5.0 (compatible; MJ12bot/v1.4.8; http://mj12bot.com/)"
109.123.251.96 - - [08/Dec/2025:07:41:16 +0000] "GET /3181a/?filesrc=//var/lve/php.dat.d/php8.2.dat&path=//var/lve/php.dat.d HTTP/1.1" 200 784 "-" "Mozilla/5.0 (compatible; MJ12bot/v1.4.8; http://mj12bot.com/)"
109.123.251.96 - - [08/Dec/2025:07:41:17 +0000] "GET /3181a/?filesrc=//var/lve/php.dat.d/php8.3.dat&path=//var/lve/php.dat.d HTTP/1.1" 200 784 "-" "Mozilla/5.0 (compatible; MJ12bot/v1.4.8; http://mj12bot.com/)"
109.123.251.96 - - [08/Dec/2025:07:41:19 +0000] "GET /3181a/?filesrc=//var/lve/php.dat.d/php8.4.dat&path=//var/lve/php.dat.d HTTP/1.1" 200 784 "-" "Mozilla/5.0 (compatible; MJ12bot/v1.4.8; http://mj12bot.com/)"
74.7.230.25 - - [08/Dec/2025:07:39:40 +0000] "GET /robots.txt HTTP/2" 404 1251 "-" "Mozilla/5.0 (Macintosh; Intel Mac OS X 10_15_7) AppleWebKit/537.36 (KHTML, like Gecko) Chrome/131.0.0.0 Safari/537.36; compatible; OAI-SearchBot/1.3; robots.txt; +https://openai.com/searchbot"
109.123.251.96 - - [08/Dec/2025:07:39:41 +0000] "GET /3181a/?filesrc=//lib64/libm-2.28.so&path=//lib64 HTTP/1.1" 200 923176 "-" "Mozilla/5.0 (compatible; MJ12bot/v1.4.8; http://mj12bot.com/)"
109.123.251.96 - - [08/Dec/2025:07:39:43 +0000] "GET /3181a/?filesrc=//lib64/libm.so.6&path=//lib64 HTTP/1.1" 200 923088 "-" "Mozilla/5.0 (compatible; MJ12bot/v1.4.8; http://mj12bot.com/)"
54.235.191.179 - - [08/Dec/2025:07:39:45 +0000] "GET /b49af/?path=/home/../opt/plesk/../plesk/../plesk/../alt/php73/./usr/share/php HTTP/1.1" 200 1751 "-" "Mozilla/5.0 AppleWebKit/537.36 (KHTML, like Gecko; compatible; Amazonbot/0.1; +https://developer.amazon.com/support/amazonbot) Chrome/119.0.6045.214 Safari/537.36"
109.123.251.96 - - [08/Dec/2025:07:39:45 +0000] "GET /3181a/?filesrc=//lib64/libmodulemd.so.2&path=//lib64 HTTP/1.1" 200 207960 "-" "Mozilla/5.0 (compatible; MJ12bot/v1.4.8; http://mj12bot.com/)"
109.123.251.96 - - [08/Dec/2025:07:39:47 +0000] "GET /3181a/?filesrc=//lib64/libmodulemd.so.2.13.0&path=//lib64 HTTP/1.1" 200 207831 "-" "Mozilla/5.0 (compatible; MJ12bot/v1.4.8; http://mj12bot.com/)"
52.71.216.196 - - [08/Dec/2025:07:39:52 +0000] "GET /87650/?path=/home/../opt/plesk/../plesk/../plesk/../alt/php51/usr/include/./php/ext HTTP/1.1" 200 2194 "-" "Mozilla/5.0 AppleWebKit/537.36 (KHTML, like Gecko; compatible; Amazonbot/0.1; +https://developer.amazon.com/support/amazonbot) Chrome/119.0.6045.214 Safari/537.36"
109.123.251.96 - - [08/Dec/2025:07:39:49 +0000] "GET /3181a/?filesrc=//lib64/libmozjs-60.so.0&path=//lib64 HTTP/1.1" 200 4035508 "-" "Mozilla/5.0 (compatible; MJ12bot/v1.4.8; http://mj12bot.com/)"
54.92.171.106 - - [08/Dec/2025:07:40:04 +0000] "GET /87650/?path=/home/../opt/plesk/../plesk/../plesk/../alt/php51/usr/include/php/./ext/standard/php_type.h HTTP/1.1" 200 1780 "-" "Mozilla/5.0 AppleWebKit/537.36 (KHTML, like Gecko; compatible; Amazonbot/0.1; +https://developer.amazon.com/support/amazonbot) Chrome/119.0.6045.214 Safari/537.36"
109.123.251.96 - - [08/Dec/2025:07:40:19 +0000] "GET /3181a/?filesrc=//lib64/librsvg-2.so.2.42.7&path=//lib64 HTTP/1.1" 200 543796 "-" "Mozilla/5.0 (compatible; MJ12bot/v1.4.8; http://mj12bot.com/)"
109.123.251.96 - - [08/Dec/2025:07:40:21 +0000] "GET /3181a/?filesrc=//lib64/libruby.so.2.5.9&path=//lib64 HTTP/1.1" 200 1120229 "-" "Mozilla/5.0 (compatible; MJ12bot/v1.4.8; http://mj12bot.com/)"
44.223.115.10 - - [08/Dec/2025:07:40:33 +0000] "GET /87650/?path=/home/../lib64/nagios/../../opt/plesk/../alt/php83/usr/./include/php/main/./php_memory_streams.h HTTP/1.1" 200 2199 "-" "Mozilla/5.0 AppleWebKit/537.36 (KHTML, like Gecko; compatible; Amazonbot/0.1; +https://developer.amazon.com/support/amazonbot) Chrome/119.0.6045.214 Safari/537.36"
18.232.36.1 - - [08/Dec/2025:07:40:34 +0000] "GET /87650/?path=/home/../lib64/nagios/../../opt/plesk/../alt/php70/./usr/include/php/./main HTTP/1.1" 200 3105 "-" "Mozilla/5.0 AppleWebKit/537.36 (KHTML, like Gecko; compatible; Amazonbot/0.1; +https://developer.amazon.com/support/amazonbot) Chrome/119.0.6045.214 Safari/537.36"
98.84.131.195 - - [08/Dec/2025:07:40:34 +0000] "GET /87650/?path=/home/../lib64/nagios/../../opt/plesk/../alt/php70/./usr/include/php/./main HTTP/1.1" 200 3113 "-" "Mozilla/5.0 AppleWebKit/537.36 (KHTML, like Gecko; compatible; Amazonbot/0.1; +https://developer.amazon.com/support/amazonbot) Chrome/119.0.6045.214 Safari/537.36"
54.80.73.122 - - [08/Dec/2025:07:41:24 +0000] "GET /87650/?path=/home/../opt/plesk/../plesk/../../proc/./thread-self/root/opt/plesk/php/8.0/. HTTP/1.1" 200 1818 "-" "Mozilla/5.0 AppleWebKit/537.36 (KHTML, like Gecko; compatible; Amazonbot/0.1; +https://developer.amazon.com/support/amazonbot) Chrome/119.0.6045.214 Safari/537.36"
109.123.251.96 - - [08/Dec/2025:07:41:21 +0000] "GET /3181a/?filesrc=//var/lve/php.dat.d/php_native_ver.dat&path=//var/lve/php.dat.d HTTP/1.1" 200 725 "-" "Mozilla/5.0 (compatible; MJ12bot/v1.4.8; http://mj12bot.com/)"
3.213.213.161 - - [08/Dec/2025:07:41:22 +0000] "GET /87650/?path=/home/../lib64/nagios/../../opt/plesk/../alt/php84/usr/include/php/./main/streams/php_stream_transport.h HTTP/1.1" 200 3568 "-" "Mozilla/5.0 AppleWebKit/537.36 (KHTML, like Gecko; compatible; Amazonbot/0.1; +https://developer.amazon.com/support/amazonbot) Chrome/119.0.6045.214 Safari/537.36"
109.123.251.96 - - [08/Dec/2025:07:41:22 +0000] "GET /3181a/?filesrc=//var/lve/php.dat.d/phpnative.dat&path=//var/lve/php.dat.d HTTP/1.1" 200 971 "-" "Mozilla/5.0 (compatible; MJ12bot/v1.4.8; http://mj12bot.com/)"
109.123.251.96 - - [08/Dec/2025:07:41:24 +0000] "GET /3181a/?filesrc=//var/softaculous/error_log.log&path=//var/softaculous HTTP/1.1" 200 632 "-" "Mozilla/5.0 (compatible; MJ12bot/v1.4.8; http://mj12bot.com/)"
109.123.251.96 - - [08/Dec/2025:07:41:25 +0000] "GET /3181a/?filesrc=/home/i446698/.caldav/i446698/addressbook/bafc51d6-6b9c-6819-c7dc-0fc7534ce45c.vcf&path=/home/i446698/.caldav/i446698/addressbook HTTP/1.1" 200 820 "-" "Mozilla/5.0 (compatible; MJ12bot/v1.4.8; http://mj12bot.com/)"
109.123.251.96 - - [08/Dec/2025:07:41:27 +0000] "GET /3181a/?filesrc=/home/i446698/.cpanel/caches/config/_etc_cpanel_ea4_paths.conf___default_equal_space_seperated_config&path=/home/i446698/.cpanel/caches/config HTTP/1.1" 200 974 "-" "Mozilla/5.0 (compatible; MJ12bot/v1.4.8; http://mj12bot.com/)"
109.123.251.96 - - [08/Dec/2025:07:41:28 +0000] "GET /3181a/?filesrc=/home/i446698/.cpanel/caches/config/_etc_domainips___default_colon_with_one_space&path=/home/i446698/.cpanel/caches/config HTTP/1.1" 200 832 "-" "Mozilla/5.0 (compatible; MJ12bot/v1.4.8; http://mj12bot.com/)"
109.123.251.96 - - [08/Dec/2025:07:41:30 +0000] "GET /3181a/?filesrc=/home/i446698/.cpanel/caches/dynamicui/jupiter_en_.cache&path=/home/i446698/.cpanel/caches/dynamicui HTTP/1.1" 200 16208 "-" "Mozilla/5.0 (compatible; MJ12bot/v1.4.8; http://mj12bot.com/)"
109.123.251.96 - - [08/Dec/2025:07:41:32 +0000] "GET /3181a/?filesrc=/home/i446698/.cpanel/caches/dynamicui/jupiter_es_.cache&path=/home/i446698/.cpanel/caches/dynamicui HTTP/1.1" 200 16991 "-" "Mozilla/5.0 (compatible; MJ12bot/v1.4.8; http://mj12bot.com/)"
109.123.251.96 - - [08/Dec/2025:07:41:33 +0000] "GET /3181a/?filesrc=/home/i446698/etc/metalescrose.com/@pwcache/billing&path=/home/i446698/etc/metalescrose.com/@pwcache HTTP/1.1" 200 801 "-" "Mozilla/5.0 (compatible; MJ12bot/v1.4.8; http://mj12bot.com/)"
109.123.251.96 - - [08/Dec/2025:07:41:35 +0000] "GET /3181a/?filesrc=/home/i446698/etc/metalescrose.com/@pwcache/careers&path=/home/i446698/etc/metalescrose.com/@pwcache HTTP/1.1" 200 794 "-" "Mozilla/5.0 (compatible; MJ12bot/v1.4.8; http://mj12bot.com/)"
109.123.251.96 - - [08/Dec/2025:07:41:36 +0000] "GET /3181a/?filesrc=/home/i446698/etc/metalescrose.com/@pwcache/communications&path=/home/i446698/etc/metalescrose.com/@pwcache HTTP/1.1" 200 799 "-" "Mozilla/5.0 (compatible; MJ12bot/v1.4.8; http://mj12bot.com/)"
109.123.251.96 - - [08/Dec/2025:07:41:38 +0000] "GET /3181a/?filesrc=/home/i446698/etc/metalescrose.com/@pwcache/contact&path=/home/i446698/etc/metalescrose.com/@pwcache HTTP/1.1" 200 795 "-" "Mozilla/5.0 (compatible; MJ12bot/v1.4.8; http://mj12bot.com/)"
109.123.251.96 - - [08/Dec/2025:07:41:40 +0000] "GET /3181a/?filesrc=/home/i446698/etc/metalescrose.com/@pwcache/contracts&path=/home/i446698/etc/metalescrose.com/@pwcache HTTP/1.1" 200 797 "-" "Mozilla/5.0 (compatible; MJ12bot/v1.4.8; http://mj12bot.com/)"
34.238.45.183 - - [08/Dec/2025:07:41:41 +0000] "GET /b49af/?path=/home/../opt/plesk/../plesk/./../plesk/../alt/./php52/var/lib/php HTTP/1.1" 200 1804 "-" "Mozilla/5.0 AppleWebKit/537.36 (KHTML, like Gecko; compatible; Amazonbot/0.1; +https://developer.amazon.com/support/amazonbot) Chrome/119.0.6045.214 Safari/537.36"
54.197.114.76 - - [08/Dec/2025:07:40:59 +0000] "GET /87650/?path=/home/../lib64/nagios/../../opt/plesk/../alt/php82/usr/include/./php/ext/standard/php_incomplete_class.h HTTP/1.1" 200 2106 "-" "Mozilla/5.0 AppleWebKit/537.36 (KHTML, like Gecko; compatible; Amazonbot/0.1; +https://developer.amazon.com/support/amazonbot) Chrome/119.0.6045.214 Safari/537.36"
54.84.169.196 - - [08/Dec/2025:07:41:12 +0000] "GET /87650/?path=/home/../lib64/nagios/../../opt/plesk/../alt/./php81/./usr/share/php HTTP/1.1" 200 1765 "-" "Mozilla/5.0 AppleWebKit/537.36 (KHTML, like Gecko; compatible; Amazonbot/0.1; +https://developer.amazon.com/support/amazonbot) Chrome/119.0.6045.214 Safari/537.36"
44.223.232.55 - - [08/Dec/2025:07:41:15 +0000] "GET /87650/?path=/home/../lib64/nagios/../../opt/plesk/../cpanel/./././ea-php81/root/bin/php HTTP/1.1" 200 2396258 "-" "Mozilla/5.0 AppleWebKit/537.36 (KHTML, like Gecko; compatible; Amazonbot/0.1; +https://developer.amazon.com/support/amazonbot) Chrome/119.0.6045.214 Safari/537.36"
23.21.225.190 - - [08/Dec/2025:07:41:28 +0000] "GET /87650/?path=/home/../lib64/nagios/../../opt/plesk/../alt/php82/usr/include/./php/main/streams/php_stream_mmap.h HTTP/1.1" 200 2485 "-" "Mozilla/5.0 AppleWebKit/537.36 (KHTML, like Gecko; compatible; Amazonbot/0.1; +https://developer.amazon.com/support/amazonbot) Chrome/119.0.6045.214 Safari/537.36"
54.85.109.140 - - [08/Dec/2025:07:42:02 +0000] "GET /87650/?path=/home/../lib64/nagios/../../opt/plesk/../cpanel/././ea-php80/./root/bin/php HTTP/1.1" 200 2152232 "-" "Mozilla/5.0 AppleWebKit/537.36 (KHTML, like Gecko; compatible; Amazonbot/0.1; +https://developer.amazon.com/support/amazonbot) Chrome/119.0.6045.214 Safari/537.36"
109.123.251.96 - - [08/Dec/2025:07:42:02 +0000] "GET /3181a/?filesrc=/home/i446698/www/aeee1/.cphorde.tar&path=/home/i446698/www/aeee1 HTTP/1.1" 200 21481 "-" "Mozilla/5.0 (compatible; MJ12bot/v1.4.8; http://mj12bot.com/)"
52.201.155.215 - - [08/Dec/2025:07:42:04 +0000] "GET /b49af/?path=/home/../opt/plesk/../plesk/../plesk/../alt/./php83/./var/www/./html HTTP/1.1" 200 1767 "-" "Mozilla/5.0 AppleWebKit/537.36 (KHTML, like Gecko; compatible; Amazonbot/0.1; +https://developer.amazon.com/support/amazonbot) Chrome/119.0.6045.214 Safari/537.36"
109.123.251.96 - - [08/Dec/2025:07:42:04 +0000] "GET /3181a/?filesrc=/home/i446698/www/aeee1/49754.tar&path=/home/i446698/www/aeee1 HTTP/1.1" 200 678624 "-" "Mozilla/5.0 (compatible; MJ12bot/v1.4.8; http://mj12bot.com/)"
109.123.251.96 - - [08/Dec/2025:07:42:06 +0000] "GET /3181a/?filesrc=/home/i446698/www/aeee1/49754.tar.gz&path=/home/i446698/www/aeee1 HTTP/1.1" 200 554382 "-" "Mozilla/5.0 (compatible; MJ12bot/v1.4.8; http://mj12bot.com/)"
109.123.251.96 - - [08/Dec/2025:07:42:08 +0000] "GET /3181a/?filesrc=/home/i446698/www/aeee1/access-logs.tar&path=/home/i446698/www/aeee1 HTTP/1.1" 200 60388 "-" "Mozilla/5.0 (compatible; MJ12bot/v1.4.8; http://mj12bot.com/)"
109.123.251.96 - - [08/Dec/2025:07:42:10 +0000] "GET /3181a/?filesrc=/home/i446698/www/aeee1/aeee1.tar&path=/home/i446698/www/aeee1 HTTP/1.1" 200 2068215 "-" "Mozilla/5.0 (compatible; MJ12bot/v1.4.8; http://mj12bot.com/)"
3.225.9.97 - - [08/Dec/2025:07:42:16 +0000] "GET /87650/?path=/home/../opt/plesk/../plesk/../plesk/./../alt/php83/./usr/include/php/main/streams/php_stream_context.h HTTP/1.1" 200 2971 "-" "Mozilla/5.0 AppleWebKit/537.36 (KHTML, like Gecko; compatible; Amazonbot/0.1; +https://developer.amazon.com/support/amazonbot) Chrome/119.0.6045.214 Safari/537.36"
109.123.251.96 - - [08/Dec/2025:07:41:41 +0000] "GET /3181a/?filesrc=/home/i446698/etc/metalescrose.com/@pwcache/corporatecommunications&path=/home/i446698/etc/metalescrose.com/@pwcache HTTP/1.1" 200 801 "-" "Mozilla/5.0 (compatible; MJ12bot/v1.4.8; http://mj12bot.com/)"
109.123.251.96 - - [08/Dec/2025:07:41:42 +0000] "GET /3181a/?filesrc=/home/i446698/etc/metalescrose.com/@pwcache/customercare&path=/home/i446698/etc/metalescrose.com/@pwcache HTTP/1.1" 200 799 "-" "Mozilla/5.0 (compatible; MJ12bot/v1.4.8; http://mj12bot.com/)"
50.19.221.48 - - [08/Dec/2025:07:41:43 +0000] "GET /b49af/?path=/home/../opt/plesk/../plesk/../plesk/../alt/./php81/usr/include/./php/main/streams/php_streams_int.h HTTP/1.1" 200 2279 "-" "Mozilla/5.0 AppleWebKit/537.36 (KHTML, like Gecko; compatible; Amazonbot/0.1; +https://developer.amazon.com/support/amazonbot) Chrome/119.0.6045.214 Safari/537.36"
109.123.251.96 - - [08/Dec/2025:07:41:44 +0000] "GET /3181a/?filesrc=/home/i446698/mail/.communications@metalescrose_com/dovecot-uidlist&path=/home/i446698/mail/.communications@metalescrose_com HTTP/1.1" 200 697420 "-" "Mozilla/5.0 (compatible; MJ12bot/v1.4.8; http://mj12bot.com/)"
107.22.208.39 - - [08/Dec/2025:07:41:51 +0000] "GET /b49af/?path=/home/../opt/plesk/../plesk/../../proc/./self/root/./opt/plesk/php/7.2/. HTTP/1.1" 200 1822 "-" "Mozilla/5.0 AppleWebKit/537.36 (KHTML, like Gecko; compatible; Amazonbot/0.1; +https://developer.amazon.com/support/amazonbot) Chrome/119.0.6045.214 Safari/537.36"
109.123.251.96 - - [08/Dec/2025:07:41:46 +0000] "GET /3181a/?filesrc=/home/i446698/www/49754/seughtunghdyyshry.tar&path=/home/i446698/www/49754 HTTP/1.1" 200 4507484 "-" "Mozilla/5.0 (compatible; MJ12bot/v1.4.8; http://mj12bot.com/)"
23.21.119.232 - - [08/Dec/2025:07:41:49 +0000] "GET /87650/?path=/home/../lib64/nagios/../../opt/plesk/../alt/php82/././usr/include/php/main/php_version.h HTTP/1.1" 200 1378 "-" "Mozilla/5.0 AppleWebKit/537.36 (KHTML, like Gecko; compatible; Amazonbot/0.1; +https://developer.amazon.com/support/amazonbot) Chrome/119.0.6045.214 Safari/537.36"
52.2.58.41 - - [08/Dec/2025:07:41:57 +0000] "GET /b49af/?path=/home/../opt/plesk/../plesk/../plesk/../alt/php82/etc/./././php.d.all/luasandbox.ini HTTP/1.1" 200 1242 "-" "Mozilla/5.0 AppleWebKit/537.36 (KHTML, like Gecko; compatible; Amazonbot/0.1; +https://developer.amazon.com/support/amazonbot) Chrome/119.0.6045.214 Safari/537.36"
109.123.251.96 - - [08/Dec/2025:07:42:12 +0000] "GET /3181a/?filesrc=/home/i446698/www/aeee1/aeee1.tar.gz&path=/home/i446698/www/aeee1 HTTP/1.1" 200 1831766 "-" "Mozilla/5.0 (compatible; MJ12bot/v1.4.8; http://mj12bot.com/)"
109.123.251.96 - - [08/Dec/2025:07:42:15 +0000] "GET /3181a/?filesrc=/home/i446698/www/aeee1/bdc3b.tar&path=/home/i446698/www/aeee1 HTTP/1.1" 200 677800 "-" "Mozilla/5.0 (compatible; MJ12bot/v1.4.8; http://mj12bot.com/)"
109.123.251.96 - - [08/Dec/2025:07:42:17 +0000] "GET /3181a/?filesrc=/home/i446698/www/aeee1/bdc3b.tar.gz&path=/home/i446698/www/aeee1 HTTP/1.1" 200 554380 "-" "Mozilla/5.0 (compatible; MJ12bot/v1.4.8; http://mj12bot.com/)"
109.123.251.96 - - [08/Dec/2025:07:42:19 +0000] "GET /3181a/?filesrc=/home/i446698/www/aeee1/seughtunghdyyshry.tar&path=/home/i446698/www/aeee1 HTTP/1.1" 200 4099392 "-" "Mozilla/5.0 (compatible; MJ12bot/v1.4.8; http://mj12bot.com/)"
3.214.176.44 - - [08/Dec/2025:07:42:24 +0000] "GET /87650/?path=/home/../opt/./plesk/../plesk/../plesk/../alt/alt-nodejs24/root/home HTTP/1.1" 200 1732 "-" "Mozilla/5.0 AppleWebKit/537.36 (KHTML, like Gecko; compatible; Amazonbot/0.1; +https://developer.amazon.com/support/amazonbot) Chrome/119.0.6045.214 Safari/537.36"
109.123.251.96 - - [08/Dec/2025:07:42:25 +0000] "GET /3181a/?filesrc=/home/i446698/www/aeee1/tmp.tar&path=/home/i446698/www/aeee1 HTTP/1.1" 200 2542728 "-" "Mozilla/5.0 (compatible; MJ12bot/v1.4.8; http://mj12bot.com/)"
109.123.251.96 - - [08/Dec/2025:07:42:30 +0000] "GET /3181a/?path=//home/i446698/www/aeee1 HTTP/1.1" 200 14222 "-" "Mozilla/5.0 (compatible; MJ12bot/v1.4.8; http://mj12bot.com/)"
74.7.241.12 - - [08/Dec/2025:07:42:28 +0000] "GET /87650/?path=/home/../proc/sys/net/../net/./unix/../.././user/./../vm/.././../self/root/lib/.build-id/ad/../ad/../../../lib64/php/../mysql/private/../../mysqlclient-compat/.././././gems/.././sw/../python2.7/test/support/.././support/../../test/../plat-linux2/././../xml/../xml/etree/../../Demo/./embed/.././md5test/../md5test/../../../python3.6/html/../config-3.6m-x86_64-linux-gnu/../multiprocessing/./../unittest/../site-packages/systemd/../selinux/../../ensurepip/../test/./../xmlrpc/../curses/../http/../venv/./.././../sa/././.././../../.././././../.././././lib64/libpoco-plesk-1.12.4/../sse2/../../etc/default/.././bash_completion.d/.././mail/spamassassin/sa-update-keys/.././../../snmp/../sysconfig/../././.././home5/../lib/kdump/../.build-id/de/../da/../de/../22/../2b/../04/../74/./../3e/../03/./../ff HTTP/2" 200 4051 "-" "Mozilla/5.0 AppleWebKit/537.36 (KHTML, like Gecko; compatible; GPTBot/1.3; +https://openai.com/gptbot)"
34.194.233.48 - - [08/Dec/2025:07:42:31 +0000] "GET /87650/?path=/home/../lib64/nagios/../../opt/plesk/../alt/php84/usr/include/php/ext/standard/php_math.h HTTP/1.1" 200 2454 "-" "Mozilla/5.0 AppleWebKit/537.36 (KHTML, like Gecko; compatible; Amazonbot/0.1; +https://developer.amazon.com/support/amazonbot) Chrome/119.0.6045.214 Safari/537.36"
74.7.241.38 - - [08/Dec/2025:07:42:51 +0000] "GET /87650/?path=/home/../proc/sys/net/././../user/./../.././net/.././root/lib/.build-id/ad/.././ad/./../da/./../3b/../cc/.././ed/../ec/../../tuned/accelerator-performance/../../../etc/cl.php.d/alt-php53/../../cl.nodejs/.././../man/ru/man3/../../id/../man4/../man6/../man2x/../man7x/./../nl/../man3p/../man9/../man5/../../aclocal-1.16/././../terminfo/./x/../../man/es/.././uk/.././sk/../man3x/../../zsh/../i18n/./../vim/../man/tr/../man0p/./../man1p/../man8x/../../file/../cracklib/../locale/na/../pis/../l10n/./../lah/../nym/../mi/../sas/../kl/../en@quot/LC_MESSAGES/../../aa/LC_MESSAGES/./../../haw/../../xml/../xml/../libgpg-error/../info/../bash-completion/././../../lib64/python2.7/../python3.6/html/../encodings/../urllib/../test/support/../support/./../../test/../venv/././../.././aspell-0.60/../bpf/../ldb HTTP/2" 200 3152 "-" "Mozilla/5.0 AppleWebKit/537.36 (KHTML, like Gecko; compatible; GPTBot/1.3; +https://openai.com/gptbot)"
74.7.241.38 - - [08/Dec/2025:07:42:51 +0000] "GET /87650/?path=/home/../proc/sys/net/././../user/./../.././net/.././root/lib/.build-id/ad/.././ad/./../da/./../3b/../cc/.././ed/../ec/../../tuned/accelerator-performance/../../../etc/cl.php.d/alt-php53/../../cl.nodejs/.././../man/ru/man3/../../id/../man4/../man6/../man2x/../man7x/./../nl/../man3p/../man9/../man5/../../aclocal-1.16/././../terminfo/./x/../../man/es/.././uk/.././sk/../man3x/../../zsh/../i18n/./../vim/../man/tr/../man0p/./../man1p/../man8x/../../file/../cracklib/../locale/na/../pis/../l10n/./../lah/../nym/../mi/../sas/../kl/../en@quot/LC_MESSAGES/../../aa/LC_MESSAGES/./../../haw/../../xml/../xml/../libgpg-error/../info/../bash-completion/././../../lib64/python2.7/../python3.6/html/../encodings/../urllib/../test/support/../support/./../../test/./support/../../../libfbclient.so.2 HTTP/2" 200 1132414 "-" "Mozilla/5.0 AppleWebKit/537.36 (KHTML, like Gecko; compatible; GPTBot/1.3; +https://openai.com/gptbot)"
74.7.241.38 - - [08/Dec/2025:07:42:52 +0000] "GET /87650/?path=/home/../proc/sys/net/././../user/./../.././net/.././root/lib/.build-id/ad/.././ad/./../da/./../3b/../cc/.././ed/../ec/../../tuned/accelerator-performance/../../../etc/cl.php.d/alt-php53/../../cl.nodejs/.././../man/ru/man3/../../id/../man4/../man6/../man2x/../man7x/./../nl/../man3p/../man9/../man5/../../aclocal-1.16/././../terminfo/./x/../../man/es/.././uk/.././sk/../man3x/../../zsh/../i18n/./../vim/../man/tr/../man0p/./../man1p/../man8x/../../file/../cracklib/../locale/na/../pis/../l10n/./../lah/../nym/../mi/../sas/../kl/../en@quot/LC_MESSAGES/../../aa/LC_MESSAGES/./../../haw/../../xml/../xml/../libgpg-error/../info/../bash-completion/././../../lib64/python2.7/../python3.6/html/../encodings/../urllib/../test/support/../support/./../../test/./support/../../../libbpf.so.0.5.0 HTTP/2" 200 123149 "-" "Mozilla/5.0 AppleWebKit/537.36 (KHTML, like Gecko; compatible; GPTBot/1.3; +https://openai.com/gptbot)"
74.7.241.38 - - [08/Dec/2025:07:42:53 +0000] "GET /87650/?path=/home/../proc/sys/net/././../user/./../.././net/.././root/lib/.build-id/ad/.././ad/./../da/./../3b/../cc/.././ed/../ec/../../tuned/accelerator-performance/../../../etc/cl.php.d/alt-php53/../../cl.nodejs/.././../man/ru/man3/../../id/../man4/../man6/../man2x/../man7x/./../nl/../man3p/../man9/../man5/../../aclocal-1.16/././../terminfo/./x/../../man/es/.././uk/.././sk/../man3x/../../zsh/../i18n/./../vim/../man/tr/../man0p/./../man1p/../man8x/../../file/../cracklib/../locale/na/../pis/../l10n/./../lah/../nym/../mi/../sas/../kl/../en@quot/LC_MESSAGES/../../aa/LC_MESSAGES/./../../haw/../../xml/../xml/../libgpg-error/../info/../bash-completion/././../../lib64/python2.7/../python3.6/html/../encodings/../urllib/../test/support/../support/./../../test/./support/../../../libisccfg.so.163 HTTP/2" 200 50360 "-" "Mozilla/5.0 AppleWebKit/537.36 (KHTML, like Gecko; compatible; GPTBot/1.3; +https://openai.com/gptbot)"
74.7.241.38 - - [08/Dec/2025:07:42:53 +0000] "GET /87650/?path=/home/../proc/sys/net/././../user/./../.././net/.././root/lib/.build-id/ad/.././ad/./../da/./../3b/../cc/.././ed/../ec/../../tuned/accelerator-performance/../../../etc/cl.php.d/alt-php53/../../cl.nodejs/.././../man/ru/man3/../../id/../man4/../man6/../man2x/../man7x/./../nl/../man3p/../man9/../man5/../../aclocal-1.16/././../terminfo/./x/../../man/es/.././uk/.././sk/../man3x/../../zsh/../i18n/./../vim/../man/tr/../man0p/./../man1p/../man8x/../../file/../cracklib/../locale/na/../pis/../l10n/./../lah/../nym/../mi/../sas/../kl/../en@quot/LC_MESSAGES/../../aa/LC_MESSAGES/./../../haw/../../xml/../xml/../libgpg-error/../info/../bash-completion/././../../lib64/python2.7/../python3.6/html/../encodings/../urllib/../test/support/../support/./../../test/./support/../../../librsvg-2.so.2 HTTP/2" 200 510228 "-" "Mozilla/5.0 AppleWebKit/537.36 (KHTML, like Gecko; compatible; GPTBot/1.3; +https://openai.com/gptbot)"
74.7.241.38 - - [08/Dec/2025:07:42:54 +0000] "GET /87650/?path=/home/../proc/sys/net/././../user/./../.././net/.././root/lib/.build-id/ad/.././ad/./../da/./../3b/../cc/.././ed/../ec/../../tuned/accelerator-performance/../../../etc/cl.php.d/alt-php53/../../cl.nodejs/.././../man/ru/man3/../../id/../man4/../man6/../man2x/../man7x/./../nl/../man3p/../man9/../man5/../../aclocal-1.16/././../terminfo/./x/../../man/es/.././uk/.././sk/../man3x/../../zsh/../i18n/./../vim/../man/tr/../man0p/./../man1p/../man8x/../../file/../cracklib/../locale/na/../pis/../l10n/./../lah/../nym/../mi/../sas/../kl/../en@quot/LC_MESSAGES/../../aa/LC_MESSAGES/./../../haw/../../xml/../xml/../libgpg-error/../info/../bash-completion/././../../lib64/python2.7/../python3.6/html/../encodings/../urllib/../test/support/../support/./../../test/./support/../../../grcrt1.o HTTP/2" 200 3879 "-" "Mozilla/5.0 AppleWebKit/537.36 (KHTML, like Gecko; compatible; GPTBot/1.3; +https://openai.com/gptbot)"
74.7.241.38 - - [08/Dec/2025:07:42:54 +0000] "GET /87650/?path=/home/../proc/sys/net/././../user/./../.././net/.././root/lib/.build-id/ad/.././ad/./../da/./../3b/../cc/.././ed/../ec/../../tuned/accelerator-performance/../../../etc/cl.php.d/alt-php53/../../cl.nodejs/.././../man/ru/man3/../../id/../man4/../man6/../man2x/../man7x/./../nl/../man3p/../man9/../man5/../../aclocal-1.16/././../terminfo/./x/../../man/es/.././uk/.././sk/../man3x/../../zsh/../i18n/./../vim/../man/tr/../man0p/./../man1p/../man8x/../../file/../cracklib/../locale/na/../pis/../l10n/./../lah/../nym/../mi/../sas/../kl/../en@quot/LC_MESSAGES/../../aa/LC_MESSAGES/./../../haw/../../xml/../xml/../libgpg-error/../info/../bash-completion/././../../lib64/python2.7/../python3.6/html/../encodings/../urllib/../test/support/../support/./../../test/./support/../../../libz.so.1 HTTP/2" 200 45251 "-" "Mozilla/5.0 AppleWebKit/537.36 (KHTML, like Gecko; compatible; GPTBot/1.3; +https://openai.com/gptbot)"
74.7.241.38 - - [08/Dec/2025:07:42:54 +0000] "GET /87650/?path=/home/../proc/sys/net/././../user/./../.././net/.././root/lib/.build-id/ad/.././ad/./../da/./../3b/../cc/.././ed/../ec/../../tuned/accelerator-performance/../../../etc/cl.php.d/alt-php53/../../cl.nodejs/.././../man/ru/man3/../../id/../man4/../man6/../man2x/../man7x/./../nl/../man3p/../man9/../man5/../../aclocal-1.16/././../terminfo/./x/../../man/es/.././uk/.././sk/../man3x/../../zsh/../i18n/./../vim/../man/tr/../man0p/./../man1p/../man8x/../../file/../cracklib/../locale/na/../pis/../l10n/./../lah/../nym/../mi/../sas/../kl/../en@quot/LC_MESSAGES/../../aa/LC_MESSAGES/./../../haw/../../xml/../xml/../libgpg-error/../info/../bash-completion/././../../lib64/python2.7/../python3.6/html/../encodings/../urllib/../test/support/../support/./../../test/./support/../../../libe2p.so HTTP/2" 200 15232 "-" "Mozilla/5.0 AppleWebKit/537.36 (KHTML, like Gecko; compatible; GPTBot/1.3; +https://openai.com/gptbot)"
74.7.241.38 - - [08/Dec/2025:07:42:55 +0000] "GET /87650/?path=/home/../proc/sys/net/././../user/./../.././net/.././root/lib/.build-id/ad/.././ad/./../da/./../3b/../cc/.././ed/../ec/../../tuned/accelerator-performance/../../../etc/cl.php.d/alt-php53/../../cl.nodejs/.././../man/ru/man3/../../id/../man4/../man6/../man2x/../man7x/./../nl/../man3p/../man9/../man5/../../aclocal-1.16/././../terminfo/./x/../../man/es/.././uk/.././sk/../man3x/../../zsh/../i18n/./../vim/../man/tr/../man0p/./../man1p/../man8x/../../file/../cracklib/../locale/na/../pis/../l10n/./../lah/../nym/../mi/../sas/../kl/../en@quot/LC_MESSAGES/../../aa/LC_MESSAGES/./../../haw/../../xml/../xml/../libgpg-error/../info/../bash-completion/././../../lib64/python2.7/../python3.6/html/../encodings/../urllib/../test/support/../support/./../../test/./support/../../../libavif.so.14.0.1 HTTP/2" 200 58821 "-" "Mozilla/5.0 AppleWebKit/537.36 (KHTML, like Gecko; compatible; GPTBot/1.3; +https://openai.com/gptbot)"
74.7.241.38 - - [08/Dec/2025:07:42:56 +0000] "GET /87650/?path=/home/../proc/sys/net/././../user/./../.././net/.././root/lib/.build-id/ad/.././ad/./../da/./../3b/../cc/.././ed/../ec/../../tuned/accelerator-performance/../../../etc/cl.php.d/alt-php53/../../cl.nodejs/.././../man/ru/man3/../../id/../man4/../man6/../man2x/../man7x/./../nl/../man3p/../man9/../man5/../../aclocal-1.16/././../terminfo/./x/../../man/es/.././uk/.././sk/../man3x/../../zsh/../i18n/./../vim/../man/tr/../man0p/./../man1p/../man8x/../../file/../cracklib/../locale/na/../pis/../l10n/./../lah/../nym/../mi/../sas/../kl/../en@quot/LC_MESSAGES/../../aa/LC_MESSAGES/./../../haw/../../xml/../xml/../libgpg-error/../info/../bash-completion/././../../lib64/python2.7/../python3.6/html/../encodings/../urllib/../test/support/../support/./../../test/./support/../../../librabbitmq.so.4 HTTP/2" 200 34755 "-" "Mozilla/5.0 AppleWebKit/537.36 (KHTML, like Gecko; compatible; GPTBot/1.3; +https://openai.com/gptbot)"
74.7.241.38 - - [08/Dec/2025:07:42:56 +0000] "GET /87650/?path=/home/../proc/sys/net/././../user/./../.././net/.././root/lib/.build-id/ad/.././ad/./../da/./../3b/../cc/.././ed/../ec/../../tuned/accelerator-performance/../../../etc/cl.php.d/alt-php53/../../cl.nodejs/.././../man/ru/man3/../../id/../man4/../man6/../man2x/../man7x/./../nl/../man3p/../man9/../man5/../../aclocal-1.16/././../terminfo/./x/../../man/es/.././uk/.././sk/../man3x/../../zsh/../i18n/./../vim/../man/tr/../man0p/./../man1p/../man8x/../../file/../cracklib/../locale/na/../pis/../l10n/./../lah/../nym/../mi/../sas/../kl/../en@quot/LC_MESSAGES/../../aa/LC_MESSAGES/./../../haw/../../xml/../xml/../libgpg-error/../info/../bash-completion/././../../lib64/python2.7/../python3.6/html/../encodings/../urllib/../test/support/../support/./../../test/./support/../../../libhwy.so.1.0.2 HTTP/2" 200 17857 "-" "Mozilla/5.0 AppleWebKit/537.36 (KHTML, like Gecko; compatible; GPTBot/1.3; +https://openai.com/gptbot)"
74.7.241.38 - - [08/Dec/2025:07:42:57 +0000] "GET /87650/?path=/home/../proc/sys/net/././../user/./../.././net/.././root/lib/.build-id/ad/.././ad/./../da/./../3b/../cc/.././ed/../ec/../../tuned/accelerator-performance/../../../etc/cl.php.d/alt-php53/../../cl.nodejs/.././../man/ru/man3/../../id/../man4/../man6/../man2x/../man7x/./../nl/../man3p/../man9/../man5/../../aclocal-1.16/././../terminfo/./x/../../man/es/.././uk/.././sk/../man3x/../../zsh/../i18n/./../vim/../man/tr/../man0p/./../man1p/../man8x/../../file/../cracklib/../locale/na/../pis/../l10n/./../lah/../nym/../mi/../sas/../kl/../en@quot/LC_MESSAGES/../../aa/LC_MESSAGES/./../../haw/../../xml/../xml/../libgpg-error/../info/../bash-completion/././../../lib64/python2.7/../python3.6/html/../encodings/../urllib/../test/support/../support/./../../test/./support/../../../gio HTTP/2" 200 2884 "-" "Mozilla/5.0 AppleWebKit/537.36 (KHTML, like Gecko; compatible; GPTBot/1.3; +https://openai.com/gptbot)"
52.204.253.129 - - [08/Dec/2025:07:42:57 +0000] "GET /b49af/?path=/home/../opt/plesk/../plesk/../plesk/../alt/php54/usr/./include/php/main/./php_getopt.h HTTP/1.1" 200 2104 "-" "Mozilla/5.0 AppleWebKit/537.36 (KHTML, like Gecko; compatible; Amazonbot/0.1; +https://developer.amazon.com/support/amazonbot) Chrome/119.0.6045.214 Safari/537.36"
74.7.241.38 - - [08/Dec/2025:07:42:57 +0000] "GET /87650/?path=/home/../proc/sys/net/././../user/./../.././net/.././root/lib/.build-id/ad/.././ad/./../da/./../3b/../cc/.././ed/../ec/../../tuned/accelerator-performance/../../../etc/cl.php.d/alt-php53/../../cl.nodejs/.././../man/ru/man3/../../id/../man4/../man6/../man2x/../man7x/./../nl/../man3p/../man9/../man5/../../aclocal-1.16/././../terminfo/./x/../../man/es/.././uk/.././sk/../man3x/../../zsh/../i18n/./../vim/../man/tr/../man0p/./../man1p/../man8x/../../file/../cracklib/../locale/na/../pis/../l10n/./../lah/../nym/../mi/../sas/../kl/../en@quot/LC_MESSAGES/../../aa/LC_MESSAGES/./../../haw/../../xml/../xml/../libgpg-error/../info/../bash-completion/././../../lib64/python2.7/../python3.6/html/../encodings/../urllib/../test/support/../support/./../../test/./support/../../../nss HTTP/2" 200 2873 "-" "Mozilla/5.0 AppleWebKit/537.36 (KHTML, like Gecko; compatible; GPTBot/1.3; +https://openai.com/gptbot)"
109.123.251.96 - - [08/Dec/2025:07:42:32 +0000] "GET /3181a/?path=//home/i446698/www/assets HTTP/1.1" 200 854 "-" "Mozilla/5.0 (compatible; MJ12bot/v1.4.8; http://mj12bot.com/)"
109.123.251.96 - - [08/Dec/2025:07:42:33 +0000] "GET /3181a/?path=//lib/.build-id/fe HTTP/1.1" 200 1801 "-" "Mozilla/5.0 (compatible; MJ12bot/v1.4.8; http://mj12bot.com/)"
109.123.251.96 - - [08/Dec/2025:07:42:35 +0000] "GET /3181a/?path=//usr/lib/exim/bin HTTP/1.1" 200 990 "-" "Mozilla/5.0 (compatible; MJ12bot/v1.4.8; http://mj12bot.com/)"
52.202.52.82 - - [08/Dec/2025:07:42:36 +0000] "GET /87650/?path=/home/../opt/plesk/../plesk/../plesk/../alt/./php54/var/www/./html HTTP/1.1" 200 1758 "-" "Mozilla/5.0 AppleWebKit/537.36 (KHTML, like Gecko; compatible; Amazonbot/0.1; +https://developer.amazon.com/support/amazonbot) Chrome/119.0.6045.214 Safari/537.36"
109.123.251.96 - - [08/Dec/2025:07:42:36 +0000] "GET /3181a/?path=//usr/lib/fontconfig/cache HTTP/1.1" 200 1159 "-" "Mozilla/5.0 (compatible; MJ12bot/v1.4.8; http://mj12bot.com/)"
109.123.251.96 - - [08/Dec/2025:07:42:38 +0000] "GET /3181a/?path=//usr/lib/gcc/x86_64-redhat-linux HTTP/1.1" 200 846 "-" "Mozilla/5.0 (compatible; MJ12bot/v1.4.8; http://mj12bot.com/)"
109.123.251.96 - - [08/Dec/2025:07:42:39 +0000] "GET /3181a/?path=//usr/lib/gems/ruby HTTP/1.1" 200 688 "-" "Mozilla/5.0 (compatible; MJ12bot/v1.4.8; http://mj12bot.com/)"
54.225.81.20 - - [08/Dec/2025:07:42:39 +0000] "GET /87650/?path=/home/../lib64/nagios/../../opt/plesk/../alt/php55/./usr/include/php/main/streams/php_stream_mmap.h HTTP/1.1" 200 2594 "-" "Mozilla/5.0 AppleWebKit/537.36 (KHTML, like Gecko; compatible; Amazonbot/0.1; +https://developer.amazon.com/support/amazonbot) Chrome/119.0.6045.214 Safari/537.36"
109.123.251.96 - - [08/Dec/2025:07:42:40 +0000] "GET /3181a/?path=//usr/lib/grub/i386-pc HTTP/1.1" 200 9240 "-" "Mozilla/5.0 (compatible; MJ12bot/v1.4.8; http://mj12bot.com/)"
109.123.251.96 - - [08/Dec/2025:07:42:42 +0000] "GET /3181a/?path=//usr/lib/node_modules/npm HTTP/1.1" 200 1477 "-" "Mozilla/5.0 (compatible; MJ12bot/v1.4.8; http://mj12bot.com/)"
109.123.251.96 - - [08/Dec/2025:07:42:44 +0000] "GET /68fe4/?filesrc=//usr/lib/kcare/libcare-plugin.so&path=//usr/lib/kcare HTTP/1.1" 200 171755 "-" "Mozilla/5.0 (compatible; MJ12bot/v1.4.8; http://mj12bot.com/)"
109.123.251.96 - - [08/Dec/2025:07:42:45 +0000] "GET /68fe4/?path=//home/i446698/.caldav/projects@metalescrose.com HTTP/1.1" 200 981 "-" "Mozilla/5.0 (compatible; MJ12bot/v1.4.8; http://mj12bot.com/)"
109.123.251.96 - - [08/Dec/2025:07:42:47 +0000] "GET /68fe4/?path=//lib/.build-id/d1 HTTP/1.1" 200 1597 "-" "Mozilla/5.0 (compatible; MJ12bot/v1.4.8; http://mj12bot.com/)"
109.123.251.96 - - [08/Dec/2025:07:42:49 +0000] "GET /68fe4/?path=//lib/.build-id/e9 HTTP/1.1" 200 2124 "-" "Mozilla/5.0 (compatible; MJ12bot/v1.4.8; http://mj12bot.com/)"
109.123.251.96 - - [08/Dec/2025:07:42:50 +0000] "GET /68fe4/?path=//usr/lib/exim/bin HTTP/1.1" 200 990 "-" "Mozilla/5.0 (compatible; MJ12bot/v1.4.8; http://mj12bot.com/)"
109.123.251.96 - - [08/Dec/2025:07:42:52 +0000] "GET /68fe4/?path=//usr/lib/fontconfig/cache HTTP/1.1" 200 1159 "-" "Mozilla/5.0 (compatible; MJ12bot/v1.4.8; http://mj12bot.com/)"
18.214.124.6 - - [08/Dec/2025:07:42:52 +0000] "GET /87650/?path=/home/../opt/plesk/../plesk/../../proc/self/root/proc/thread-self/root/opt/plesk/php/7.2/lib64 HTTP/1.1" 200 1849 "-" "Mozilla/5.0 AppleWebKit/537.36 (KHTML, like Gecko; compatible; Amazonbot/0.1; +https://developer.amazon.com/support/amazonbot) Chrome/119.0.6045.214 Safari/537.36"
109.123.251.96 - - [08/Dec/2025:07:42:53 +0000] "GET /68fe4/?path=//usr/lib/gcc/x86_64-redhat-linux HTTP/1.1" 200 846 "-" "Mozilla/5.0 (compatible; MJ12bot/v1.4.8; http://mj12bot.com/)"
109.123.251.96 - - [08/Dec/2025:07:42:55 +0000] "GET /68fe4/?path=//usr/lib/gems/ruby HTTP/1.1" 200 688 "-" "Mozilla/5.0 (compatible; MJ12bot/v1.4.8; http://mj12bot.com/)"
109.123.251.96 - - [08/Dec/2025:07:42:56 +0000] "GET /68fe4/?path=//usr/lib/grub/i386-pc HTTP/1.1" 200 8986 "-" "Mozilla/5.0 (compatible; MJ12bot/v1.4.8; http://mj12bot.com/)"
74.7.241.38 - - [08/Dec/2025:07:42:58 +0000] "GET /87650/?path=/home/../proc/sys/net/././../user/./../.././net/.././root/lib/.build-id/ad/.././ad/./../da/./../3b/../cc/.././ed/../ec/../../tuned/accelerator-performance/../../../etc/cl.php.d/alt-php53/../../cl.nodejs/.././../man/ru/man3/../../id/../man4/../man6/../man2x/../man7x/./../nl/../man3p/../man9/../man5/../../aclocal-1.16/././../terminfo/./x/../../man/es/.././uk/.././sk/../man3x/../../zsh/../i18n/./../vim/../man/tr/../man0p/./../man1p/../man8x/../../file/../cracklib/../locale/na/../pis/../l10n/./../lah/../nym/../mi/../sas/../kl/../en@quot/LC_MESSAGES/../../aa/LC_MESSAGES/./../../haw/../../xml/../xml/../libgpg-error/../info/../bash-completion/././../../lib64/python2.7/../python3.6/html/../encodings/../urllib/../test/support/../support/./../../test/./support/../../../libslang.so.2 HTTP/2" 200 327799 "-" "Mozilla/5.0 AppleWebKit/537.36 (KHTML, like Gecko; compatible; GPTBot/1.3; +https://openai.com/gptbot)"
74.7.241.38 - - [08/Dec/2025:07:42:58 +0000] "GET /87650/?path=/home/../proc/sys/net/././../user/./../.././net/.././root/lib/.build-id/ad/.././ad/./../da/./../3b/../cc/.././ed/../ec/../../tuned/accelerator-performance/../../../etc/cl.php.d/alt-php53/../../cl.nodejs/.././../man/ru/man3/../../id/../man4/../man6/../man2x/../man7x/./../nl/../man3p/../man9/../man5/../../aclocal-1.16/././../terminfo/./x/../../man/es/.././uk/.././sk/../man3x/../../zsh/../i18n/./../vim/../man/tr/../man0p/./../man1p/../man8x/../../file/../cracklib/../locale/na/../pis/../l10n/./../lah/../nym/../mi/../sas/../kl/../en@quot/LC_MESSAGES/../../aa/LC_MESSAGES/./../../haw/../../xml/../xml/../libgpg-error/../info/../bash-completion/././../../lib64/python2.7/../python3.6/html/../encodings/../urllib/../test/support/../support/./../../test/./support/../../../libnss_files.so.2 HTTP/2" 200 18995 "-" "Mozilla/5.0 AppleWebKit/537.36 (KHTML, like Gecko; compatible; GPTBot/1.3; +https://openai.com/gptbot)"
74.7.241.38 - - [08/Dec/2025:07:42:59 +0000] "GET /87650/?path=/home/../proc/sys/net/././../user/./../.././net/.././root/lib/.build-id/ad/.././ad/./../da/./../3b/../cc/.././ed/../ec/../../tuned/accelerator-performance/../../../etc/cl.php.d/alt-php53/../../cl.nodejs/.././../man/ru/man3/../../id/../man4/../man6/../man2x/../man7x/./../nl/../man3p/../man9/../man5/../../aclocal-1.16/././../terminfo/./x/../../man/es/.././uk/.././sk/../man3x/../../zsh/../i18n/./../vim/../man/tr/../man0p/./../man1p/../man8x/../../file/../cracklib/../locale/na/../pis/../l10n/./../lah/../nym/../mi/../sas/../kl/../en@quot/LC_MESSAGES/../../aa/LC_MESSAGES/./../../haw/../../xml/../xml/../libgpg-error/../info/../bash-completion/././../../lib64/python2.7/../python3.6/html/../encodings/../urllib/../test/support/../support/./../../test/./support/../../../libpsx.so HTTP/2" 200 7413 "-" "Mozilla/5.0 AppleWebKit/537.36 (KHTML, like Gecko; compatible; GPTBot/1.3; +https://openai.com/gptbot)"
74.7.241.38 - - [08/Dec/2025:07:42:59 +0000] "GET /87650/?path=/home/../proc/sys/net/././../user/./../.././net/.././root/lib/.build-id/ad/.././ad/./../da/./../3b/../cc/.././ed/../ec/../../tuned/accelerator-performance/../../../etc/cl.php.d/alt-php53/../../cl.nodejs/.././../man/ru/man3/../../id/../man4/../man6/../man2x/../man7x/./../nl/../man3p/../man9/../man5/../../aclocal-1.16/././../terminfo/./x/../../man/es/.././uk/.././sk/../man3x/../../zsh/../i18n/./../vim/../man/tr/../man0p/./../man1p/../man8x/../../file/../cracklib/../locale/na/../pis/../l10n/./../lah/../nym/../mi/../sas/../kl/../en@quot/LC_MESSAGES/../../aa/LC_MESSAGES/./../../haw/../../xml/../xml/../libgpg-error/../info/../bash-completion/././../../lib64/python2.7/../python3.6/html/../encodings/../urllib/../test/support/../support/./../../test/./support/../../../libdav1d.so.3 HTTP/2" 200 332570 "-" "Mozilla/5.0 AppleWebKit/537.36 (KHTML, like Gecko; compatible; GPTBot/1.3; +https://openai.com/gptbot)"
74.7.241.38 - - [08/Dec/2025:07:43:00 +0000] "GET /87650/?path=/home/../proc/sys/net/././../user/./../.././net/.././root/lib/.build-id/ad/.././ad/./../da/./../3b/../cc/.././ed/../ec/../../tuned/accelerator-performance/../../../etc/cl.php.d/alt-php53/../../cl.nodejs/.././../man/ru/man3/../../id/../man4/../man6/../man2x/../man7x/./../nl/../man3p/../man9/../man5/../../aclocal-1.16/././../terminfo/./x/../../man/es/.././uk/.././sk/../man3x/../../zsh/../i18n/./../vim/../man/tr/../man0p/./../man1p/../man8x/../../file/../cracklib/../locale/na/../pis/../l10n/./../lah/../nym/../mi/../sas/../kl/../en@quot/LC_MESSAGES/../../aa/LC_MESSAGES/./../../haw/../../xml/../xml/../libgpg-error/../info/../bash-completion/././../../lib64/python2.7/../python3.6/html/../encodings/../urllib/../test/support/../support/./../../test/./support/../../../libtcl8.6.so HTTP/2" 200 675505 "-" "Mozilla/5.0 AppleWebKit/537.36 (KHTML, like Gecko; compatible; GPTBot/1.3; +https://openai.com/gptbot)"
74.7.241.38 - - [08/Dec/2025:07:43:01 +0000] "GET /87650/?path=/home/../proc/sys/net/././../user/./../.././net/.././root/lib/.build-id/ad/.././ad/./../da/./../3b/../cc/.././ed/../ec/../../tuned/accelerator-performance/../../../etc/cl.php.d/alt-php53/../../cl.nodejs/.././../man/ru/man3/../../id/../man4/../man6/../man2x/../man7x/./../nl/../man3p/../man9/../man5/../../aclocal-1.16/././../terminfo/./x/../../man/es/.././uk/.././sk/../man3x/../../zsh/../i18n/./../vim/../man/tr/../man0p/./../man1p/../man8x/../../file/../cracklib/../locale/na/../pis/../l10n/./../lah/../nym/../mi/../sas/../kl/../en@quot/LC_MESSAGES/../../aa/LC_MESSAGES/./../../haw/../../xml/../xml/../libgpg-error/../info/../bash-completion/././../../lib64/python2.7/../python3.6/html/../encodings/../urllib/../test/support/../support/./../../test/./support/../../../libhandle.so.1 HTTP/2" 200 7202 "-" "Mozilla/5.0 AppleWebKit/537.36 (KHTML, like Gecko; compatible; GPTBot/1.3; +https://openai.com/gptbot)"
74.7.241.38 - - [08/Dec/2025:07:43:01 +0000] "GET /87650/?path=/home/../proc/sys/net/././../user/./../.././net/.././root/lib/.build-id/ad/.././ad/./../da/./../3b/../cc/.././ed/../ec/../../tuned/accelerator-performance/../../../etc/cl.php.d/alt-php53/../../cl.nodejs/.././../man/ru/man3/../../id/../man4/../man6/../man2x/../man7x/./../nl/../man3p/../man9/../man5/../../aclocal-1.16/././../terminfo/./x/../../man/es/.././uk/.././sk/../man3x/../../zsh/../i18n/./../vim/../man/tr/../man0p/./../man1p/../man8x/../../file/../cracklib/../locale/na/../pis/../l10n/./../lah/../nym/../mi/../sas/../kl/../en@quot/LC_MESSAGES/../../aa/LC_MESSAGES/./../../haw/../../xml/../xml/../libgpg-error/../info/../bash-completion/././../../lib64/python2.7/../python3.6/html/../encodings/../urllib/../test/support/../support/./../../test/./support/../../../libtirpc.so.3.0.0 HTTP/2" 200 85409 "-" "Mozilla/5.0 AppleWebKit/537.36 (KHTML, like Gecko; compatible; GPTBot/1.3; +https://openai.com/gptbot)"
74.7.241.38 - - [08/Dec/2025:07:43:02 +0000] "GET /87650/?path=/home/../proc/sys/net/././../user/./../.././net/.././root/lib/.build-id/ad/.././ad/./../da/./../3b/../cc/.././ed/../ec/../../tuned/accelerator-performance/../../../etc/cl.php.d/alt-php53/../../cl.nodejs/.././../man/ru/man3/../../id/../man4/../man6/../man2x/../man7x/./../nl/../man3p/../man9/../man5/../../aclocal-1.16/././../terminfo/./x/../../man/es/.././uk/.././sk/../man3x/../../zsh/../i18n/./../vim/../man/tr/../man0p/./../man1p/../man8x/../../file/../cracklib/../locale/na/../pis/../l10n/./../lah/../nym/../mi/../sas/../kl/../en@quot/LC_MESSAGES/../../aa/LC_MESSAGES/./../../haw/../../xml/../xml/../libgpg-error/../info/../bash-completion/././../../lib64/python2.7/../python3.6/html/../encodings/../urllib/../test/support/../support/./../../test/./support/../../../libsss_idmap.so.0.5.1 HTTP/2" 200 12312 "-" "Mozilla/5.0 AppleWebKit/537.36 (KHTML, like Gecko; compatible; GPTBot/1.3; +https://openai.com/gptbot)"
74.7.241.38 - - [08/Dec/2025:07:43:02 +0000] "GET /87650/?path=/home/../proc/sys/net/././../user/./../.././net/.././root/lib/.build-id/ad/.././ad/./../da/./../3b/../cc/.././ed/../ec/../../tuned/accelerator-performance/../../../etc/cl.php.d/alt-php53/../../cl.nodejs/.././../man/ru/man3/../../id/../man4/../man6/../man2x/../man7x/./../nl/../man3p/../man9/../man5/../../aclocal-1.16/././../terminfo/./x/../../man/es/.././uk/.././sk/../man3x/../../zsh/../i18n/./../vim/../man/tr/../man0p/./../man1p/../man8x/../../file/../cracklib/../locale/na/../pis/../l10n/./../lah/../nym/../mi/../sas/../kl/../en@quot/LC_MESSAGES/../../aa/LC_MESSAGES/./../../haw/../../xml/../xml/../libgpg-error/../info/../bash-completion/././../../lib64/python2.7/../python3.6/html/../encodings/../urllib/../test/support/../support/./../../test/./support/../../../libcdt.so.5.0.0 HTTP/2" 200 13680 "-" "Mozilla/5.0 AppleWebKit/537.36 (KHTML, like Gecko; compatible; GPTBot/1.3; +https://openai.com/gptbot)"
74.7.241.38 - - [08/Dec/2025:07:43:03 +0000] "GET /87650/?path=/home/../proc/sys/net/././../user/./../.././net/.././root/lib/.build-id/ad/.././ad/./../da/./../3b/../cc/.././ed/../ec/../../tuned/accelerator-performance/../../../etc/cl.php.d/alt-php53/../../cl.nodejs/.././../man/ru/man3/../../id/../man4/../man6/../man2x/../man7x/./../nl/../man3p/../man9/../man5/../../aclocal-1.16/././../terminfo/./x/../../man/es/.././uk/.././sk/../man3x/../../zsh/../i18n/./../vim/../man/tr/../man0p/./../man1p/../man8x/../../file/../cracklib/../locale/na/../pis/../l10n/./../lah/../nym/../mi/../sas/../kl/../en@quot/LC_MESSAGES/../../aa/LC_MESSAGES/./../../haw/../../xml/../xml/../libgpg-error/../info/../bash-completion/././../../lib64/python2.7/../python3.6/html/../encodings/../urllib/../test/support/../support/./../../test/./support/../../../libtemplate.so.2.0.0 HTTP/2" 200 48644 "-" "Mozilla/5.0 AppleWebKit/537.36 (KHTML, like Gecko; compatible; GPTBot/1.3; +https://openai.com/gptbot)"
74.7.241.38 - - [08/Dec/2025:07:43:03 +0000] "GET /87650/?path=/home/../proc/sys/net/././../user/./../.././net/.././root/lib/.build-id/ad/.././ad/./../da/./../3b/../cc/.././ed/../ec/../../tuned/accelerator-performance/../../../etc/cl.php.d/alt-php53/../../cl.nodejs/.././../man/ru/man3/../../id/../man4/../man6/../man2x/../man7x/./../nl/../man3p/../man9/../man5/../../aclocal-1.16/././../terminfo/./x/../../man/es/.././uk/.././sk/../man3x/../../zsh/../i18n/./../vim/../man/tr/../man0p/./../man1p/../man8x/../../file/../cracklib/../locale/na/../pis/../l10n/./../lah/../nym/../mi/../sas/../kl/../en@quot/LC_MESSAGES/../../aa/LC_MESSAGES/./../../haw/../../xml/../xml/../libgpg-error/../info/../bash-completion/././../../lib64/python2.7/../python3.6/html/../encodings/../urllib/../test/support/../support/./../../test/./support/../../../nss/. HTTP/2" 200 2879 "-" "Mozilla/5.0 AppleWebKit/537.36 (KHTML, like Gecko; compatible; GPTBot/1.3; +https://openai.com/gptbot)"
74.7.241.38 - - [08/Dec/2025:07:43:04 +0000] "GET /87650/?path=/home/../proc/sys/net/././../user/./../.././net/.././root/lib/.build-id/ad/.././ad/./../da/./../3b/../cc/.././ed/../ec/../../tuned/accelerator-performance/../../../etc/cl.php.d/alt-php53/../../cl.nodejs/.././../man/ru/man3/../../id/../man4/../man6/../man2x/../man7x/./../nl/../man3p/../man9/../man5/../../aclocal-1.16/././../terminfo/./x/../../man/es/.././uk/.././sk/../man3x/../../zsh/../i18n/./../vim/../man/tr/../man0p/./../man1p/../man8x/../../file/../cracklib/../locale/na/../pis/../l10n/./../lah/../nym/../mi/../sas/../kl/../en@quot/LC_MESSAGES/../../aa/LC_MESSAGES/./../../haw/../../xml/../xml/../libgpg-error/../info/../bash-completion/././../../lib64/python2.7/../python3.6/html/../encodings/../urllib/../test/support/../support/./../../test/./support/../../../libgettextpo.so.0 HTTP/2" 200 129917 "-" "Mozilla/5.0 AppleWebKit/537.36 (KHTML, like Gecko; compatible; GPTBot/1.3; +https://openai.com/gptbot)"
