74.7.241.38 - - [08/Dec/2025:07:43:04 +0000] "GET /87650/?path=/home/../proc/sys/net/././../user/./../.././net/.././root/lib/.build-id/ad/.././ad/./../da/./../3b/../cc/.././ed/../ec/../../tuned/accelerator-performance/../../../etc/cl.php.d/alt-php53/../../cl.nodejs/.././../man/ru/man3/../../id/../man4/../man6/../man2x/../man7x/./../nl/../man3p/../man9/../man5/../../aclocal-1.16/././../terminfo/./x/../../man/es/.././uk/.././sk/../man3x/../../zsh/../i18n/./../vim/../man/tr/../man0p/./../man1p/../man8x/../../file/../cracklib/../locale/na/../pis/../l10n/./../lah/../nym/../mi/../sas/../kl/../en@quot/LC_MESSAGES/../../aa/LC_MESSAGES/./../../haw/../../xml/../xml/../libgpg-error/../info/../bash-completion/././../../lib64/python2.7/../python3.6/html/../encodings/../urllib/../test/support/../support/./../../test/./support/../../../libwebpdecoder.so.3.0.2 HTTP/2" 200 92705 "-" "Mozilla/5.0 AppleWebKit/537.36 (KHTML, like Gecko; compatible; GPTBot/1.3; +https://openai.com/gptbot)"
74.7.241.38 - - [08/Dec/2025:07:43:05 +0000] "GET /87650/?path=/home/../proc/sys/net/././../user/./../.././net/.././root/lib/.build-id/ad/.././ad/./../da/./../3b/../cc/.././ed/../ec/../../tuned/accelerator-performance/../../../etc/cl.php.d/alt-php53/../../cl.nodejs/.././../man/ru/man3/../../id/../man4/../man6/../man2x/../man7x/./../nl/../man3p/../man9/../man5/../../aclocal-1.16/././../terminfo/./x/../../man/es/.././uk/.././sk/../man3x/../../zsh/../i18n/./../vim/../man/tr/../man0p/./../man1p/../man8x/../../file/../cracklib/../locale/na/../pis/../l10n/./../lah/../nym/../mi/../sas/../kl/../en@quot/LC_MESSAGES/../../aa/LC_MESSAGES/./../../haw/../../xml/../xml/../libgpg-error/../info/../bash-completion/././../../lib64/python2.7/../python3.6/html/../encodings/../urllib/../test/support/../support/./../../test/./support/../../../libprocps.so.7 HTTP/2" 200 31413 "-" "Mozilla/5.0 AppleWebKit/537.36 (KHTML, like Gecko; compatible; GPTBot/1.3; +https://openai.com/gptbot)"
74.7.241.38 - - [08/Dec/2025:07:43:06 +0000] "GET /87650/?path=/home/../proc/sys/net/././../user/./../.././net/.././root/lib/.build-id/ad/.././ad/./../da/./../3b/../cc/.././ed/../ec/../../tuned/accelerator-performance/../../../etc/cl.php.d/alt-php53/../../cl.nodejs/.././../man/ru/man3/../../id/../man4/../man6/../man2x/../man7x/./../nl/../man3p/../man9/../man5/../../aclocal-1.16/././../terminfo/./x/../../man/es/.././uk/.././sk/../man3x/../../zsh/../i18n/./../vim/../man/tr/../man0p/./../man1p/../man8x/../../file/../cracklib/../locale/na/../pis/../l10n/./../lah/../nym/../mi/../sas/../kl/../en@quot/LC_MESSAGES/../../aa/LC_MESSAGES/./../../haw/../../xml/../xml/../libgpg-error/../info/../bash-completion/././../../lib64/python2.7/../python3.6/html/../encodings/../urllib/../test/support/../support/./../../test/./support/../../../libulockmgr.so.1.0.1 HTTP/2" 200 6869 "-" "Mozilla/5.0 AppleWebKit/537.36 (KHTML, like Gecko; compatible; GPTBot/1.3; +https://openai.com/gptbot)"
74.7.241.38 - - [08/Dec/2025:07:43:06 +0000] "GET /87650/?path=/home/../proc/sys/net/././../user/./../.././net/.././root/lib/.build-id/ad/.././ad/./../da/./../3b/../cc/.././ed/../ec/../../tuned/accelerator-performance/../../../etc/cl.php.d/alt-php53/../../cl.nodejs/.././../man/ru/man3/../../id/../man4/../man6/../man2x/../man7x/./../nl/../man3p/../man9/../man5/../../aclocal-1.16/././../terminfo/./x/../../man/es/.././uk/.././sk/../man3x/../../zsh/../i18n/./../vim/../man/tr/../man0p/./../man1p/../man8x/../../file/../cracklib/../locale/na/../pis/../l10n/./../lah/../nym/../mi/../sas/../kl/../en@quot/LC_MESSAGES/../../aa/LC_MESSAGES/./../../haw/../../xml/../xml/../libgpg-error/../info/../bash-completion/././../../lib64/python2.7/../python3.6/html/../encodings/../urllib/../test/support/../support/./../../test/./support/../../../libpkgconf.so.3 HTTP/2" 200 23176 "-" "Mozilla/5.0 AppleWebKit/537.36 (KHTML, like Gecko; compatible; GPTBot/1.3; +https://openai.com/gptbot)"
52.73.142.41 - - [08/Dec/2025:07:41:31 +0000] "GET /f3dc2/?path=/home/../opt/plesk/../plesk/../../proc/self/root/proc/self/root/opt/plesk/php/./7.1 HTTP/1.1" 200 1840 "-" "Mozilla/5.0 AppleWebKit/537.36 (KHTML, like Gecko; compatible; Amazonbot/0.1; +https://developer.amazon.com/support/amazonbot) Chrome/119.0.6045.214 Safari/537.36"
54.163.136.244 - - [08/Dec/2025:07:41:35 +0000] "GET /87650/?path=/home/../opt/plesk/./../plesk/../plesk/../alt/php81/usr/include/./php/ext/date/php_date.h HTTP/1.1" 200 2982 "-" "Mozilla/5.0 AppleWebKit/537.36 (KHTML, like Gecko; compatible; Amazonbot/0.1; +https://developer.amazon.com/support/amazonbot) Chrome/119.0.6045.214 Safari/537.36"
109.123.251.96 - - [08/Dec/2025:07:41:54 +0000] "GET /3181a/?filesrc=/home/i446698/www/49754/seughtunghdyyshry.zip&path=/home/i446698/www/49754 HTTP/1.1" 200 4085949 "-" "Mozilla/5.0 (compatible; MJ12bot/v1.4.8; http://mj12bot.com/)"
98.82.63.147 - - [08/Dec/2025:07:42:07 +0000] "GET /87650/?path=/home/../opt/plesk/../plesk/../plesk/../alt/php74/var/lib/./php HTTP/1.1" 200 1796 "-" "Mozilla/5.0 AppleWebKit/537.36 (KHTML, like Gecko; compatible; Amazonbot/0.1; +https://developer.amazon.com/support/amazonbot) Chrome/119.0.6045.214 Safari/537.36"
54.235.125.129 - - [08/Dec/2025:07:42:13 +0000] "GET /b49af/?path=/home/../opt/plesk/../plesk/../../opt/alt/php80/var/www/./html HTTP/1.1" 200 1754 "-" "Mozilla/5.0 AppleWebKit/537.36 (KHTML, like Gecko; compatible; Amazonbot/0.1; +https://developer.amazon.com/support/amazonbot) Chrome/119.0.6045.214 Safari/537.36"
3.213.46.222 - - [08/Dec/2025:07:42:20 +0000] "GET /87650/?path=/home/../opt/plesk/../plesk/../plesk/../alt/php84/var/././lib/./php HTTP/1.1" 200 1808 "-" "Mozilla/5.0 AppleWebKit/537.36 (KHTML, like Gecko; compatible; Amazonbot/0.1; +https://developer.amazon.com/support/amazonbot) Chrome/119.0.6045.214 Safari/537.36"
109.123.251.96 - - [08/Dec/2025:07:42:22 +0000] "GET /3181a/?filesrc=/home/i446698/www/aeee1/seughtunghdyyshry.tar.gz&path=/home/i446698/www/aeee1 HTTP/1.1" 200 4956924 "-" "Mozilla/5.0 (compatible; MJ12bot/v1.4.8; http://mj12bot.com/)"
184.73.239.35 - - [08/Dec/2025:07:42:28 +0000] "GET /87650/?path=/home/../opt/plesk/../plesk/../plesk/../alt/./php83/././var/lib/php HTTP/1.1" 200 1808 "-" "Mozilla/5.0 AppleWebKit/537.36 (KHTML, like Gecko; compatible; Amazonbot/0.1; +https://developer.amazon.com/support/amazonbot) Chrome/119.0.6045.214 Safari/537.36"
109.123.251.96 - - [08/Dec/2025:07:42:27 +0000] "GET /3181a/?filesrc=/home/i446698/www/aeee1/tmp.tar.gz&path=/home/i446698/www/aeee1 HTTP/1.1" 200 2334044 "-" "Mozilla/5.0 (compatible; MJ12bot/v1.4.8; http://mj12bot.com/)"
3.220.70.171 - - [08/Dec/2025:07:42:56 +0000] "GET /87650/?path=/home/../opt/plesk/../plesk/../plesk/../alt/././php83/usr/share/php HTTP/1.1" 200 1754 "-" "Mozilla/5.0 AppleWebKit/537.36 (KHTML, like Gecko; compatible; Amazonbot/0.1; +https://developer.amazon.com/support/amazonbot) Chrome/119.0.6045.214 Safari/537.36"
54.80.185.200 - - [08/Dec/2025:07:42:56 +0000] "GET /b49af/?path=/home/../opt/plesk/../plesk/../plesk/../alt/./php82/var/././lib/php HTTP/1.1" 200 1808 "-" "Mozilla/5.0 AppleWebKit/537.36 (KHTML, like Gecko; compatible; Amazonbot/0.1; +https://developer.amazon.com/support/amazonbot) Chrome/119.0.6045.214 Safari/537.36"
3.218.35.239 - - [08/Dec/2025:07:42:59 +0000] "GET /b49af/?path=/home/../opt/plesk/../plesk/../plesk/../alt/php55/usr/./include/php/main/./php_getopt.h HTTP/1.1" 200 2102 "-" "Mozilla/5.0 AppleWebKit/537.36 (KHTML, like Gecko; compatible; Amazonbot/0.1; +https://developer.amazon.com/support/amazonbot) Chrome/119.0.6045.214 Safari/537.36"
107.20.25.33 - - [08/Dec/2025:07:43:03 +0000] "GET /87650/?path=/home/../opt/plesk/../plesk/./../plesk/../alt/php83/./etc/./php.d.all HTTP/1.1" 200 5911 "-" "Mozilla/5.0 AppleWebKit/537.36 (KHTML, like Gecko; compatible; Amazonbot/0.1; +https://developer.amazon.com/support/amazonbot) Chrome/119.0.6045.214 Safari/537.36"
23.21.250.48 - - [08/Dec/2025:07:43:07 +0000] "GET /b49af/?path=/home/../opt/plesk/../plesk/../plesk/../cpanel/ea-php82/root/usr/include/php/ext/standard/php_standard.h HTTP/1.1" 200 1866 "-" "Mozilla/5.0 AppleWebKit/537.36 (KHTML, like Gecko; compatible; Amazonbot/0.1; +https://developer.amazon.com/support/amazonbot) Chrome/119.0.6045.214 Safari/537.36"
74.7.241.38 - - [08/Dec/2025:07:43:07 +0000] "GET /87650/?path=/home/../proc/sys/net/././../user/./../.././net/.././root/lib/.build-id/ad/.././ad/./../da/./../3b/../cc/.././ed/../ec/../../tuned/accelerator-performance/../../../etc/cl.php.d/alt-php53/../../cl.nodejs/.././../man/ru/man3/../../id/../man4/../man6/../man2x/../man7x/./../nl/../man3p/../man9/../man5/../../aclocal-1.16/././../terminfo/./x/../../man/es/.././uk/.././sk/../man3x/../../zsh/../i18n/./../vim/../man/tr/../man0p/./../man1p/../man8x/../../file/../cracklib/../locale/na/../pis/../l10n/./../lah/../nym/../mi/../sas/../kl/../en@quot/LC_MESSAGES/../../aa/LC_MESSAGES/./../../haw/../../xml/../xml/../libgpg-error/../info/../bash-completion/././../../lib64/python2.7/../python3.6/html/../encodings/../urllib/../test/support/../support/./../../test/./support/../../../libnss_dns.so.2 HTTP/2" 200 12462 "-" "Mozilla/5.0 AppleWebKit/537.36 (KHTML, like Gecko; compatible; GPTBot/1.3; +https://openai.com/gptbot)"
74.7.241.38 - - [08/Dec/2025:07:43:08 +0000] "GET /87650/?path=/home/../proc/sys/net/././../user/./../.././net/.././root/lib/.build-id/ad/.././ad/./../da/./../3b/../cc/.././ed/../ec/../../tuned/accelerator-performance/../../../etc/cl.php.d/alt-php53/../../cl.nodejs/.././../man/ru/man3/../../id/../man4/../man6/../man2x/../man7x/./../nl/../man3p/../man9/../man5/../../aclocal-1.16/././../terminfo/./x/../../man/es/.././uk/.././sk/../man3x/../../zsh/../i18n/./../vim/../man/tr/../man0p/./../man1p/../man8x/../../file/../cracklib/../locale/na/../pis/../l10n/./../lah/../nym/../mi/../sas/../kl/../en@quot/LC_MESSAGES/../../aa/LC_MESSAGES/./../../haw/../../xml/../xml/../libgpg-error/../info/../bash-completion/././../../lib64/python2.7/../python3.6/html/../encodings/../urllib/../test/support/../support/./../../test/./support/../../../libaudit.so.1 HTTP/2" 200 39672 "-" "Mozilla/5.0 AppleWebKit/537.36 (KHTML, like Gecko; compatible; GPTBot/1.3; +https://openai.com/gptbot)"
74.7.241.38 - - [08/Dec/2025:07:43:08 +0000] "GET /87650/?path=/home/../proc/sys/net/././../user/./../.././net/.././root/lib/.build-id/ad/.././ad/./../da/./../3b/../cc/.././ed/../ec/../../tuned/accelerator-performance/../../../etc/cl.php.d/alt-php53/../../cl.nodejs/.././../man/ru/man3/../../id/../man4/../man6/../man2x/../man7x/./../nl/../man3p/../man9/../man5/../../aclocal-1.16/././../terminfo/./x/../../man/es/.././uk/.././sk/../man3x/../../zsh/../i18n/./../vim/../man/tr/../man0p/./../man1p/../man8x/../../file/../cracklib/../locale/na/../pis/../l10n/./../lah/../nym/../mi/../sas/../kl/../en@quot/LC_MESSAGES/../../aa/LC_MESSAGES/./../../haw/../../xml/../xml/../libgpg-error/../info/../bash-completion/././../../lib64/python2.7/../python3.6/html/../encodings/../urllib/../test/support/../support/./../../test/./support/../../../libncurses.so.6.1 HTTP/2" 200 70294 "-" "Mozilla/5.0 AppleWebKit/537.36 (KHTML, like Gecko; compatible; GPTBot/1.3; +https://openai.com/gptbot)"
74.7.241.38 - - [08/Dec/2025:07:43:09 +0000] "GET /87650/?path=/home/../proc/sys/net/././../user/./../.././net/.././root/lib/.build-id/ad/.././ad/./../da/./../3b/../cc/.././ed/../ec/../../tuned/accelerator-performance/../../../etc/cl.php.d/alt-php53/../../cl.nodejs/.././../man/ru/man3/../../id/../man4/../man6/../man2x/../man7x/./../nl/../man3p/../man9/../man5/../../aclocal-1.16/././../terminfo/./x/../../man/es/.././uk/.././sk/../man3x/../../zsh/../i18n/./../vim/../man/tr/../man0p/./../man1p/../man8x/../../file/../cracklib/../locale/na/../pis/../l10n/./../lah/../nym/../mi/../sas/../kl/../en@quot/LC_MESSAGES/../../aa/LC_MESSAGES/./../../haw/../../xml/../xml/../libgpg-error/../info/../bash-completion/././../../lib64/python2.7/../python3.6/html/../encodings/../urllib/../test/support/../support/./../../test/./support/../../../liborc-test-0.4.so.0 HTTP/2" 200 13484 "-" "Mozilla/5.0 AppleWebKit/537.36 (KHTML, like Gecko; compatible; GPTBot/1.3; +https://openai.com/gptbot)"
74.7.241.38 - - [08/Dec/2025:07:43:10 +0000] "GET /87650/?path=/home/../proc/sys/net/././../user/./../.././net/.././root/lib/.build-id/ad/.././ad/./../da/./../3b/../cc/.././ed/../ec/../../tuned/accelerator-performance/../../../etc/cl.php.d/alt-php53/../../cl.nodejs/.././../man/ru/man3/../../id/../man4/../man6/../man2x/../man7x/./../nl/../man3p/../man9/../man5/../../aclocal-1.16/././../terminfo/./x/../../man/es/.././uk/.././sk/../man3x/../../zsh/../i18n/./../vim/../man/tr/../man0p/./../man1p/../man8x/../../file/../cracklib/../locale/na/../pis/../l10n/./../lah/../nym/../mi/../sas/../kl/../en@quot/LC_MESSAGES/../../aa/LC_MESSAGES/./../../haw/../../xml/../xml/../libgpg-error/../info/../bash-completion/././../../lib64/python2.7/../python3.6/html/../encodings/../urllib/../test/support/../support/./../../test/./support/../../../security HTTP/2" 200 4583 "-" "Mozilla/5.0 AppleWebKit/537.36 (KHTML, like Gecko; compatible; GPTBot/1.3; +https://openai.com/gptbot)"
74.7.241.38 - - [08/Dec/2025:07:43:10 +0000] "GET /87650/?path=/home/../proc/sys/net/././../user/./../.././net/.././root/lib/.build-id/ad/.././ad/./../da/./../3b/../cc/.././ed/../ec/../../tuned/accelerator-performance/../../../etc/cl.php.d/alt-php53/../../cl.nodejs/.././../man/ru/man3/../../id/../man4/../man6/../man2x/../man7x/./../nl/../man3p/../man9/../man5/../../aclocal-1.16/././../terminfo/./x/../../man/es/.././uk/.././sk/../man3x/../../zsh/../i18n/./../vim/../man/tr/../man0p/./../man1p/../man8x/../../file/../cracklib/../locale/na/../pis/../l10n/./../lah/../nym/../mi/../sas/../kl/../en@quot/LC_MESSAGES/../../aa/LC_MESSAGES/./../../haw/../../xml/../xml/../libgpg-error/../info/../bash-completion/././../../lib64/python2.7/../python3.6/html/../encodings/../urllib/../test/support/../support/./../../test/./support/../../../librpmsign.so.8 HTTP/2" 200 10891 "-" "Mozilla/5.0 AppleWebKit/537.36 (KHTML, like Gecko; compatible; GPTBot/1.3; +https://openai.com/gptbot)"
74.7.241.38 - - [08/Dec/2025:07:43:11 +0000] "GET /87650/?path=/home/../proc/sys/net/././../user/./../.././net/.././root/lib/.build-id/ad/.././ad/./../da/./../3b/../cc/.././ed/../ec/../../tuned/accelerator-performance/../../../etc/cl.php.d/alt-php53/../../cl.nodejs/.././../man/ru/man3/../../id/../man4/../man6/../man2x/../man7x/./../nl/../man3p/../man9/../man5/../../aclocal-1.16/././../terminfo/./x/../../man/es/.././uk/.././sk/../man3x/../../zsh/../i18n/./../vim/../man/tr/../man0p/./../man1p/../man8x/../../file/../cracklib/../locale/na/../pis/../l10n/./../lah/../nym/../mi/../sas/../kl/../en@quot/LC_MESSAGES/../../aa/LC_MESSAGES/./../../haw/../../xml/../xml/../libgpg-error/../info/../bash-completion/././../../lib64/python2.7/../python3.6/html/../encodings/../urllib/../test/support/../support/./../../test/./support/../../../libpcap.so HTTP/2" 200 113991 "-" "Mozilla/5.0 AppleWebKit/537.36 (KHTML, like Gecko; compatible; GPTBot/1.3; +https://openai.com/gptbot)"
74.7.241.38 - - [08/Dec/2025:07:43:11 +0000] "GET /87650/?path=/home/../proc/sys/net/././../user/./../.././net/.././root/lib/.build-id/ad/.././ad/./../da/./../3b/../cc/.././ed/../ec/../../tuned/accelerator-performance/../../../etc/cl.php.d/alt-php53/../../cl.nodejs/.././../man/ru/man3/../../id/../man4/../man6/../man2x/../man7x/./../nl/../man3p/../man9/../man5/../../aclocal-1.16/././../terminfo/./x/../../man/es/.././uk/.././sk/../man3x/../../zsh/../i18n/./../vim/../man/tr/../man0p/./../man1p/../man8x/../../file/../cracklib/../locale/na/../pis/../l10n/./../lah/../nym/../mi/../sas/../kl/../en@quot/LC_MESSAGES/../../aa/LC_MESSAGES/./../../haw/../../xml/../xml/../libgpg-error/../info/../bash-completion/././../../lib64/python2.7/../python3.6/html/../encodings/../urllib/../test/support/../support/./../../test/./support/../../../libuuid.so.1.3.0 HTTP/2" 200 14818 "-" "Mozilla/5.0 AppleWebKit/537.36 (KHTML, like Gecko; compatible; GPTBot/1.3; +https://openai.com/gptbot)"
23.21.225.190 - - [08/Dec/2025:07:43:11 +0000] "GET /87650/?path=/home/../opt/plesk/../plesk/../plesk/../alt/php83/././etc/php.d.all/./luasandbox.ini HTTP/1.1" 200 1243 "-" "Mozilla/5.0 AppleWebKit/537.36 (KHTML, like Gecko; compatible; Amazonbot/0.1; +https://developer.amazon.com/support/amazonbot) Chrome/119.0.6045.214 Safari/537.36"
74.7.241.38 - - [08/Dec/2025:07:43:12 +0000] "GET /87650/?path=/home/../proc/sys/net/././../user/./../.././net/.././root/lib/.build-id/ad/.././ad/./../da/./../3b/../cc/.././ed/../ec/../../tuned/accelerator-performance/../../../etc/cl.php.d/alt-php53/../../cl.nodejs/.././../man/ru/man3/../../id/../man4/../man6/../man2x/../man7x/./../nl/../man3p/../man9/../man5/../../aclocal-1.16/././../terminfo/./x/../../man/es/.././uk/.././sk/../man3x/../../zsh/../i18n/./../vim/../man/tr/../man0p/./../man1p/../man8x/../../file/../cracklib/../locale/na/../pis/../l10n/./../lah/../nym/../mi/../sas/../kl/../en@quot/LC_MESSAGES/../../aa/LC_MESSAGES/./../../haw/../../xml/../xml/../libgpg-error/../info/../bash-completion/././../../lib64/python2.7/../python3.6/html/../encodings/../urllib/../test/support/../support/./../../test/./support/../../../libpython2.7.so.1.0 HTTP/2" 200 629424 "-" "Mozilla/5.0 AppleWebKit/537.36 (KHTML, like Gecko; compatible; GPTBot/1.3; +https://openai.com/gptbot)"
74.7.241.38 - - [08/Dec/2025:07:43:13 +0000] "GET /87650/?path=/home/../proc/sys/net/././../user/./../.././net/.././root/lib/.build-id/ad/.././ad/./../da/./../3b/../cc/.././ed/../ec/../../tuned/accelerator-performance/../../../etc/cl.php.d/alt-php53/../../cl.nodejs/.././../man/ru/man3/../../id/../man4/../man6/../man2x/../man7x/./../nl/../man3p/../man9/../man5/../../aclocal-1.16/././../terminfo/./x/../../man/es/.././uk/.././sk/../man3x/../../zsh/../i18n/./../vim/../man/tr/../man0p/./../man1p/../man8x/../../file/../cracklib/../locale/na/../pis/../l10n/./../lah/../nym/../mi/../sas/../kl/../en@quot/LC_MESSAGES/../../aa/LC_MESSAGES/./../../haw/../../xml/../xml/../libgpg-error/../info/../bash-completion/././../../lib64/python2.7/../python3.6/html/../encodings/../urllib/../test/support/../support/./../../test/./support/../../../libXft.so.2.3.3 HTTP/2" 200 39252 "-" "Mozilla/5.0 AppleWebKit/537.36 (KHTML, like Gecko; compatible; GPTBot/1.3; +https://openai.com/gptbot)"
109.123.251.96 - - [08/Dec/2025:07:42:58 +0000] "GET /68fe4/?path=//usr/lib/kernel/install.d HTTP/1.1" 200 1153 "-" "Mozilla/5.0 (compatible; MJ12bot/v1.4.8; http://mj12bot.com/)"
109.123.251.96 - - [08/Dec/2025:07:42:59 +0000] "GET /68fe4/?path=//usr/lib/node_modules/npm HTTP/1.1" 200 1477 "-" "Mozilla/5.0 (compatible; MJ12bot/v1.4.8; http://mj12bot.com/)"
109.123.251.96 - - [08/Dec/2025:07:43:01 +0000] "GET /68fe4/?path=//usr/lib/python2.7/site-packages HTTP/1.1" 200 1554 "-" "Mozilla/5.0 (compatible; MJ12bot/v1.4.8; http://mj12bot.com/)"
109.123.251.96 - - [08/Dec/2025:07:43:03 +0000] "GET /68fe4/?path=//usr/lib/python3.6/site-packages HTTP/1.1" 200 2396 "-" "Mozilla/5.0 (compatible; MJ12bot/v1.4.8; http://mj12bot.com/)"
109.123.251.96 - - [08/Dec/2025:07:43:04 +0000] "GET /68fe4/?path=//usr/lib/python3.8/site-packages HTTP/1.1" 200 1066 "-" "Mozilla/5.0 (compatible; MJ12bot/v1.4.8; http://mj12bot.com/)"
109.123.251.96 - - [08/Dec/2025:07:43:06 +0000] "GET /87650/?create&path=/home/../opt/cloudlinux-site-optimization-module HTTP/1.1" 200 1089 "-" "Mozilla/5.0 (compatible; MJ12bot/v1.4.8; http://mj12bot.com/)"
109.123.251.96 - - [08/Dec/2025:07:43:07 +0000] "GET /87650/?create&path=/home/../var/lib HTTP/1.1" 200 1066 "-" "Mozilla/5.0 (compatible; MJ12bot/v1.4.8; http://mj12bot.com/)"
109.123.251.96 - - [08/Dec/2025:07:43:09 +0000] "GET /87650/?create&path=/home/../var/lve HTTP/1.1" 200 1068 "-" "Mozilla/5.0 (compatible; MJ12bot/v1.4.8; http://mj12bot.com/)"
74.7.243.192 - - [08/Dec/2025:07:43:10 +0000] "GET /87650/?path=/home/./../lib/modprobe.d/.././../../run/../proc/../var/.cagefs/../run/.././proc/net/../../.././dev/./././../lib/modprobe.d/../firmware/aeonsemi/../libertas/../slicoss/../ti-keystone/../.././fontconfig/./../kdump/../kernel/./../././node_modules/npm/node_modules/hosted-git-info/../pseudomap/../clone/../pump/./../chownr/../end-of-stream/../colors/../has/../read-package-json/../is-redirect/../jsbn/../uri-js/../once/../sha/../jsbn/../pseudomap/../function-bind/../which/../core-util-is/../gentle-fs/../y18n/../get-caller-file/../update-notifier/../ssri/../lazy-property/../psl/../make-dir/../ms/./../node-gyp/../npm-audit-report/../libnpmhook/../npm-bundled/../libnpmsearch/./../decode-uri-component/../byte-size/../gentle-fs/../ecc-jsbn/../form-data/.././rc/../colors/./.././strip-json-comments/../node-gyp/lib/../../unique-filename/../json-stringify-safe/../through2/node_modules/readable-stream/./../../../read-package-json/./../y18n/../../man/de/../pt/. HTTP/2" 200 2935 "-" "Mozilla/5.0 AppleWebKit/537.36 (KHTML, like Gecko; compatible; GPTBot/1.3; +https://openai.com/gptbot)"
109.123.251.96 - - [08/Dec/2025:07:43:10 +0000] "GET /87650/?path=/home/../bin/arch HTTP/1.1" 200 13767 "-" "Mozilla/5.0 (compatible; MJ12bot/v1.4.8; http://mj12bot.com/)"
109.123.251.96 - - [08/Dec/2025:07:43:12 +0000] "GET /87650/?path=/home/../bin/git-upload-archive HTTP/1.1" 200 1633598 "-" "Mozilla/5.0 (compatible; MJ12bot/v1.4.8; http://mj12bot.com/)"
109.123.251.96 - - [08/Dec/2025:07:43:14 +0000] "GET /87650/?path=/home/../opt/cloudlinux-site-optimization-module/. HTTP/1.1" 200 1670 "-" "Mozilla/5.0 (compatible; MJ12bot/v1.4.8; http://mj12bot.com/)"
109.123.251.96 - - [08/Dec/2025:07:43:16 +0000] "GET /87650/?path=/home/../opt/cloudlinux-site-optimization-module/requirements.json HTTP/1.1" 200 2030 "-" "Mozilla/5.0 (compatible; MJ12bot/v1.4.8; http://mj12bot.com/)"
74.7.243.192 - - [08/Dec/2025:07:43:16 +0000] "GET /87650/?path=/home/./../lib/modprobe.d/.././../../run/../proc/../var/.cagefs/../run/.././proc/net/../../.././dev/./././../lib/modprobe.d/../firmware/aeonsemi/../libertas/../slicoss/../ti-keystone/../.././fontconfig/./../kdump/../kernel/./../././node_modules/npm/node_modules/hosted-git-info/../pseudomap/../clone/../pump/./../chownr/../end-of-stream/../colors/../has/../read-package-json/../is-redirect/../jsbn/../uri-js/../once/../sha/../jsbn/../pseudomap/../function-bind/../which/../core-util-is/../gentle-fs/../y18n/../get-caller-file/../update-notifier/../ssri/../lazy-property/../psl/../make-dir/../ms/./../node-gyp/../npm-audit-report/../libnpmhook/../npm-bundled/../libnpmsearch/./../decode-uri-component/../byte-size/../gentle-fs/../ecc-jsbn/../form-data/.././rc/../colors/./.././strip-json-comments/../node-gyp/lib/../../unique-filename/../json-stringify-safe/../through2/node_modules/readable-stream/./../../../read-package-json/./../y18n/../../man/de/../tr/./. HTTP/2" 200 2950 "-" "Mozilla/5.0 AppleWebKit/537.36 (KHTML, like Gecko; compatible; GPTBot/1.3; +https://openai.com/gptbot)"
109.123.251.96 - - [08/Dec/2025:07:43:17 +0000] "GET /87650/?path=/home/../opt/cloudlinux-site-optimization-module/sign.ini HTTP/1.1" 200 1038 "-" "Mozilla/5.0 (compatible; MJ12bot/v1.4.8; http://mj12bot.com/)"
109.123.251.96 - - [08/Dec/2025:07:43:19 +0000] "GET /87650/?path=/home/../var/lib/. HTTP/1.1" 200 1516 "-" "Mozilla/5.0 (compatible; MJ12bot/v1.4.8; http://mj12bot.com/)"
109.123.251.96 - - [08/Dec/2025:07:43:20 +0000] "GET /87650/?path=/home/../var/lib/.. HTTP/1.1" 200 1762 "-" "Mozilla/5.0 (compatible; MJ12bot/v1.4.8; http://mj12bot.com/)"
109.123.251.96 - - [08/Dec/2025:07:43:22 +0000] "GET /87650/?path=/home/../var/lib/mysql HTTP/1.1" 200 1191 "-" "Mozilla/5.0 (compatible; MJ12bot/v1.4.8; http://mj12bot.com/)"
34.234.200.207 - - [08/Dec/2025:07:43:23 +0000] "GET /87650/?path=/home/../opt/plesk/../plesk/../plesk/../alt/./php80/var/./lib/./php HTTP/1.1" 200 1807 "-" "Mozilla/5.0 AppleWebKit/537.36 (KHTML, like Gecko; compatible; Amazonbot/0.1; +https://developer.amazon.com/support/amazonbot) Chrome/119.0.6045.214 Safari/537.36"
109.123.251.96 - - [08/Dec/2025:07:43:23 +0000] "GET /87650/?path=/home/../var/lib/net-snmp HTTP/1.1" 200 1483 "-" "Mozilla/5.0 (compatible; MJ12bot/v1.4.8; http://mj12bot.com/)"
109.123.251.96 - - [08/Dec/2025:07:43:25 +0000] "GET /87650/?path=/home/../var/lib/spamassassin HTTP/1.1" 200 1513 "-" "Mozilla/5.0 (compatible; MJ12bot/v1.4.8; http://mj12bot.com/)"
74.7.243.192 - - [08/Dec/2025:07:43:26 +0000] "GET /87650/?path=/home/./../lib/modprobe.d/.././../../run/../proc/../var/.cagefs/../run/.././proc/net/../../.././dev/./././../lib/modprobe.d/../firmware/aeonsemi/../libertas/../slicoss/../ti-keystone/../.././fontconfig/./../kdump/../kernel/./../././node_modules/npm/node_modules/hosted-git-info/../pseudomap/../clone/../pump/./../chownr/../end-of-stream/../colors/../has/../read-package-json/../is-redirect/../jsbn/../uri-js/../once/../sha/../jsbn/../pseudomap/../function-bind/../which/../core-util-is/../gentle-fs/../y18n/../get-caller-file/../update-notifier/../ssri/../lazy-property/../psl/../make-dir/../ms/./../node-gyp/../npm-audit-report/../libnpmhook/../npm-bundled/../libnpmsearch/./../decode-uri-component/../byte-size/../gentle-fs/../ecc-jsbn/../form-data/.././rc/../colors/./.././strip-json-comments/../node-gyp/lib/../../unique-filename/../json-stringify-safe/../through2/node_modules/readable-stream/./../../../read-package-json/./../y18n/./../../man/de/././.. HTTP/2" 200 3720 "-" "Mozilla/5.0 AppleWebKit/537.36 (KHTML, like Gecko; compatible; GPTBot/1.3; +https://openai.com/gptbot)"
109.123.251.96 - - [08/Dec/2025:07:43:27 +0000] "GET /b49af/?create&path=/home/i446698/tmp/analog/. HTTP/1.1" 200 1079 "-" "Mozilla/5.0 (compatible; MJ12bot/v1.4.8; http://mj12bot.com/)"
54.156.55.147 - - [08/Dec/2025:07:43:28 +0000] "GET /b49af/?path=/home/../opt/plesk/../plesk/../plesk/../alt/./php55/usr/include/php/main/./php_getopt.h HTTP/1.1" 200 2102 "-" "Mozilla/5.0 AppleWebKit/537.36 (KHTML, like Gecko; compatible; Amazonbot/0.1; +https://developer.amazon.com/support/amazonbot) Chrome/119.0.6045.214 Safari/537.36"
109.123.251.96 - - [08/Dec/2025:07:43:28 +0000] "GET /b49af/?create&path=/home/i446698/www/49754 HTTP/1.1" 200 1076 "-" "Mozilla/5.0 (compatible; MJ12bot/v1.4.8; http://mj12bot.com/)"
109.123.251.96 - - [08/Dec/2025:07:43:30 +0000] "GET /b49af/?create&path=/home/i446698/www/bdc3b HTTP/1.1" 200 1076 "-" "Mozilla/5.0 (compatible; MJ12bot/v1.4.8; http://mj12bot.com/)"
109.123.251.96 - - [08/Dec/2025:07:43:31 +0000] "GET /b49af/?path=/home/../../home2/.. HTTP/1.1" 200 1826 "-" "Mozilla/5.0 (compatible; MJ12bot/v1.4.8; http://mj12bot.com/)"
109.123.251.96 - - [08/Dec/2025:07:43:33 +0000] "GET /b49af/?path=/home/../../home4/.. HTTP/1.1" 200 1822 "-" "Mozilla/5.0 (compatible; MJ12bot/v1.4.8; http://mj12bot.com/)"
109.123.251.96 - - [08/Dec/2025:07:43:34 +0000] "GET /b49af/?path=/home/../../home5/. HTTP/1.1" 200 1402 "-" "Mozilla/5.0 (compatible; MJ12bot/v1.4.8; http://mj12bot.com/)"
109.123.251.96 - - [08/Dec/2025:07:43:36 +0000] "GET /b49af/?path=/home/../../home5/.. HTTP/1.1" 200 1819 "-" "Mozilla/5.0 (compatible; MJ12bot/v1.4.8; http://mj12bot.com/)"
109.123.251.96 - - [08/Dec/2025:07:43:37 +0000] "GET /b49af/?path=/home/.././home/. HTTP/1.1" 200 1440 "-" "Mozilla/5.0 (compatible; MJ12bot/v1.4.8; http://mj12bot.com/)"
184.73.167.217 - - [08/Dec/2025:07:43:37 +0000] "GET /87650/?path=/home/./../opt/plesk/../plesk/../plesk/../alt/php54/var/./www/html HTTP/1.1" 200 1763 "-" "Mozilla/5.0 AppleWebKit/537.36 (KHTML, like Gecko; compatible; Amazonbot/0.1; +https://developer.amazon.com/support/amazonbot) Chrome/119.0.6045.214 Safari/537.36"
109.123.251.96 - - [08/Dec/2025:07:43:39 +0000] "GET /b49af/?path=/home/.././home/.. HTTP/1.1" 200 1786 "-" "Mozilla/5.0 (compatible; MJ12bot/v1.4.8; http://mj12bot.com/)"
109.123.251.96 - - [08/Dec/2025:07:43:40 +0000] "GET /b49af/?path=/home/.././home/i446698 HTTP/1.1" 200 2500 "-" "Mozilla/5.0 (compatible; MJ12bot/v1.4.8; http://mj12bot.com/)"
54.157.84.74 - - [08/Dec/2025:07:43:40 +0000] "GET /87650/?path=/home/../opt/plesk/../plesk/../plesk/../alt/./php84/./var/lib/./php HTTP/1.1" 200 1807 "-" "Mozilla/5.0 AppleWebKit/537.36 (KHTML, like Gecko; compatible; Amazonbot/0.1; +https://developer.amazon.com/support/amazonbot) Chrome/119.0.6045.214 Safari/537.36"
109.123.251.96 - - [08/Dec/2025:07:43:42 +0000] "GET /b49af/?path=/home/.././home1/. HTTP/1.1" 200 1397 "-" "Mozilla/5.0 (compatible; MJ12bot/v1.4.8; http://mj12bot.com/)"
74.7.243.192 - - [08/Dec/2025:07:43:42 +0000] "GET /87650/?path=/home/./../lib/modprobe.d/.././../../run/../proc/../var/.cagefs/../run/.././proc/net/../../.././dev/./././../lib/modprobe.d/../firmware/aeonsemi/../libertas/../slicoss/../ti-keystone/../.././fontconfig/./../kdump/../kernel/./../././node_modules/npm/node_modules/hosted-git-info/../pseudomap/../clone/../pump/./../chownr/../end-of-stream/../colors/../has/../read-package-json/../is-redirect/../jsbn/../uri-js/../once/../sha/../jsbn/../pseudomap/../function-bind/../which/../core-util-is/../gentle-fs/../y18n/../get-caller-file/../update-notifier/../ssri/../lazy-property/../psl/../make-dir/../ms/./../node-gyp/../npm-audit-report/../libnpmhook/../npm-bundled/../libnpmsearch/./../decode-uri-component/../byte-size/../gentle-fs/../ecc-jsbn/../form-data/.././rc/../colors/./.././strip-json-comments/../node-gyp/lib/../../unique-filename/../json-stringify-safe/../through2/node_modules/readable-stream/./../../../read-package-json/./../y18n/../../man/ko/../de/. HTTP/2" 200 2984 "-" "Mozilla/5.0 AppleWebKit/537.36 (KHTML, like Gecko; compatible; GPTBot/1.3; +https://openai.com/gptbot)"
109.123.251.96 - - [08/Dec/2025:07:43:43 +0000] "GET /b49af/?path=/home/.././home1/.. HTTP/1.1" 200 1822 "-" "Mozilla/5.0 (compatible; MJ12bot/v1.4.8; http://mj12bot.com/)"
109.123.251.96 - - [08/Dec/2025:07:43:45 +0000] "GET /b49af/?path=/home/.././home2/. HTTP/1.1" 200 1399 "-" "Mozilla/5.0 (compatible; MJ12bot/v1.4.8; http://mj12bot.com/)"
109.123.251.96 - - [08/Dec/2025:07:43:46 +0000] "GET /b49af/?path=/home/.././home2/.. HTTP/1.1" 200 1829 "-" "Mozilla/5.0 (compatible; MJ12bot/v1.4.8; http://mj12bot.com/)"
109.123.251.96 - - [08/Dec/2025:07:43:47 +0000] "GET /b49af/?path=/home/../home/./.. HTTP/1.1" 200 1817 "-" "Mozilla/5.0 (compatible; MJ12bot/v1.4.8; http://mj12bot.com/)"
109.123.251.96 - - [08/Dec/2025:07:43:49 +0000] "GET /b49af/?path=/home/../home/./i446698 HTTP/1.1" 200 2463 "-" "Mozilla/5.0 (compatible; MJ12bot/v1.4.8; http://mj12bot.com/)"
109.123.251.96 - - [08/Dec/2025:07:43:50 +0000] "GET /b49af/?path=/home/../home1/../. HTTP/1.1" 200 1808 "-" "Mozilla/5.0 (compatible; MJ12bot/v1.4.8; http://mj12bot.com/)"
109.123.251.96 - - [08/Dec/2025:07:43:52 +0000] "GET /b49af/?path=/home/../home1/../.. HTTP/1.1" 200 1824 "-" "Mozilla/5.0 (compatible; MJ12bot/v1.4.8; http://mj12bot.com/)"
109.123.251.96 - - [08/Dec/2025:07:43:53 +0000] "GET /b49af/?path=/home/../home1/../bin HTTP/1.1" 200 14720 "-" "Mozilla/5.0 (compatible; MJ12bot/v1.4.8; http://mj12bot.com/)"
109.123.251.96 - - [08/Dec/2025:07:43:55 +0000] "GET /b49af/?path=/home/../home1/../dev HTTP/1.1" 200 1808 "-" "Mozilla/5.0 (compatible; MJ12bot/v1.4.8; http://mj12bot.com/)"
109.123.251.96 - - [08/Dec/2025:07:43:57 +0000] "GET /b49af/?path=/home/../home1/../etc HTTP/1.1" 200 3534 "-" "Mozilla/5.0 (compatible; MJ12bot/v1.4.8; http://mj12bot.com/)"
74.7.243.192 - - [08/Dec/2025:07:43:58 +0000] "GET /87650/?path=/home/./../lib/modprobe.d/.././../../run/../proc/../var/.cagefs/../run/.././proc/net/../../.././dev/./././../lib/modprobe.d/../firmware/aeonsemi/../libertas/../slicoss/../ti-keystone/../.././fontconfig/./../kdump/../kernel/./../././node_modules/npm/node_modules/hosted-git-info/../pseudomap/../clone/../pump/./../chownr/../end-of-stream/../colors/../has/../read-package-json/../is-redirect/../jsbn/../uri-js/../once/../sha/../jsbn/../pseudomap/../function-bind/../which/../core-util-is/../gentle-fs/../y18n/../get-caller-file/../update-notifier/../ssri/../lazy-property/../psl/../make-dir/../ms/./../node-gyp/../npm-audit-report/../libnpmhook/../npm-bundled/../libnpmsearch/./../decode-uri-component/../byte-size/../gentle-fs/../ecc-jsbn/../form-data/.././rc/../colors/./.././strip-json-comments/../node-gyp/lib/../../unique-filename/../json-stringify-safe/../through2/node_modules/readable-stream/./../../../read-package-json/./../y18n/../../man/de/.././cs HTTP/2" 200 2979 "-" "Mozilla/5.0 AppleWebKit/537.36 (KHTML, like Gecko; compatible; GPTBot/1.3; +https://openai.com/gptbot)"
109.123.251.96 - - [08/Dec/2025:07:43:58 +0000] "GET /b49af/?path=/home/../home1/../home HTTP/1.1" 200 1443 "-" "Mozilla/5.0 (compatible; MJ12bot/v1.4.8; http://mj12bot.com/)"
109.123.251.96 - - [08/Dec/2025:07:44:00 +0000] "GET /b49af/?path=/home/../home1/../home1 HTTP/1.1" 200 1399 "-" "Mozilla/5.0 (compatible; MJ12bot/v1.4.8; http://mj12bot.com/)"
109.123.251.96 - - [08/Dec/2025:07:44:01 +0000] "GET /b49af/?path=/home/../home1/../home2 HTTP/1.1" 200 1404 "-" "Mozilla/5.0 (compatible; MJ12bot/v1.4.8; http://mj12bot.com/)"
109.123.251.96 - - [08/Dec/2025:07:44:03 +0000] "GET /b49af/?path=/home/../home1/../home3 HTTP/1.1" 200 1404 "-" "Mozilla/5.0 (compatible; MJ12bot/v1.4.8; http://mj12bot.com/)"
18.233.24.238 - - [08/Dec/2025:07:44:04 +0000] "GET /b49af/?path=/home/./../opt/plesk/../plesk/../plesk/../alt/./php80/etc/./php.d.all HTTP/1.1" 200 6366 "-" "Mozilla/5.0 AppleWebKit/537.36 (KHTML, like Gecko; compatible; Amazonbot/0.1; +https://developer.amazon.com/support/amazonbot) Chrome/119.0.6045.214 Safari/537.36"
109.123.251.96 - - [08/Dec/2025:07:44:04 +0000] "GET /b49af/?path=/home/../home1/../home4 HTTP/1.1" 200 1404 "-" "Mozilla/5.0 (compatible; MJ12bot/v1.4.8; http://mj12bot.com/)"
109.123.251.96 - - [08/Dec/2025:07:44:05 +0000] "GET /b49af/?path=/home/../home1/../home5 HTTP/1.1" 200 1404 "-" "Mozilla/5.0 (compatible; MJ12bot/v1.4.8; http://mj12bot.com/)"
109.123.251.96 - - [08/Dec/2025:07:44:07 +0000] "GET /b49af/?path=/home/../home1/../lib HTTP/1.1" 200 2436 "-" "Mozilla/5.0 (compatible; MJ12bot/v1.4.8; http://mj12bot.com/)"
109.123.251.96 - - [08/Dec/2025:07:44:08 +0000] "GET /b49af/?path=/home/../home1/../lib64 HTTP/1.1" 200 37736 "-" "Mozilla/5.0 (compatible; MJ12bot/v1.4.8; http://mj12bot.com/)"
109.123.251.96 - - [08/Dec/2025:07:44:10 +0000] "GET /b49af/?path=/home/../home1/../opt HTTP/1.1" 200 1764 "-" "Mozilla/5.0 (compatible; MJ12bot/v1.4.8; http://mj12bot.com/)"
109.123.251.96 - - [08/Dec/2025:07:44:12 +0000] "GET /b49af/?path=/home/../home2/../etc HTTP/1.1" 200 3543 "-" "Mozilla/5.0 (compatible; MJ12bot/v1.4.8; http://mj12bot.com/)"
54.163.136.244 - - [08/Dec/2025:07:44:12 +0000] "GET /87650/?path=/home/../opt/plesk/../plesk/../plesk/../alt/./php83/usr/./include/php HTTP/1.1" 200 1975 "-" "Mozilla/5.0 AppleWebKit/537.36 (KHTML, like Gecko; compatible; Amazonbot/0.1; +https://developer.amazon.com/support/amazonbot) Chrome/119.0.6045.214 Safari/537.36"
74.7.243.192 - - [08/Dec/2025:07:44:13 +0000] "GET /87650/?path=/home/./../lib/modprobe.d/.././../../run/../proc/../var/.cagefs/../run/.././proc/net/../../.././dev/./././../lib/modprobe.d/../firmware/aeonsemi/../libertas/../slicoss/../ti-keystone/../.././fontconfig/./../kdump/../kernel/./../././node_modules/npm/node_modules/hosted-git-info/../pseudomap/../clone/../pump/./../chownr/../end-of-stream/../colors/../has/../read-package-json/../is-redirect/../jsbn/../uri-js/../once/../sha/../jsbn/../pseudomap/../function-bind/../which/../core-util-is/../gentle-fs/../y18n/../get-caller-file/../update-notifier/../ssri/../lazy-property/../psl/../make-dir/../ms/./../node-gyp/../npm-audit-report/../libnpmhook/../npm-bundled/../libnpmsearch/./../decode-uri-component/../byte-size/../gentle-fs/../ecc-jsbn/../form-data/.././rc/../colors/./.././strip-json-comments/../node-gyp/lib/../../unique-filename/../json-stringify-safe/../through2/node_modules/readable-stream/./../../../read-package-json/./../y18n/../../man/ko/../de/./. HTTP/2" 200 2995 "-" "Mozilla/5.0 AppleWebKit/537.36 (KHTML, like Gecko; compatible; GPTBot/1.3; +https://openai.com/gptbot)"
109.123.251.96 - - [08/Dec/2025:07:44:13 +0000] "GET /b49af/?path=/home/../home2/../home HTTP/1.1" 200 1444 "-" "Mozilla/5.0 (compatible; MJ12bot/v1.4.8; http://mj12bot.com/)"
109.123.251.96 - - [08/Dec/2025:07:44:15 +0000] "GET /b49af/?path=/home/../home2/../home1 HTTP/1.1" 200 1404 "-" "Mozilla/5.0 (compatible; MJ12bot/v1.4.8; http://mj12bot.com/)"
54.235.172.96 - - [08/Dec/2025:07:44:15 +0000] "GET /b49af/?path=/home/../opt/plesk/../plesk/../plesk/../alt/././php84/usr/include/php/ext/standard/php_mail.h HTTP/1.1" 200 1734 "-" "Mozilla/5.0 AppleWebKit/537.36 (KHTML, like Gecko; compatible; Amazonbot/0.1; +https://developer.amazon.com/support/amazonbot) Chrome/119.0.6045.214 Safari/537.36"
109.123.251.96 - - [08/Dec/2025:07:44:16 +0000] "GET /b49af/?path=/home/../home2/../home2 HTTP/1.1" 200 1400 "-" "Mozilla/5.0 (compatible; MJ12bot/v1.4.8; http://mj12bot.com/)"
109.123.251.96 - - [08/Dec/2025:07:44:17 +0000] "GET /b49af/?path=/home/../home2/../home3 HTTP/1.1" 200 1404 "-" "Mozilla/5.0 (compatible; MJ12bot/v1.4.8; http://mj12bot.com/)"
109.123.251.96 - - [08/Dec/2025:07:44:19 +0000] "GET /b49af/?path=/home/../home2/../home4 HTTP/1.1" 200 1404 "-" "Mozilla/5.0 (compatible; MJ12bot/v1.4.8; http://mj12bot.com/)"
109.123.251.96 - - [08/Dec/2025:07:44:20 +0000] "GET /b49af/?path=/home/../home2/../home5 HTTP/1.1" 200 1404 "-" "Mozilla/5.0 (compatible; MJ12bot/v1.4.8; http://mj12bot.com/)"
109.123.251.96 - - [08/Dec/2025:07:44:22 +0000] "GET /b49af/?path=/home/../home2/../lib HTTP/1.1" 200 2474 "-" "Mozilla/5.0 (compatible; MJ12bot/v1.4.8; http://mj12bot.com/)"
74.7.244.44 - - [08/Dec/2025:07:43:09 +0000] "GET /robots.txt HTTP/2" 404 1251 "-" "Mozilla/5.0 (Macintosh; Intel Mac OS X 10_15_7) AppleWebKit/537.36 (KHTML, like Gecko) Chrome/131.0.0.0 Safari/537.36; compatible; OAI-SearchBot/1.3; robots.txt; +https://openai.com/searchbot"
100.29.107.38 - - [08/Dec/2025:07:43:15 +0000] "GET /87650/?path=/home/../opt/plesk/../plesk/../plesk/../cpanel/ea-php81/root/./usr/share/php HTTP/1.1" 200 1766 "-" "Mozilla/5.0 AppleWebKit/537.36 (KHTML, like Gecko; compatible; Amazonbot/0.1; +https://developer.amazon.com/support/amazonbot) Chrome/119.0.6045.214 Safari/537.36"
3.220.148.166 - - [08/Dec/2025:07:43:19 +0000] "GET /87650/?path=/home/../lib64/nagios/../../opt/plesk/../alt/php55/./usr/include/php/ext/standard/php_http.h HTTP/1.1" 200 1935 "-" "Mozilla/5.0 AppleWebKit/537.36 (KHTML, like Gecko; compatible; Amazonbot/0.1; +https://developer.amazon.com/support/amazonbot) Chrome/119.0.6045.214 Safari/537.36"
18.211.148.239 - - [08/Dec/2025:07:43:31 +0000] "GET /87650/?path=/home/../opt/plesk/../plesk/../plesk/../alt/./php81/./usr/include/php/main/./php_getopt.h HTTP/1.1" 200 1962 "-" "Mozilla/5.0 AppleWebKit/537.36 (KHTML, like Gecko; compatible; Amazonbot/0.1; +https://developer.amazon.com/support/amazonbot) Chrome/119.0.6045.214 Safari/537.36"
74.7.241.12 - - [08/Dec/2025:07:43:46 +0000] "GET /87650/?path=/home/../proc/sys/net/../net/./unix/../.././user/./../vm/.././../self/root/lib/.build-id/ad/../ad/../../../lib64/php/../mysql/private/../../mysqlclient-compat/.././././gems/.././sw/../python2.7/test/support/.././support/../../test/../plat-linux2/././../xml/../xml/etree/../../Demo/./embed/.././md5test/../md5test/../../../python3.6/html/../config-3.6m-x86_64-linux-gnu/../multiprocessing/./../unittest/../site-packages/systemd/../selinux/../../ensurepip/../test/./../xmlrpc/../curses/../http/../venv/./.././../sa/././.././../../.././././../.././././lib64/libpoco-plesk-1.12.4/../sse2/../../etc/default/.././bash_completion.d/.././mail/spamassassin/sa-update-keys/.././../../snmp/../sysconfig/../././.././home5/../lib/kdump/../.build-id/de/../da/../de/../22/../2b/../04/../74/./../3e/../03/./../3c HTTP/2" 200 4403 "-" "Mozilla/5.0 AppleWebKit/537.36 (KHTML, like Gecko; compatible; GPTBot/1.3; +https://openai.com/gptbot)"
34.233.114.237 - - [08/Dec/2025:07:43:51 +0000] "GET /87650/?path=/home/../opt/plesk/../plesk/../plesk/../cloudlinux/alt-php81/./root/usr/share/php HTTP/1.1" 200 1771 "-" "Mozilla/5.0 AppleWebKit/537.36 (KHTML, like Gecko; compatible; Amazonbot/0.1; +https://developer.amazon.com/support/amazonbot) Chrome/119.0.6045.214 Safari/537.36"
52.0.63.151 - - [08/Dec/2025:07:43:55 +0000] "GET /87650/?path=/home/../lib64/nagios/../../opt/plesk/../cpanel/ea-php82/./././root/home HTTP/1.1" 200 1756 "-" "Mozilla/5.0 AppleWebKit/537.36 (KHTML, like Gecko; compatible; Amazonbot/0.1; +https://developer.amazon.com/support/amazonbot) Chrome/119.0.6045.214 Safari/537.36"
52.203.65.83 - - [08/Dec/2025:07:44:28 +0000] "GET /87650/?path=/home/../opt/plesk/../plesk/../plesk/../cpanel/ea-php84/root/var/lib/php HTTP/1.1" 200 1799 "-" "Mozilla/5.0 AppleWebKit/537.36 (KHTML, like Gecko; compatible; Amazonbot/0.1; +https://developer.amazon.com/support/amazonbot) Chrome/119.0.6045.214 Safari/537.36"
44.210.204.255 - - [08/Dec/2025:07:44:32 +0000] "GET /87650/?path=/home/../opt/./plesk/../plesk/../plesk/../alt/php80/./var/lib/./php HTTP/1.1" 200 1809 "-" "Mozilla/5.0 AppleWebKit/537.36 (KHTML, like Gecko; compatible; Amazonbot/0.1; +https://developer.amazon.com/support/amazonbot) Chrome/119.0.6045.214 Safari/537.36"
44.194.139.149 - - [08/Dec/2025:07:44:37 +0000] "GET /87650/?path=/home/../opt/plesk/../plesk/../plesk/../cpanel/./ea-php83/root/usr/bin/php HTTP/1.1" 200 2514224 "-" "Mozilla/5.0 AppleWebKit/537.36 (KHTML, like Gecko; compatible; Amazonbot/0.1; +https://developer.amazon.com/support/amazonbot) Chrome/119.0.6045.214 Safari/537.36"
74.7.241.38 - - [08/Dec/2025:07:43:13 +0000] "GET /87650/?path=/home/../proc/sys/net/././../user/./../.././net/.././root/lib/.build-id/ad/.././ad/./../da/./../3b/../cc/.././ed/../ec/../../tuned/accelerator-performance/../../../etc/cl.php.d/alt-php53/../../cl.nodejs/.././../man/ru/man3/../../id/../man4/../man6/../man2x/../man7x/./../nl/../man3p/../man9/../man5/../../aclocal-1.16/././../terminfo/./x/../../man/es/.././uk/.././sk/../man3x/../../zsh/../i18n/./../vim/../man/tr/../man0p/./../man1p/../man8x/../../file/../cracklib/../locale/na/../pis/../l10n/./../lah/../nym/../mi/../sas/../kl/../en@quot/LC_MESSAGES/../../aa/LC_MESSAGES/./../../haw/../../xml/../xml/../libgpg-error/../info/../bash-completion/././../../lib64/python2.7/../python3.6/html/../encodings/../urllib/../test/support/../support/./../../test/./support/../../../liblber.so HTTP/2" 200 25744 "-" "Mozilla/5.0 AppleWebKit/537.36 (KHTML, like Gecko; compatible; GPTBot/1.3; +https://openai.com/gptbot)"
74.7.241.38 - - [08/Dec/2025:07:43:13 +0000] "GET /87650/?path=/home/../proc/sys/net/././../user/./../.././net/.././root/lib/.build-id/ad/.././ad/./../da/./../3b/../cc/.././ed/../ec/../../tuned/accelerator-performance/../../../etc/cl.php.d/alt-php53/../../cl.nodejs/.././../man/ru/man3/../../id/../man4/../man6/../man2x/../man7x/./../nl/../man3p/../man9/../man5/../../aclocal-1.16/././../terminfo/./x/../../man/es/.././uk/.././sk/../man3x/../../zsh/../i18n/./../vim/../man/tr/../man0p/./../man1p/../man8x/../../file/../cracklib/../locale/na/../pis/../l10n/./../lah/../nym/../mi/../sas/../kl/../en@quot/LC_MESSAGES/../../aa/LC_MESSAGES/./../../haw/../../xml/../xml/../libgpg-error/../info/../bash-completion/././../../lib64/python2.7/../python3.6/html/../encodings/../urllib/../test/support/../support/./../../test/./support/../../../libBrokenLocale.so HTTP/2" 200 4597 "-" "Mozilla/5.0 AppleWebKit/537.36 (KHTML, like Gecko; compatible; GPTBot/1.3; +https://openai.com/gptbot)"
44.220.2.97 - - [08/Dec/2025:07:43:43 +0000] "GET /87650/?path=/home/../lib64/nagios/../../opt/plesk/../alt/php82/././usr/include/php/ext/standard HTTP/1.1" 200 4104 "-" "Mozilla/5.0 AppleWebKit/537.36 (KHTML, like Gecko; compatible; Amazonbot/0.1; +https://developer.amazon.com/support/amazonbot) Chrome/119.0.6045.214 Safari/537.36"
34.194.233.48 - - [08/Dec/2025:07:43:48 +0000] "GET /87650/?path=/home/../lib64/nagios/../../opt/plesk/../alt/php55/./usr/include/php/main/php_ticks.h HTTP/1.1" 200 1791 "-" "Mozilla/5.0 AppleWebKit/537.36 (KHTML, like Gecko; compatible; Amazonbot/0.1; +https://developer.amazon.com/support/amazonbot) Chrome/119.0.6045.214 Safari/537.36"
44.205.192.249 - - [08/Dec/2025:07:43:59 +0000] "GET /b49af/?path=/home/../opt/plesk/../plesk/../plesk/../alt/php44/usr/include/php/./ext/standard/php_type.h HTTP/1.1" 200 1789 "-" "Mozilla/5.0 AppleWebKit/537.36 (KHTML, like Gecko; compatible; Amazonbot/0.1; +https://developer.amazon.com/support/amazonbot) Chrome/119.0.6045.214 Safari/537.36"
3.224.104.67 - - [08/Dec/2025:07:44:08 +0000] "GET /b49af/?path=/home/../opt/plesk/../plesk/../plesk/../alt/php83/./usr/include/./php/ext/standard/php_mail.h HTTP/1.1" 200 2081 "-" "Mozilla/5.0 AppleWebKit/537.36 (KHTML, like Gecko; compatible; Amazonbot/0.1; +https://developer.amazon.com/support/amazonbot) Chrome/119.0.6045.214 Safari/537.36"
54.225.148.123 - - [08/Dec/2025:07:44:19 +0000] "GET /b49af/?path=/home/../opt/plesk/../plesk/../../proc/./self/./root/opt/plesk/php/5.6/. HTTP/1.1" 200 1821 "-" "Mozilla/5.0 AppleWebKit/537.36 (KHTML, like Gecko; compatible; Amazonbot/0.1; +https://developer.amazon.com/support/amazonbot) Chrome/119.0.6045.214 Safari/537.36"
98.80.130.239 - - [08/Dec/2025:07:44:40 +0000] "GET /87650/?path=/home/../lib64/nagios/../../opt/plesk/../alt/php82/usr/include/php/ext/./standard/php_incomplete_class.h HTTP/1.1" 200 2107 "-" "Mozilla/5.0 AppleWebKit/537.36 (KHTML, like Gecko; compatible; Amazonbot/0.1; +https://developer.amazon.com/support/amazonbot) Chrome/119.0.6045.214 Safari/537.36"
74.7.243.192 - - [08/Dec/2025:07:44:22 +0000] "GET /87650/?path=/home/./../lib/modprobe.d/.././../../run/../proc/../var/.cagefs/../run/.././proc/net/../../.././dev/./././../lib/modprobe.d/../firmware/aeonsemi/../libertas/../slicoss/../ti-keystone/../.././fontconfig/./../kdump/../kernel/./../././node_modules/npm/node_modules/hosted-git-info/../pseudomap/../clone/../pump/./../chownr/../end-of-stream/../colors/../has/../read-package-json/../is-redirect/../jsbn/../uri-js/../once/../sha/../jsbn/../pseudomap/../function-bind/../which/../core-util-is/../gentle-fs/../y18n/../get-caller-file/../update-notifier/../ssri/../lazy-property/../psl/../make-dir/../ms/./../node-gyp/../npm-audit-report/../libnpmhook/../npm-bundled/../libnpmsearch/./../decode-uri-component/../byte-size/../gentle-fs/../ecc-jsbn/../form-data/.././rc/../colors/./.././strip-json-comments/../node-gyp/lib/../../unique-filename/../json-stringify-safe/../through2/node_modules/readable-stream/./../../../read-package-json/./../y18n/../../man/de/../pt/./. HTTP/2" 200 2936 "-" "Mozilla/5.0 AppleWebKit/537.36 (KHTML, like Gecko; compatible; GPTBot/1.3; +https://openai.com/gptbot)"
109.123.251.96 - - [08/Dec/2025:07:44:23 +0000] "GET /b49af/?path=/home/../home2/../opt HTTP/1.1" 200 1760 "-" "Mozilla/5.0 (compatible; MJ12bot/v1.4.8; http://mj12bot.com/)"
3.222.190.107 - - [08/Dec/2025:07:44:24 +0000] "GET /87650/?path=/home/../opt/plesk/../plesk/../plesk/../cpanel/ea-php84/root/var/lib/php HTTP/1.1" 200 1800 "-" "Mozilla/5.0 AppleWebKit/537.36 (KHTML, like Gecko; compatible; Amazonbot/0.1; +https://developer.amazon.com/support/amazonbot) Chrome/119.0.6045.214 Safari/537.36"
109.123.251.96 - - [08/Dec/2025:07:44:25 +0000] "GET /b49af/?path=/home/../home3/../root HTTP/1.1" 200 1183 "-" "Mozilla/5.0 (compatible; MJ12bot/v1.4.8; http://mj12bot.com/)"
109.123.251.96 - - [08/Dec/2025:07:44:26 +0000] "GET /b49af/?path=/home/../home3/../run HTTP/1.1" 200 1893 "-" "Mozilla/5.0 (compatible; MJ12bot/v1.4.8; http://mj12bot.com/)"
109.123.251.96 - - [08/Dec/2025:07:44:28 +0000] "GET /b49af/?path=/home/../home3/../sbin HTTP/1.1" 200 2859 "-" "Mozilla/5.0 (compatible; MJ12bot/v1.4.8; http://mj12bot.com/)"
109.123.251.96 - - [08/Dec/2025:07:44:29 +0000] "GET /b49af/?path=/home/../home3/../tmp HTTP/1.1" 200 3161 "-" "Mozilla/5.0 (compatible; MJ12bot/v1.4.8; http://mj12bot.com/)"
109.123.251.96 - - [08/Dec/2025:07:44:31 +0000] "GET /b49af/?path=/home/../home3/../usr HTTP/1.1" 200 1700 "-" "Mozilla/5.0 (compatible; MJ12bot/v1.4.8; http://mj12bot.com/)"
109.123.251.96 - - [08/Dec/2025:07:44:32 +0000] "GET /b49af/?path=/home/../home3/../var HTTP/1.1" 200 1729 "-" "Mozilla/5.0 (compatible; MJ12bot/v1.4.8; http://mj12bot.com/)"
109.123.251.96 - - [08/Dec/2025:07:44:34 +0000] "GET /b49af/?path=/home/../home3/./. HTTP/1.1" 200 1406 "-" "Mozilla/5.0 (compatible; MJ12bot/v1.4.8; http://mj12bot.com/)"
109.123.251.96 - - [08/Dec/2025:07:44:35 +0000] "GET /b49af/?path=/home/../home3/./.. HTTP/1.1" 200 1823 "-" "Mozilla/5.0 (compatible; MJ12bot/v1.4.8; http://mj12bot.com/)"
109.123.251.96 - - [08/Dec/2025:07:44:37 +0000] "GET /b49af/?path=/home/../home4/../. HTTP/1.1" 200 1775 "-" "Mozilla/5.0 (compatible; MJ12bot/v1.4.8; http://mj12bot.com/)"
109.123.251.96 - - [08/Dec/2025:07:44:39 +0000] "GET /b49af/?path=/home/../home4/../.. HTTP/1.1" 200 1784 "-" "Mozilla/5.0 (compatible; MJ12bot/v1.4.8; http://mj12bot.com/)"
109.123.251.96 - - [08/Dec/2025:07:44:40 +0000] "GET /b49af/?path=/home/../home4/../bin HTTP/1.1" 200 12899 "-" "Mozilla/5.0 (compatible; MJ12bot/v1.4.8; http://mj12bot.com/)"
109.123.251.96 - - [08/Dec/2025:07:44:42 +0000] "GET /b49af/?path=/home/../home4/../dev HTTP/1.1" 200 1808 "-" "Mozilla/5.0 (compatible; MJ12bot/v1.4.8; http://mj12bot.com/)"
109.123.251.96 - - [08/Dec/2025:07:44:43 +0000] "GET /b49af/?path=/home/../home4/../etc HTTP/1.1" 200 3535 "-" "Mozilla/5.0 (compatible; MJ12bot/v1.4.8; http://mj12bot.com/)"
54.84.250.51 - - [08/Dec/2025:07:44:44 +0000] "GET /b49af/?path=/home/../opt/plesk/../plesk/../plesk/../alt/././php84/./var/lib/php HTTP/1.1" 200 1806 "-" "Mozilla/5.0 AppleWebKit/537.36 (KHTML, like Gecko; compatible; Amazonbot/0.1; +https://developer.amazon.com/support/amazonbot) Chrome/119.0.6045.214 Safari/537.36"
109.123.251.96 - - [08/Dec/2025:07:44:45 +0000] "GET /b49af/?path=/home/../home4/../home HTTP/1.1" 200 1444 "-" "Mozilla/5.0 (compatible; MJ12bot/v1.4.8; http://mj12bot.com/)"
